{"id":199,"date":"2017-01-12T20:35:48","date_gmt":"2017-01-12T20:35:48","guid":{"rendered":"http:\/\/www.comisionporlamemoria.org\/archivo-nuevo\/?page_id=199"},"modified":"2024-07-18T17:15:24","modified_gmt":"2024-07-18T17:15:24","slug":"aportes-a-la-justicia","status":"publish","type":"page","link":"https:\/\/www.comisionporlamemoria.org\/archivo\/aportes-a-la-justicia\/","title":{"rendered":"Justicia por delitos de lesa humanidad"},"content":{"rendered":"<p>[et_pb_section fb_built=\u00bb1&#8243; _builder_version=\u00bb4.21.0&#8243; background_enable_color=\u00bboff\u00bb background_image=\u00bbhttps:\/\/www.comisionporlamemoria.org\/archivo\/wp-content\/uploads\/sites\/17\/2017\/05\/bg-cabeceras.jpg\u00bb custom_padding=\u00bb0px||0px|\u00bb global_colors_info=\u00bb{}\u00bb][et_pb_row _builder_version=\u00bb4.16&#8243; background_size=\u00bbinitial\u00bb background_position=\u00bbtop_left\u00bb background_repeat=\u00bbrepeat\u00bb custom_padding=\u00bb27px|0px|0px|0px\u00bb global_colors_info=\u00bb{}\u00bb][et_pb_column type=\u00bb4_4&#8243; _builder_version=\u00bb4.16&#8243; custom_padding=\u00bb|||\u00bb global_colors_info=\u00bb{}\u00bb custom_padding__hover=\u00bb|||\u00bb][et_pb_post_title meta=\u00bboff\u00bb featured_image=\u00bboff\u00bb _builder_version=\u00bb4.16&#8243; title_text_color=\u00bb#ffffff\u00bb title_font_size=\u00bb40&#8243; background_color=\u00bb#424242&#8243; width=\u00bb88.2%\u00bb custom_margin=\u00bb80px||10px|\u00bb custom_padding=\u00bb13px|10px||15px\u00bb module_bg_color=\u00bb#424242&#8243; global_colors_info=\u00bb{}\u00bb]<\/p>\n<p>&nbsp;<\/p>\n<p>[\/et_pb_post_title][\/et_pb_column][\/et_pb_row][\/et_pb_section][et_pb_section fb_built=\u00bb1&#8243; _builder_version=\u00bb4.16&#8243; custom_padding=\u00bb40px|0px|0px|0px\u00bb global_colors_info=\u00bb{}\u00bb][et_pb_row _builder_version=\u00bb4.16&#8243; background_size=\u00bbinitial\u00bb background_position=\u00bbtop_left\u00bb background_repeat=\u00bbrepeat\u00bb custom_padding=\u00bb0px|0px|0px|0px\u00bb global_colors_info=\u00bb{}\u00bb][et_pb_column type=\u00bb4_4&#8243; _builder_version=\u00bb4.16&#8243; custom_padding=\u00bb|||\u00bb global_colors_info=\u00bb{}\u00bb custom_padding__hover=\u00bb|||\u00bb][et_pb_text _builder_version=\u00bb4.19.3&#8243; background_size=\u00bbinitial\u00bb background_position=\u00bbtop_left\u00bb background_repeat=\u00bbrepeat\u00bb text_orientation=\u00bbjustified\u00bb custom_margin=\u00bb0px|10%|0px|10%\u00bb custom_padding=\u00bb0px||0px|\u00bb global_colors_info=\u00bb{}\u00bb]<\/p>\n<p>El programa <strong>Justicia por delitos de lesa humanidad<\/strong> desarrolla investigaciones a partir del peritaje realizado sobre la documentaci\u00f3n perteneciente a los fondos documentales de la ex DIPPBA, Prefectura Naval Argentina Zona Atl\u00e1ntico Norte y Unidades Penitenciarias. Los informes producidos junto con la documentaci\u00f3n probatoria, son remitidos a las distintas causas judiciales radicadas en juzgados federales, tribunales orales y en las investigaciones realizados por las fiscal\u00edas federales de todo el pa\u00eds.<\/p>\n<p>Durante la \u00faltima dictadura c\u00edvico-militar, la ex DIPPBA desarroll\u00f3 una actividad represiva conjunta con otras fuerzas de seguridad y de inteligencia, como el Batall\u00f3n de Inteligencia 601, la ex SIDE, el Servicio de Inteligencia de la Fuerza A\u00e9rea (SIFA) o el Servicio de Inteligencia Naval (SIN), entre otros. Estas agencias conformaron la denominada \u00abcomunidad informativa\u00bb.\u00a0 Su archivo, junto a los otros fondos documentales que alberga el <strong>Centro de documentaci\u00f3n y Archivo de la CPM, <\/strong>son fuente para el esclarecimiento de los hechos, y permite a jueces, fiscales y querellantes reconstruir acontecimientos y dar fundamento a los procesamientos, elevaciones a juicio y sentencias, a partir de la documentaci\u00f3n producida por los propios perpetradores. Asimismo, los legajos desclasificados de la ex DIPPBA permiten identificar el rol de los imputados y colaborar en la investigaci\u00f3n sobre el funcionamiento de los circuitos represivos que actuaron en la provincia de Buenos Aires o en otros lugares del pa\u00eds.<\/p>\n<p>[\/et_pb_text][\/et_pb_column][\/et_pb_row][\/et_pb_section][et_pb_section fb_built=\u00bb1&#8243; _builder_version=\u00bb4.16&#8243; custom_padding=\u00bb40px||0px|\u00bb global_colors_info=\u00bb{}\u00bb][et_pb_row _builder_version=\u00bb4.16&#8243; background_size=\u00bbinitial\u00bb background_position=\u00bbtop_left\u00bb background_repeat=\u00bbrepeat\u00bb custom_margin=\u00bb||0px|\u00bb custom_padding=\u00bb0px||0px|\u00bb global_colors_info=\u00bb{}\u00bb][et_pb_column type=\u00bb4_4&#8243; _builder_version=\u00bb4.16&#8243; custom_padding=\u00bb|||\u00bb global_colors_info=\u00bb{}\u00bb custom_padding__hover=\u00bb|||\u00bb][et_pb_image src=\u00bbhttps:\/\/www.comisionporlamemoria.org\/archivo-nuevo\/wp-content\/uploads\/sites\/17\/2017\/01\/IMAGE223-2.jpg\u00bb align_tablet=\u00bbcenter\u00bb align_phone=\u00bbcenter\u00bb align_last_edited=\u00bbon|desktop\u00bb _builder_version=\u00bb4.16&#8243; custom_margin=\u00bb0px||0px|\u00bb animation=\u00bboff\u00bb global_colors_info=\u00bb{}\u00bb][\/et_pb_image][\/et_pb_column][\/et_pb_row][\/et_pb_section][et_pb_section fb_built=\u00bb1&#8243; _builder_version=\u00bb4.16&#8243; custom_padding=\u00bb60px|0px|0px|0px\u00bb global_colors_info=\u00bb{}\u00bb][et_pb_row column_structure=\u00bb1_2,1_2&#8243; _builder_version=\u00bb4.16&#8243; background_image=\u00bbhttps:\/\/www.comisionporlamemoria.org\/archivo-nuevo\/wp-content\/uploads\/sites\/17\/2017\/05\/bg-SUBTITULOS.jpg\u00bb background_size=\u00bbinitial\u00bb background_position=\u00bbtop_left\u00bb background_repeat=\u00bbrepeat\u00bb custom_padding=\u00bb0px|0px|0px|0px\u00bb global_colors_info=\u00bb{}\u00bb][et_pb_column type=\u00bb1_2&#8243; _builder_version=\u00bb4.16&#8243; custom_padding=\u00bb|||\u00bb global_colors_info=\u00bb{}\u00bb custom_padding__hover=\u00bb|||\u00bb][et_pb_text _builder_version=\u00bb4.21.0&#8243; text_font=\u00bb|on||on|\u00bb text_text_color=\u00bb#E09900&#8243; text_font_size=\u00bb27&#8243; text_line_height=\u00bb1em\u00bb header_font=\u00bb|on||on|\u00bb header_text_color=\u00bb#ffffff\u00bb header_font_size=\u00bb35px\u00bb background_color=\u00bb#c4c4c4&#8243; background_size=\u00bbinitial\u00bb background_position=\u00bbtop_left\u00bb background_repeat=\u00bbrepeat\u00bb custom_margin=\u00bb0px||0px|\u00bb custom_padding=\u00bb10px||10px|15px\u00bb global_colors_info=\u00bb{}\u00bb]<\/p>\n<p>EL AN\u00c1LISIS PERICIAL_<\/p>\n<p>[\/et_pb_text][\/et_pb_column][et_pb_column type=\u00bb1_2&#8243; _builder_version=\u00bb4.16&#8243; custom_padding=\u00bb|||\u00bb global_colors_info=\u00bb{}\u00bb custom_padding__hover=\u00bb|||\u00bb][\/et_pb_column][\/et_pb_row][et_pb_row _builder_version=\u00bb4.16&#8243; background_size=\u00bbinitial\u00bb background_position=\u00bbtop_left\u00bb background_repeat=\u00bbrepeat\u00bb custom_padding=\u00bb28px|0px|0px|0px\u00bb global_colors_info=\u00bb{}\u00bb][et_pb_column type=\u00bb4_4&#8243; _builder_version=\u00bb4.16&#8243; custom_padding=\u00bb|||\u00bb global_colors_info=\u00bb{}\u00bb custom_padding__hover=\u00bb|||\u00bb][et_pb_text _builder_version=\u00bb4.19.0&#8243; background_size=\u00bbinitial\u00bb background_position=\u00bbtop_left\u00bb background_repeat=\u00bbrepeat\u00bb text_orientation=\u00bbjustified\u00bb custom_margin=\u00bb0px|10%|40px|10%\u00bb custom_padding=\u00bb0px||0px|\u00bb global_colors_info=\u00bb{}\u00bb]<\/p>\n<p>Los tipos documentales analizados incluyen <strong>fichas personales<\/strong> y<strong> legajos<\/strong> que constituyen dos grandes bloques de informaci\u00f3n:<\/p>\n<ul>\n<li>La elaborada por el personal de las agencias de inteligencia.<\/li>\n<li>La expropiada a las v\u00edctimas.<\/li>\n<\/ul>\n<p>De los documentos que integran el fondo de la DIPPBA los m\u00e1s usuales son:<\/p>\n<ul>\n<li>Fichas personales, de eventos o de instituciones.<\/li>\n<li>\u00d3rdenes de capturas emitidas por los mandos de las Fuerzas Armadas y de Seguridad.<\/li>\n<li>Espionaje y persecuci\u00f3n sobre activistas pol\u00edticos, sociales y gremiales, as\u00ed como tambi\u00e9n sobre sus organizaciones.<\/li>\n<li>Informes elaborados por distintos organismos de inteligencia y compartidos entre los miembros de la \u201ccomunidad informativa\u201d<\/li>\n<li>Los denominados \u201cantecedentes pol\u00edticos-ideol\u00f3gicos\u201d producidos por las fuerzas represivas.<\/li>\n<li>Hallazgo de cad\u00e1veres NN.<\/li>\n<li>Recursos de h\u00e1beas corpus y solicitudes de paradero producidas por las fuerzas armadas y de seguridad.<\/li>\n<li>Denuncias de secuestros.<\/li>\n<\/ul>\n<p>El material se aporta a los tribunales acompa\u00f1ado de informes que interpretan y contextualizan los documentos. Esto permite reconstruir, en algunos casos, el rompecabezas de los hechos ocultados por el Estado y probar sus cr\u00edmenes.<\/p>\n<p>[\/et_pb_text][\/et_pb_column][\/et_pb_row][\/et_pb_section][et_pb_section fb_built=\u00bb1&#8243; _builder_version=\u00bb4.16&#8243; custom_padding=\u00bb0px||0px|\u00bb global_colors_info=\u00bb{}\u00bb][et_pb_row _builder_version=\u00bb4.16&#8243; background_size=\u00bbinitial\u00bb background_position=\u00bbtop_left\u00bb background_repeat=\u00bbrepeat\u00bb custom_padding=\u00bb0px||0px|\u00bb global_colors_info=\u00bb{}\u00bb][et_pb_column type=\u00bb4_4&#8243; _builder_version=\u00bb4.16&#8243; custom_padding=\u00bb|||\u00bb global_colors_info=\u00bb{}\u00bb custom_padding__hover=\u00bb|||\u00bb][et_pb_image src=\u00bbhttps:\/\/www.comisionporlamemoria.org\/archivo-nuevo\/wp-content\/uploads\/sites\/17\/2017\/02\/separador4.png\u00bb align_tablet=\u00bbcenter\u00bb align_phone=\u00bbcenter\u00bb align_last_edited=\u00bbon|desktop\u00bb _builder_version=\u00bb4.16&#8243; custom_margin=\u00bb0px||0px|\u00bb custom_css_main_element=\u00bbheight: 15px !important;\u00bb animation=\u00bboff\u00bb global_colors_info=\u00bb{}\u00bb][\/et_pb_image][\/et_pb_column][\/et_pb_row][\/et_pb_section]<\/p>\n","protected":false},"excerpt":{"rendered":"<p>&nbsp; El programa Justicia por delitos de lesa humanidad desarrolla investigaciones a partir del peritaje realizado sobre la documentaci\u00f3n perteneciente a los fondos documentales de la ex DIPPBA, Prefectura Naval Argentina Zona Atl\u00e1ntico Norte y Unidades Penitenciarias. Los informes producidos junto con la documentaci\u00f3n probatoria, son remitidos a las distintas causas judiciales radicadas en juzgados [&hellip;]<\/p>\n","protected":false},"author":8,"featured_media":0,"parent":0,"menu_order":0,"comment_status":"closed","ping_status":"closed","template":"","meta":{"_et_pb_use_builder":"on","_et_pb_old_content":"","_et_gb_content_width":"","jetpack_post_was_ever_published":false,"footnotes":""},"class_list":["post-199","page","type-page","status-publish","hentry"],"jetpack_sharing_enabled":true,"jetpack_shortlink":"https:\/\/wp.me\/P8gJxM-3d","_links":{"self":[{"href":"https:\/\/www.comisionporlamemoria.org\/archivo\/wp-json\/wp\/v2\/pages\/199","targetHints":{"allow":["GET"]}}],"collection":[{"href":"https:\/\/www.comisionporlamemoria.org\/archivo\/wp-json\/wp\/v2\/pages"}],"about":[{"href":"https:\/\/www.comisionporlamemoria.org\/archivo\/wp-json\/wp\/v2\/types\/page"}],"author":[{"embeddable":true,"href":"https:\/\/www.comisionporlamemoria.org\/archivo\/wp-json\/wp\/v2\/users\/8"}],"replies":[{"embeddable":true,"href":"https:\/\/www.comisionporlamemoria.org\/archivo\/wp-json\/wp\/v2\/comments?post=199"}],"version-history":[{"count":0,"href":"https:\/\/www.comisionporlamemoria.org\/archivo\/wp-json\/wp\/v2\/pages\/199\/revisions"}],"wp:attachment":[{"href":"https:\/\/www.comisionporlamemoria.org\/archivo\/wp-json\/wp\/v2\/media?parent=199"}],"curies":[{"name":"wp","href":"https:\/\/api.w.org\/{rel}","templated":true}]}}