{"id":2689,"date":"2021-05-05T10:30:25","date_gmt":"2021-05-05T10:30:25","guid":{"rendered":"https:\/\/www.comisionporlamemoria.org\/datosabiertos\/?page_id=2689"},"modified":"2026-03-11T11:54:16","modified_gmt":"2026-03-11T14:54:16","slug":"bases","status":"publish","type":"page","link":"https:\/\/www.comisionporlamemoria.org\/datosabiertos\/bases\/","title":{"rendered":"Bases"},"content":{"rendered":"<div class=\"fusion-fullwidth fullwidth-box fusion-builder-row-1 fusion-flex-container nonhundred-percent-fullwidth non-hundred-percent-height-scrolling\" style=\"--awb-border-radius-top-left:0px;--awb-border-radius-top-right:0px;--awb-border-radius-bottom-right:0px;--awb-border-radius-bottom-left:0px;--awb-flex-wrap:wrap;\" ><div class=\"fusion-builder-row fusion-row fusion-flex-align-items-flex-start fusion-flex-content-wrap\" style=\"max-width:1248px;margin-left: calc(-4% \/ 2 );margin-right: calc(-4% \/ 2 );\"><div class=\"fusion-layout-column fusion_builder_column fusion-builder-column-0 fusion_builder_column_1_6 1_6 fusion-flex-column\" style=\"--awb-bg-size:cover;--awb-width-large:16.666666666667%;--awb-margin-top-large:0px;--awb-spacing-right-large:11.52%;--awb-margin-bottom-large:20px;--awb-spacing-left-large:11.52%;--awb-width-medium:16.666666666667%;--awb-order-medium:0;--awb-spacing-right-medium:11.52%;--awb-spacing-left-medium:11.52%;--awb-width-small:100%;--awb-order-small:0;--awb-spacing-right-small:1.92%;--awb-spacing-left-small:1.92%;\"><div class=\"fusion-column-wrapper fusion-column-has-shadow fusion-flex-justify-content-flex-start fusion-content-layout-column\"><\/div><\/div><div class=\"fusion-layout-column fusion_builder_column fusion-builder-column-1 fusion_builder_column_2_3 2_3 fusion-flex-column\" style=\"--awb-bg-size:cover;--awb-width-large:66.666666666667%;--awb-margin-top-large:0px;--awb-spacing-right-large:2.88%;--awb-margin-bottom-large:20px;--awb-spacing-left-large:2.88%;--awb-width-medium:66.666666666667%;--awb-order-medium:0;--awb-spacing-right-medium:2.88%;--awb-spacing-left-medium:2.88%;--awb-width-small:100%;--awb-order-small:0;--awb-spacing-right-small:1.92%;--awb-spacing-left-small:1.92%;\"><div class=\"fusion-column-wrapper fusion-column-has-shadow fusion-flex-justify-content-flex-start fusion-content-layout-column\"><div class=\"fusion-text fusion-text-1\"><p style=\"text-align: justify; font-size: 15px; line-height: 22.5px; letter-spacing: normal;\" data-fusion-font=\"true\">La <a href=\"http:\/\/servicios.infoleg.gob.ar\/infolegInternet\/anexos\/265000-269999\/265949\/norma.htm\" target=\"_blank\" rel=\"noopener noreferrer\">ley nacional 27.275<\/a> de derecho de acceso a la informaci\u00f3n p\u00fablica se funda \u2014entre otros\u2014 en los siguientes principios:<\/p>\n<ul>\n<li style=\"text-align: justify;\"><span style=\"font-size: 15px;\" data-fusion-font=\"true\"><b>M\u00e1ximo acceso:<\/b> la informaci\u00f3n debe publicarse de forma completa, con el mayor nivel de desagregaci\u00f3n posible y por la mayor cantidad de medios disponibles. <\/span><\/li>\n<\/ul>\n<ul>\n<li style=\"text-align: justify;\"><span style=\"font-size: 15px;\" data-fusion-font=\"true\"><b>Apertura: <\/b>la informaci\u00f3n debe ser accesible en formatos electr\u00f3nicos abiertos, que faciliten su procesamiento por medios autom\u00e1ticos que permitan su reutilizaci\u00f3n o su redistribuci\u00f3n por parte de terceros.<\/span><\/li>\n<\/ul>\n<p style=\"text-align: justify; font-size: 15px; line-height: 22.5px; letter-spacing: normal;\" data-fusion-font=\"true\">Cumpliendo con estos principios, la CPM pone a disposici\u00f3n las bases de datos propias para su descarga y reutilizaci\u00f3n.<\/p>\n<p style=\"text-align: justify; font-size: 15px; line-height: 22.5px; letter-spacing: normal;\" data-fusion-font=\"true\">\n<\/div><div class=\"fusion-text fusion-text-2\" style=\"--awb-font-size:15px;\"><p><strong><a href=\"https:\/\/www.comisionporlamemoria.org\/archivos\/cct\/pai\/bases\/Base-RNCT-penitenciaria-2025.xls\"><mark class=\"fusion-highlight custom-textcolor highlight1 awb-highlight-background\" style=\"--awb-text-color:#ffffff;\">Base RNCT Penitenciaria 2025<\/mark><\/a> &#8211; <\/strong>Actualizada 10\/03\/2026<\/p>\n<p><strong><a href=\"https:\/\/www.comisionporlamemoria.org\/archivos\/cct\/pai\/bases\/Base-RNCT-penitenciaria-2024.xls\"><mark class=\"fusion-highlight custom-textcolor highlight1 awb-highlight-background\" style=\"--awb-text-color:#ffffff;\">Base RNCT Penitenciaria 2024<\/mark><\/a> &#8211; <\/strong>Actualizada 05\/03\/2025<\/p>\n<p><strong><a href=\"https:\/\/www.comisionporlamemoria.org\/archivos\/cct\/pai\/bases\/Base-RNCT-penitenciaria-2023.xls\"><mark class=\"fusion-highlight custom-textcolor highlight1 awb-highlight-background\" style=\"--awb-text-color:#ffffff;\">Base RNCT Penitenciaria 2023<\/mark><\/a> &#8211; <\/strong>Actualizada 22\/03\/2024<\/p>\n<p><strong><a href=\"https:\/\/www.comisionporlamemoria.org\/archivos\/cct\/pai\/bases\/Base-RNCT-penitenciaria-2022.xls\"><mark class=\"fusion-highlight custom-textcolor highlight1 awb-highlight-background\" style=\"--awb-text-color:#ffffff;\">Base RNCT Penitenciaria 2022<\/mark><\/a> &#8211; <\/strong>Actualizada 22\/02\/2023<\/p>\n<p style=\"text-align: left;\"><strong><a href=\"https:\/\/www.comisionporlamemoria.org\/archivos\/cct\/pai\/bases\/Base-RNCT-penitenciaria-2021.xls\"><mark class=\"fusion-highlight custom-textcolor highlight1 awb-highlight-background\" style=\"--awb-text-color:#ffffff;\">Base RNCT Penitenciaria 2021<\/mark><\/a> &#8211; <\/strong>Actualizada 16\/03\/2022<\/p>\n<p style=\"text-align: left;\"><strong><a href=\"https:\/\/www.comisionporlamemoria.org\/archivos\/cct\/pai\/bases\/Base-RNCT-penitenciaria-2020.xls\"><mark class=\"fusion-highlight custom-textcolor highlight1 awb-highlight-background\" style=\"--awb-text-color:#ffffff;\">Base RNCT Penitenciaria 2020<\/mark><\/a> &#8211; <\/strong>Actualizada 01\/10\/2021<\/p>\n<p style=\"text-align: left;\"><strong><a href=\"https:\/\/www.comisionporlamemoria.org\/archivos\/cct\/pai\/bases\/Base-RNCT-penitenciaria-2019.xls\"><mark class=\"fusion-highlight custom-textcolor highlight1 awb-highlight-background\" style=\"--awb-text-color:#ffffff;\">Base RNCT Penitenciaria 2019<\/mark><\/a> &#8211; <\/strong>Actualizada 01\/10\/2021<\/p>\n<p style=\"text-align: left;\"><strong><a href=\"https:\/\/www.comisionporlamemoria.org\/archivos\/cct\/pai\/bases\/Base-RNCT-penitenciaria-2018.xls\"><mark class=\"fusion-highlight custom-textcolor highlight1 awb-highlight-background\" style=\"--awb-text-color:#ffffff;\">Base RNCT Penitenciaria 2018<\/mark><\/a>&#8211; <\/strong>Actualizada 01\/10\/2021<\/p>\n<p style=\"text-align: left;\"><strong><a href=\"https:\/\/www.comisionporlamemoria.org\/archivos\/cct\/pai\/bases\/Base-RNCT-penitenciaria-2017.xls\"><mark class=\"fusion-highlight custom-textcolor highlight1 awb-highlight-background\" style=\"--awb-text-color:#ffffff;\">Base RNCT Penitenciaria 2017<\/mark><\/a> &#8211; <\/strong>Actualizada 01\/10\/2021<\/p>\n<p style=\"text-align: left;\"><strong><a href=\"https:\/\/www.comisionporlamemoria.org\/archivos\/cct\/pai\/bases\/Base-RNCT-penitenciaria-2016.xls\"><mark class=\"fusion-highlight custom-textcolor highlight1 awb-highlight-background\" style=\"--awb-text-color:#ffffff;\">Base RNCT Penitenciaria 2016<\/mark><\/a> &#8211; <\/strong>Actualizada 01\/10\/2021<\/p>\n<p style=\"text-align: left;\"><strong><a href=\"https:\/\/www.comisionporlamemoria.org\/archivos\/cct\/pai\/bases\/Base-RNCT-penitenciaria-2015.xls\"><mark class=\"fusion-highlight custom-textcolor highlight1 awb-highlight-background\" style=\"--awb-text-color:#ffffff;\">Base RNCT Penitenciaria 2015<\/mark><\/a> &#8211; <\/strong>Actualizada 01\/10\/2021<\/p>\n<p style=\"text-align: left;\"><strong><a href=\"https:\/\/www.comisionporlamemoria.org\/archivos\/cct\/pai\/bases\/Base-RNCT-penitenciaria-2014.xls\"><mark class=\"fusion-highlight custom-textcolor highlight1 awb-highlight-background\" style=\"--awb-text-color:#ffffff;\">Base RNCT Penitenciaria 2014<\/mark> <\/a>&#8211; <\/strong>Actualizada 01\/10\/2021<\/p>\n<p style=\"text-align: left;\"><strong><a href=\"https:\/\/www.comisionporlamemoria.org\/archivos\/cct\/pai\/bases\/Base-RNCT-penitenciaria-2013.xls\"><mark class=\"fusion-highlight custom-textcolor highlight1 awb-highlight-background\" style=\"--awb-text-color:#ffffff;\">Base RNCT Penitenciaria 2013<\/mark><\/a> &#8211;<\/strong> Actualizada 01\/10\/2021<\/p>\n<p style=\"text-align: left;\"><strong><a href=\"https:\/\/www.comisionporlamemoria.org\/archivos\/cct\/pai\/bases\/Base-RNCT-penitenciaria-2012.xls\"><mark class=\"fusion-highlight custom-textcolor highlight1 awb-highlight-background\" style=\"--awb-text-color:#ffffff;\">Base RNCT Penitenciaria 2012<\/mark><\/a>\u00a0&#8211; <\/strong>Actualizada 01\/10\/2021<\/p>\n<p style=\"text-align: left;\"><strong><a href=\"https:\/\/www.comisionporlamemoria.org\/archivos\/cct\/pai\/bases\/Base-RNCT-penitenciaria-2011.xls\"><mark class=\"fusion-highlight custom-textcolor highlight1 awb-highlight-background\" style=\"--awb-text-color:#ffffff;\">Base RNCT Penitenciaria 2011<\/mark><\/a> &#8211; <\/strong>Actualizada 01\/10\/2021<\/p>\n<p style=\"text-align: left;\"><strong><a href=\"https:\/\/www.comisionporlamemoria.org\/archivos\/cct\/pai\/bases\/Base-muertes-uso-fuerza-policial-2016-2024-Actualizada-15.04.25.xls\"><mark class=\"fusion-highlight custom-textcolor highlight1 awb-highlight-background\" style=\"--awb-text-color:#ffffff;\">Base Registro de muertes producidas por el uso de la fuerza policial 2016-2024<\/mark><\/a> &#8211; <\/strong>Actualizada 15\/04\/2025<\/p>\n<p style=\"text-align: left;\"><strong><a href=\"https:\/\/www.comisionporlamemoria.org\/archivos\/cct\/pai\/bases\/Base-muertes-c\u00e1rceles-2016-2024.-Actualizada-07.05.25.xlsx\"><mark class=\"fusion-highlight custom-textcolor highlight1 awb-highlight-background\" style=\"--awb-text-color:#ffffff;\">Base Registro de muertes en c\u00e1rceles y alcald\u00edas 2016-2024<\/mark><\/a> &#8211; <\/strong>Actualizada 07\/05\/2025<\/p>\n<p style=\"text-align: left;\"><strong><a href=\"https:\/\/www.comisionporlamemoria.org\/archivos\/cct\/pai\/bases\/Base-muertes-en-comisar\u00edas-2012-2024.Actualizada-07.05.25.xlsx\"><mark class=\"fusion-highlight custom-textcolor highlight1 awb-highlight-background\" style=\"--awb-text-color:#ffffff;\">Base Registro de muertes en comisar\u00edas 2012-2024<\/mark><\/a> &#8211; <\/strong>Actualizada 07\/05\/2025<\/p>\n<p style=\"text-align: left;\"><strong><a href=\"https:\/\/www.comisionporlamemoria.org\/archivos\/cct\/pai\/bases\/Base-muertes-salud-mental-2016-2023.-Actualizada-15.04.2025.xlsx\"><mark class=\"fusion-highlight custom-textcolor highlight1 awb-highlight-background\" style=\"--awb-text-color:#ffffff;\">Base Registro de muertes producidas en el marco de internaciones por salud mental 2016-2023<\/mark><\/a>\u00a0&#8211; <\/strong>Actualizada 15\/04\/2025<\/p>\n<\/div><\/div><\/div><div class=\"fusion-layout-column fusion_builder_column fusion-builder-column-2 fusion_builder_column_1_6 1_6 fusion-flex-column\" style=\"--awb-bg-size:cover;--awb-width-large:16.666666666667%;--awb-margin-top-large:0px;--awb-spacing-right-large:11.52%;--awb-margin-bottom-large:20px;--awb-spacing-left-large:11.52%;--awb-width-medium:16.666666666667%;--awb-order-medium:0;--awb-spacing-right-medium:11.52%;--awb-spacing-left-medium:11.52%;--awb-width-small:100%;--awb-order-small:0;--awb-spacing-right-small:1.92%;--awb-spacing-left-small:1.92%;\"><div class=\"fusion-column-wrapper fusion-column-has-shadow fusion-flex-justify-content-flex-start fusion-content-layout-column\"><\/div><\/div><\/div><\/div>\n","protected":false},"excerpt":{"rendered":"","protected":false},"author":32,"featured_media":0,"parent":0,"menu_order":0,"comment_status":"closed","ping_status":"closed","template":"","meta":{"inline_featured_image":false,"footnotes":""},"class_list":["post-2689","page","type-page","status-publish","hentry"],"_links":{"self":[{"href":"https:\/\/www.comisionporlamemoria.org\/datosabiertos\/wp-json\/wp\/v2\/pages\/2689","targetHints":{"allow":["GET"]}}],"collection":[{"href":"https:\/\/www.comisionporlamemoria.org\/datosabiertos\/wp-json\/wp\/v2\/pages"}],"about":[{"href":"https:\/\/www.comisionporlamemoria.org\/datosabiertos\/wp-json\/wp\/v2\/types\/page"}],"author":[{"embeddable":true,"href":"https:\/\/www.comisionporlamemoria.org\/datosabiertos\/wp-json\/wp\/v2\/users\/32"}],"replies":[{"embeddable":true,"href":"https:\/\/www.comisionporlamemoria.org\/datosabiertos\/wp-json\/wp\/v2\/comments?post=2689"}],"version-history":[{"count":0,"href":"https:\/\/www.comisionporlamemoria.org\/datosabiertos\/wp-json\/wp\/v2\/pages\/2689\/revisions"}],"wp:attachment":[{"href":"https:\/\/www.comisionporlamemoria.org\/datosabiertos\/wp-json\/wp\/v2\/media?parent=2689"}],"curies":[{"name":"wp","href":"https:\/\/api.w.org\/{rel}","templated":true}]}}

<div class="fusion-fullwidth fullwidth-box fusion-builder-row-1 fusion-flex-container nonhundred-percent-fullwidth non-hundred-percent-height-scrolling" style="--awb-border-radius-top-left:0px;--awb-border-radius-top-right:0px;--awb-border-radius-bottom-right:0px;--awb-border-radius-bottom-left:0px;--awb-flex-wrap:wrap;" ><div class="fusion-builder-row fusion-row fusion-flex-align-items-flex-start fusion-flex-content-wrap" style="max-width:1248px;margin-left: calc(-4% / 2 );margin-right: calc(-4% / 2 );"><div class="fusion-layout-column fusion_builder_column fusion-builder-column-0 fusion_builder_column_1_6 1_6 fusion-flex-column" style="--awb-bg-size:cover;--awb-width-large:16.666666666667%;--awb-margin-top-large:0px;--awb-spacing-right-large:11.52%;--awb-margin-bottom-large:20px;--awb-spacing-left-large:11.52%;--awb-width-medium:16.666666666667%;--awb-order-medium:0;--awb-spacing-right-medium:11.52%;--awb-spacing-left-medium:11.52%;--awb-width-small:100%;--awb-order-small:0;--awb-spacing-right-small:1.92%;--awb-spacing-left-small:1.92%;"><div class="fusion-column-wrapper fusion-column-has-shadow fusion-flex-justify-content-flex-start fusion-content-layout-column"></div></div><div class="fusion-layout-column fusion_builder_column fusion-builder-column-1 fusion_builder_column_2_3 2_3 fusion-flex-column" style="--awb-bg-size:cover;--awb-width-large:66.666666666667%;--awb-margin-top-large:0px;--awb-spacing-right-large:2.88%;--awb-margin-bottom-large:20px;--awb-spacing-left-large:2.88%;--awb-width-medium:66.666666666667%;--awb-order-medium:0;--awb-spacing-right-medium:2.88%;--awb-spacing-left-medium:2.88%;--awb-width-small:100%;--awb-order-small:0;--awb-spacing-right-small:1.92%;--awb-spacing-left-small:1.92%;"><div class="fusion-column-wrapper fusion-column-has-shadow fusion-flex-justify-content-flex-start fusion-content-layout-column"><div class="fusion-text fusion-text-1"><p style="text-align: justify; font-size: 15px; line-height: 22.5px; letter-spacing: normal;" data-fusion-font="true">La <a href="http://servicios.infoleg.gob.ar/infolegInternet/anexos/265000-269999/265949/norma.htm" target="_blank" rel="noopener noreferrer">ley nacional 27.275</a> de derecho de acceso a la información pública se funda —entre otros— en los siguientes principios:</p>
<ul>
<li style="text-align: justify;"><span style="font-size: 15px;" data-fusion-font="true"><b>Máximo acceso:</b> la información debe publicarse de forma completa, con el mayor nivel de desagregación posible y por la mayor cantidad de medios disponibles. </span></li>
</ul>
<ul>
<li style="text-align: justify;"><span style="font-size: 15px;" data-fusion-font="true"><b>Apertura: </b>la información debe ser accesible en formatos electrónicos abiertos, que faciliten su procesamiento por medios automáticos que permitan su reutilización o su redistribución por parte de terceros.</span></li>
</ul>
<p style="text-align: justify; font-size: 15px; line-height: 22.5px; letter-spacing: normal;" data-fusion-font="true">Cumpliendo con estos principios, la CPM pone a disposición las bases de datos propias para su descarga y reutilización.</p>
<p style="text-align: justify; font-size: 15px; line-height: 22.5px; letter-spacing: normal;" data-fusion-font="true">
</div><div class="fusion-text fusion-text-2" style="--awb-font-size:15px;"><p><strong><a href="https://www.comisionporlamemoria.org/archivos/cct/pai/bases/Base-RNCT-penitenciaria-2025.xls"><mark class="fusion-highlight custom-textcolor highlight1 awb-highlight-background" style="--awb-text-color:#ffffff;">Base RNCT Penitenciaria 2025</mark></a> &#8211; </strong>Actualizada 10/03/2026</p>
<p><strong><a href="https://www.comisionporlamemoria.org/archivos/cct/pai/bases/Base-RNCT-penitenciaria-2024.xls"><mark class="fusion-highlight custom-textcolor highlight1 awb-highlight-background" style="--awb-text-color:#ffffff;">Base RNCT Penitenciaria 2024</mark></a> &#8211; </strong>Actualizada 05/03/2025</p>
<p><strong><a href="https://www.comisionporlamemoria.org/archivos/cct/pai/bases/Base-RNCT-penitenciaria-2023.xls"><mark class="fusion-highlight custom-textcolor highlight1 awb-highlight-background" style="--awb-text-color:#ffffff;">Base RNCT Penitenciaria 2023</mark></a> &#8211; </strong>Actualizada 22/03/2024</p>
<p><strong><a href="https://www.comisionporlamemoria.org/archivos/cct/pai/bases/Base-RNCT-penitenciaria-2022.xls"><mark class="fusion-highlight custom-textcolor highlight1 awb-highlight-background" style="--awb-text-color:#ffffff;">Base RNCT Penitenciaria 2022</mark></a> &#8211; </strong>Actualizada 22/02/2023</p>
<p style="text-align: left;"><strong><a href="https://www.comisionporlamemoria.org/archivos/cct/pai/bases/Base-RNCT-penitenciaria-2021.xls"><mark class="fusion-highlight custom-textcolor highlight1 awb-highlight-background" style="--awb-text-color:#ffffff;">Base RNCT Penitenciaria 2021</mark></a> &#8211; </strong>Actualizada 16/03/2022</p>
<p style="text-align: left;"><strong><a href="https://www.comisionporlamemoria.org/archivos/cct/pai/bases/Base-RNCT-penitenciaria-2020.xls"><mark class="fusion-highlight custom-textcolor highlight1 awb-highlight-background" style="--awb-text-color:#ffffff;">Base RNCT Penitenciaria 2020</mark></a> &#8211; </strong>Actualizada 01/10/2021</p>
<p style="text-align: left;"><strong><a href="https://www.comisionporlamemoria.org/archivos/cct/pai/bases/Base-RNCT-penitenciaria-2019.xls"><mark class="fusion-highlight custom-textcolor highlight1 awb-highlight-background" style="--awb-text-color:#ffffff;">Base RNCT Penitenciaria 2019</mark></a> &#8211; </strong>Actualizada 01/10/2021</p>
<p style="text-align: left;"><strong><a href="https://www.comisionporlamemoria.org/archivos/cct/pai/bases/Base-RNCT-penitenciaria-2018.xls"><mark class="fusion-highlight custom-textcolor highlight1 awb-highlight-background" style="--awb-text-color:#ffffff;">Base RNCT Penitenciaria 2018</mark></a>&#8211; </strong>Actualizada 01/10/2021</p>
<p style="text-align: left;"><strong><a href="https://www.comisionporlamemoria.org/archivos/cct/pai/bases/Base-RNCT-penitenciaria-2017.xls"><mark class="fusion-highlight custom-textcolor highlight1 awb-highlight-background" style="--awb-text-color:#ffffff;">Base RNCT Penitenciaria 2017</mark></a> &#8211; </strong>Actualizada 01/10/2021</p>
<p style="text-align: left;"><strong><a href="https://www.comisionporlamemoria.org/archivos/cct/pai/bases/Base-RNCT-penitenciaria-2016.xls"><mark class="fusion-highlight custom-textcolor highlight1 awb-highlight-background" style="--awb-text-color:#ffffff;">Base RNCT Penitenciaria 2016</mark></a> &#8211; </strong>Actualizada 01/10/2021</p>
<p style="text-align: left;"><strong><a href="https://www.comisionporlamemoria.org/archivos/cct/pai/bases/Base-RNCT-penitenciaria-2015.xls"><mark class="fusion-highlight custom-textcolor highlight1 awb-highlight-background" style="--awb-text-color:#ffffff;">Base RNCT Penitenciaria 2015</mark></a> &#8211; </strong>Actualizada 01/10/2021</p>
<p style="text-align: left;"><strong><a href="https://www.comisionporlamemoria.org/archivos/cct/pai/bases/Base-RNCT-penitenciaria-2014.xls"><mark class="fusion-highlight custom-textcolor highlight1 awb-highlight-background" style="--awb-text-color:#ffffff;">Base RNCT Penitenciaria 2014</mark> </a>&#8211; </strong>Actualizada 01/10/2021</p>
<p style="text-align: left;"><strong><a href="https://www.comisionporlamemoria.org/archivos/cct/pai/bases/Base-RNCT-penitenciaria-2013.xls"><mark class="fusion-highlight custom-textcolor highlight1 awb-highlight-background" style="--awb-text-color:#ffffff;">Base RNCT Penitenciaria 2013</mark></a> &#8211;</strong> Actualizada 01/10/2021</p>
<p style="text-align: left;"><strong><a href="https://www.comisionporlamemoria.org/archivos/cct/pai/bases/Base-RNCT-penitenciaria-2012.xls"><mark class="fusion-highlight custom-textcolor highlight1 awb-highlight-background" style="--awb-text-color:#ffffff;">Base RNCT Penitenciaria 2012</mark></a> &#8211; </strong>Actualizada 01/10/2021</p>
<p style="text-align: left;"><strong><a href="https://www.comisionporlamemoria.org/archivos/cct/pai/bases/Base-RNCT-penitenciaria-2011.xls"><mark class="fusion-highlight custom-textcolor highlight1 awb-highlight-background" style="--awb-text-color:#ffffff;">Base RNCT Penitenciaria 2011</mark></a> &#8211; </strong>Actualizada 01/10/2021</p>
<p style="text-align: left;"><strong><a href="https://www.comisionporlamemoria.org/archivos/cct/pai/bases/Base-muertes-uso-fuerza-policial-2016-2024-Actualizada-15.04.25.xls"><mark class="fusion-highlight custom-textcolor highlight1 awb-highlight-background" style="--awb-text-color:#ffffff;">Base Registro de muertes producidas por el uso de la fuerza policial 2016-2024</mark></a> &#8211; </strong>Actualizada 15/04/2025</p>
<p style="text-align: left;"><strong><a href="https://www.comisionporlamemoria.org/archivos/cct/pai/bases/Base-muertes-cárceles-2016-2024.-Actualizada-07.05.25.xlsx"><mark class="fusion-highlight custom-textcolor highlight1 awb-highlight-background" style="--awb-text-color:#ffffff;">Base Registro de muertes en cárceles y alcaldías 2016-2024</mark></a> &#8211; </strong>Actualizada 07/05/2025</p>
<p style="text-align: left;"><strong><a href="https://www.comisionporlamemoria.org/archivos/cct/pai/bases/Base-muertes-en-comisarías-2012-2024.Actualizada-07.05.25.xlsx"><mark class="fusion-highlight custom-textcolor highlight1 awb-highlight-background" style="--awb-text-color:#ffffff;">Base Registro de muertes en comisarías 2012-2024</mark></a> &#8211; </strong>Actualizada 07/05/2025</p>
<p style="text-align: left;"><strong><a href="https://www.comisionporlamemoria.org/archivos/cct/pai/bases/Base-muertes-salud-mental-2016-2023.-Actualizada-15.04.2025.xlsx"><mark class="fusion-highlight custom-textcolor highlight1 awb-highlight-background" style="--awb-text-color:#ffffff;">Base Registro de muertes producidas en el marco de internaciones por salud mental 2016-2023</mark></a> &#8211; </strong>Actualizada 15/04/2025</p>
</div></div></div><div class="fusion-layout-column fusion_builder_column fusion-builder-column-2 fusion_builder_column_1_6 1_6 fusion-flex-column" style="--awb-bg-size:cover;--awb-width-large:16.666666666667%;--awb-margin-top-large:0px;--awb-spacing-right-large:11.52%;--awb-margin-bottom-large:20px;--awb-spacing-left-large:11.52%;--awb-width-medium:16.666666666667%;--awb-order-medium:0;--awb-spacing-right-medium:11.52%;--awb-spacing-left-medium:11.52%;--awb-width-small:100%;--awb-order-small:0;--awb-spacing-right-small:1.92%;--awb-spacing-left-small:1.92%;"><div class="fusion-column-wrapper fusion-column-has-shadow fusion-flex-justify-content-flex-start fusion-content-layout-column"></div></div></div></div>
