{"id":3132,"date":"2021-09-10T10:06:20","date_gmt":"2021-09-10T10:06:20","guid":{"rendered":"https:\/\/www.comisionporlamemoria.org\/datosabiertos\/?page_id=3132"},"modified":"2021-09-20T20:50:24","modified_gmt":"2021-09-20T20:50:24","slug":"consolidacion-y-presentacion","status":"publish","type":"page","link":"https:\/\/www.comisionporlamemoria.org\/datosabiertos\/metodologia\/consolidacion-y-presentacion\/","title":{"rendered":"Consolidaci\u00f3n y presentaci\u00f3n"},"content":{"rendered":"<div class=\"fusion-fullwidth fullwidth-box fusion-builder-row-1 fusion-flex-container nonhundred-percent-fullwidth non-hundred-percent-height-scrolling\" style=\"--awb-border-radius-top-left:0px;--awb-border-radius-top-right:0px;--awb-border-radius-bottom-right:0px;--awb-border-radius-bottom-left:0px;--awb-padding-right:130px;--awb-padding-left:130px;--awb-flex-wrap:wrap;\" ><div class=\"fusion-builder-row fusion-row fusion-flex-align-items-flex-start fusion-flex-content-wrap\" style=\"max-width:1248px;margin-left: calc(-4% \/ 2 );margin-right: calc(-4% \/ 2 );\"><div class=\"fusion-layout-column fusion_builder_column fusion-builder-column-0 fusion_builder_column_1_1 1_1 fusion-flex-column\" style=\"--awb-bg-size:cover;--awb-width-large:100%;--awb-margin-top-large:0px;--awb-spacing-right-large:1.92%;--awb-margin-bottom-large:20px;--awb-spacing-left-large:1.92%;--awb-width-medium:100%;--awb-order-medium:0;--awb-spacing-right-medium:1.92%;--awb-spacing-left-medium:1.92%;--awb-width-small:100%;--awb-order-small:0;--awb-spacing-right-small:1.92%;--awb-spacing-left-small:1.92%;\"><div class=\"fusion-column-wrapper fusion-column-has-shadow fusion-flex-justify-content-flex-start fusion-content-layout-column\"><div class=\"fusion-text fusion-text-1\"><p style=\"text-align: justify;\"><span style=\"background-color: rgba(255, 255, 255, 0); color: var(--body_typography-color); font-family: var(--body_typography-font-family); font-size: 15px; font-style: var(--body_typography-font-style,normal); font-weight: var(--body_typography-font-weight); letter-spacing: var(--body_typography-letter-spacing);\" data-fusion-font=\"true\">A partir de las fuentes primarias y\/o secundarias, la CPM administra registros propios y bases de datos donde se organiza, acumula y consolida la informaci\u00f3n. Debido a la disparidad de criterios metodol\u00f3gicos \u2014o a la falta de ellos\u2014 adoptados por los distintos organismos competentes, <\/span><span style=\"background-color: rgba(255, 255, 255, 0); color: var(--body_typography-color); font-family: var(--body_typography-font-family); font-size: 15px; font-style: var(--body_typography-font-style,normal); letter-spacing: var(--body_typography-letter-spacing);\" data-fusion-font=\"true\"><b>un uso adecuado de la informaci\u00f3n de las fuentes secundarias debe estar precedido de un control estricto y una serie de decisiones metodol\u00f3gicas para su validaci\u00f3n<\/b><\/span><span style=\"background-color: rgba(255, 255, 255, 0); color: var(--body_typography-color); font-family: var(--body_typography-font-family); font-size: 15px; font-style: var(--body_typography-font-style,normal); font-weight: var(--body_typography-font-weight); letter-spacing: var(--body_typography-letter-spacing);\" data-fusion-font=\"true\">. A su vez, estas decisiones siempre deben ser explicitadas para una correcta interpretaci\u00f3n de los datos.<\/span><\/p>\n<p data-fusion-font=\"true\" style=\"text-align: justify; font-size: 15px;\">Una gran limitaci\u00f3n de la informaci\u00f3n p\u00fablica es la <b>recurrencia del \u201csin dato\u201d<\/b>. Es habitual acceder a datos desglosados que carecen de valores en determinadas variables. Para saldar esto, en este sitio se adopta la siguiente norma general: una variable se utiliza si los datos faltantes no superan el 25% de los casos. Siendo as\u00ed, los casos sin datos se quitan de los c\u00e1lculos, tomando una base total menor y asumiendo que ese faltante se distribuir\u00eda en forma proporcional.<\/p>\n<p data-fusion-font=\"true\" style=\"text-align: justify; font-size: 15px;\">En cambio, cuando se supera el 25% se descarta la variable o bien se la utiliza informando la cantidad de casos sin datos, como un indicador de calidad de la informaci\u00f3n p\u00fablica. Esto quiere decir que <b>el \u201csin dato\u201d tambi\u00e9n es un dato: refleja los errores de cobertura de los registros administrativos.<\/b><\/p>\n<p data-fusion-font=\"true\" style=\"text-align: justify; font-size: 15px;\">Otros problemas frecuentes son las variables mal definidas (como las causas de muerte), los datos no comparables entre distintos registros del mismo Estado, los valores organizados en categor\u00edas no exhaustivas y\/o no excluyentes, la desvinculaci\u00f3n respecto a datos de referencia (como los poblacionales) o incluso la falta de valores absolutos en tablas. <b>Para saldar estos errores de calidad se toman decisiones metodol\u00f3gicas espec\u00edficas, que son explicitadas en cada gr\u00e1fico o tabla en las secciones correspondientes. <\/b><\/p>\n<p data-fusion-font=\"true\" style=\"text-align: justify; font-size: 15px;\">Por \u00faltimo, las fuentes p\u00fablicas no suelen ofrecer informaci\u00f3n acumulada y comparada. Con escasa frecuencia se encuentran series hist\u00f3ricas, distribuciones geogr\u00e1ficas, comparaciones porcentuales, tasas sociales, cruces de variables, entre otras herramientas de an\u00e1lisis estad\u00edstico. Por eso, en las distintas secciones de esta p\u00e1gina se exponen series hist\u00f3ricas, c\u00e1lculos proporcionales y de tasas, an\u00e1lisis comparativos, nuevos cruces de variables (cuando es posible) y lecturas descriptivas que sugieren marcos de interpretaci\u00f3n de los datos. <b>Se trata de instrumentos b\u00e1sicos para presentar informaci\u00f3n, generalmente no disponibles en las publicaciones de los organismos competentes.<\/b><\/p>\n<p data-fusion-font=\"true\" style=\"text-align: justify; font-size: 15px;\"><b><span style=\"color: rgb(190, 32, 46);\"><br \/><\/span><\/b><\/p>\n<p data-fusion-font=\"true\" style=\"text-align: justify; font-size: 15px;\"><b><span style=\"color: rgb(190, 32, 46);\">REGISTROS Y BASES DE DATOS DEL MLPT-CPM<\/span><\/b><\/p>\n<ul>\n<li><span data-fusion-font=\"true\" style=\"font-size: 15px;\">Registro Nacional de Casos de Tortura y\/o Malos Tratos<\/span><\/li>\n<li><span data-fusion-font=\"true\" style=\"font-size: 15px;\">Registro de hechos de violencia en c\u00e1rceles y alcaid\u00edas<\/span><\/li>\n<li><span data-fusion-font=\"true\" style=\"font-size: 15px;\">Registro de intervenciones del MLPT<\/span><\/li>\n<li><span data-fusion-font=\"true\" style=\"font-size: 15px;\">Registro de muertes en c\u00e1rceles y alcaid\u00edas<\/span><\/li>\n<li><span data-fusion-font=\"true\" style=\"font-size: 15px;\">Registro de muertes en comisar\u00edas<\/span><\/li>\n<li><span data-fusion-font=\"true\" style=\"font-size: 15px;\">Registro de muertes por uso de la fuerza policial<\/span><\/li>\n<li><span data-fusion-font=\"true\" style=\"font-size: 15px;\">Registro de muertes en establecimientos de salud mental<\/span><\/li>\n<li><span data-fusion-font=\"true\" style=\"font-size: 15px;\">Registro de muertes en centros de detenci\u00f3n de j\u00f3venes<\/span><\/li>\n<li><span data-fusion-font=\"true\" style=\"font-size: 15px;\">Registro de muertes en detenci\u00f3n domiciliaria<\/span><\/li>\n<li><span data-fusion-font=\"true\" style=\"font-size: 15px;\">Registro de libros de detenciones en comisar\u00edas<\/span><\/li>\n<li><span data-fusion-font=\"true\" style=\"font-size: 15px;\">Bases mensuales de aprehensiones policiales<\/span><\/li>\n<li><span data-fusion-font=\"true\" style=\"font-size: 15px;\">Bases mensuales de poblaci\u00f3n detenida en el SPB<\/span><\/li>\n<li><span data-fusion-font=\"true\" style=\"font-size: 15px;\">Bases mensuales de poblaci\u00f3n detenida en comisar\u00edas<\/span><\/li>\n<li><span data-fusion-font=\"true\" style=\"font-size: 15px;\">Bases mensuales de j\u00f3venes abordades o detenides en el OPNyA<\/span><\/li>\n<li><span data-fusion-font=\"true\" style=\"font-size: 15px;\">Base anual de poblaci\u00f3n internada en hospitales de salud mental<\/span><\/li>\n<li><span data-fusion-font=\"true\" style=\"font-size: 15px;\">Base anual de capacidad de alojamiento y ocupaci\u00f3n en el SPB<\/span><\/li>\n<li><span data-fusion-font=\"true\" style=\"font-size: 15px;\">Bases anuales de datos sobre el poder judicial<\/span><\/li>\n<\/ul>\n<p style=\"text-align: justify;\">\n<\/div><\/div><\/div><\/div><\/div>\n","protected":false},"excerpt":{"rendered":"","protected":false},"author":32,"featured_media":0,"parent":2922,"menu_order":0,"comment_status":"closed","ping_status":"closed","template":"","meta":{"inline_featured_image":false,"footnotes":""},"class_list":["post-3132","page","type-page","status-publish","hentry"],"_links":{"self":[{"href":"https:\/\/www.comisionporlamemoria.org\/datosabiertos\/wp-json\/wp\/v2\/pages\/3132","targetHints":{"allow":["GET"]}}],"collection":[{"href":"https:\/\/www.comisionporlamemoria.org\/datosabiertos\/wp-json\/wp\/v2\/pages"}],"about":[{"href":"https:\/\/www.comisionporlamemoria.org\/datosabiertos\/wp-json\/wp\/v2\/types\/page"}],"author":[{"embeddable":true,"href":"https:\/\/www.comisionporlamemoria.org\/datosabiertos\/wp-json\/wp\/v2\/users\/32"}],"replies":[{"embeddable":true,"href":"https:\/\/www.comisionporlamemoria.org\/datosabiertos\/wp-json\/wp\/v2\/comments?post=3132"}],"version-history":[{"count":0,"href":"https:\/\/www.comisionporlamemoria.org\/datosabiertos\/wp-json\/wp\/v2\/pages\/3132\/revisions"}],"up":[{"embeddable":true,"href":"https:\/\/www.comisionporlamemoria.org\/datosabiertos\/wp-json\/wp\/v2\/pages\/2922"}],"wp:attachment":[{"href":"https:\/\/www.comisionporlamemoria.org\/datosabiertos\/wp-json\/wp\/v2\/media?parent=3132"}],"curies":[{"name":"wp","href":"https:\/\/api.w.org\/{rel}","templated":true}]}}

Consolidación y presentación

<div class="fusion-fullwidth fullwidth-box fusion-builder-row-1 fusion-flex-container nonhundred-percent-fullwidth non-hundred-percent-height-scrolling" style="--awb-border-radius-top-left:0px;--awb-border-radius-top-right:0px;--awb-border-radius-bottom-right:0px;--awb-border-radius-bottom-left:0px;--awb-padding-right:130px;--awb-padding-left:130px;--awb-flex-wrap:wrap;" ><div class="fusion-builder-row fusion-row fusion-flex-align-items-flex-start fusion-flex-content-wrap" style="max-width:1248px;margin-left: calc(-4% / 2 );margin-right: calc(-4% / 2 );"><div class="fusion-layout-column fusion_builder_column fusion-builder-column-0 fusion_builder_column_1_1 1_1 fusion-flex-column" style="--awb-bg-size:cover;--awb-width-large:100%;--awb-margin-top-large:0px;--awb-spacing-right-large:1.92%;--awb-margin-bottom-large:20px;--awb-spacing-left-large:1.92%;--awb-width-medium:100%;--awb-order-medium:0;--awb-spacing-right-medium:1.92%;--awb-spacing-left-medium:1.92%;--awb-width-small:100%;--awb-order-small:0;--awb-spacing-right-small:1.92%;--awb-spacing-left-small:1.92%;"><div class="fusion-column-wrapper fusion-column-has-shadow fusion-flex-justify-content-flex-start fusion-content-layout-column"><div class="fusion-text fusion-text-1"><p style="text-align: justify;"><span style="background-color: rgba(255, 255, 255, 0); color: var(--body_typography-color); font-family: var(--body_typography-font-family); font-size: 15px; font-style: var(--body_typography-font-style,normal); font-weight: var(--body_typography-font-weight); letter-spacing: var(--body_typography-letter-spacing);" data-fusion-font="true">A partir de las fuentes primarias y/o secundarias, la CPM administra registros propios y bases de datos donde se organiza, acumula y consolida la información. Debido a la disparidad de criterios metodológicos —o a la falta de ellos— adoptados por los distintos organismos competentes, </span><span style="background-color: rgba(255, 255, 255, 0); color: var(--body_typography-color); font-family: var(--body_typography-font-family); font-size: 15px; font-style: var(--body_typography-font-style,normal); letter-spacing: var(--body_typography-letter-spacing);" data-fusion-font="true"><b>un uso adecuado de la información de las fuentes secundarias debe estar precedido de un control estricto y una serie de decisiones metodológicas para su validación</b></span><span style="background-color: rgba(255, 255, 255, 0); color: var(--body_typography-color); font-family: var(--body_typography-font-family); font-size: 15px; font-style: var(--body_typography-font-style,normal); font-weight: var(--body_typography-font-weight); letter-spacing: var(--body_typography-letter-spacing);" data-fusion-font="true">. A su vez, estas decisiones siempre deben ser explicitadas para una correcta interpretación de los datos.</span></p>
<p data-fusion-font="true" style="text-align: justify; font-size: 15px;">Una gran limitación de la información pública es la <b>recurrencia del “sin dato”</b>. Es habitual acceder a datos desglosados que carecen de valores en determinadas variables. Para saldar esto, en este sitio se adopta la siguiente norma general: una variable se utiliza si los datos faltantes no superan el 25% de los casos. Siendo así, los casos sin datos se quitan de los cálculos, tomando una base total menor y asumiendo que ese faltante se distribuiría en forma proporcional.</p>
<p data-fusion-font="true" style="text-align: justify; font-size: 15px;">En cambio, cuando se supera el 25% se descarta la variable o bien se la utiliza informando la cantidad de casos sin datos, como un indicador de calidad de la información pública. Esto quiere decir que <b>el “sin dato” también es un dato: refleja los errores de cobertura de los registros administrativos.</b></p>
<p data-fusion-font="true" style="text-align: justify; font-size: 15px;">Otros problemas frecuentes son las variables mal definidas (como las causas de muerte), los datos no comparables entre distintos registros del mismo Estado, los valores organizados en categorías no exhaustivas y/o no excluyentes, la desvinculación respecto a datos de referencia (como los poblacionales) o incluso la falta de valores absolutos en tablas. <b>Para saldar estos errores de calidad se toman decisiones metodológicas específicas, que son explicitadas en cada gráfico o tabla en las secciones correspondientes. </b></p>
<p data-fusion-font="true" style="text-align: justify; font-size: 15px;">Por último, las fuentes públicas no suelen ofrecer información acumulada y comparada. Con escasa frecuencia se encuentran series históricas, distribuciones geográficas, comparaciones porcentuales, tasas sociales, cruces de variables, entre otras herramientas de análisis estadístico. Por eso, en las distintas secciones de esta página se exponen series históricas, cálculos proporcionales y de tasas, análisis comparativos, nuevos cruces de variables (cuando es posible) y lecturas descriptivas que sugieren marcos de interpretación de los datos. <b>Se trata de instrumentos básicos para presentar información, generalmente no disponibles en las publicaciones de los organismos competentes.</b></p>
<p data-fusion-font="true" style="text-align: justify; font-size: 15px;"><b><span style="color: rgb(190, 32, 46);"><br /></span></b></p>
<p data-fusion-font="true" style="text-align: justify; font-size: 15px;"><b><span style="color: rgb(190, 32, 46);">REGISTROS Y BASES DE DATOS DEL MLPT-CPM</span></b></p>
<ul>
<li><span data-fusion-font="true" style="font-size: 15px;">Registro Nacional de Casos de Tortura y/o Malos Tratos</span></li>
<li><span data-fusion-font="true" style="font-size: 15px;">Registro de hechos de violencia en cárceles y alcaidías</span></li>
<li><span data-fusion-font="true" style="font-size: 15px;">Registro de intervenciones del MLPT</span></li>
<li><span data-fusion-font="true" style="font-size: 15px;">Registro de muertes en cárceles y alcaidías</span></li>
<li><span data-fusion-font="true" style="font-size: 15px;">Registro de muertes en comisarías</span></li>
<li><span data-fusion-font="true" style="font-size: 15px;">Registro de muertes por uso de la fuerza policial</span></li>
<li><span data-fusion-font="true" style="font-size: 15px;">Registro de muertes en establecimientos de salud mental</span></li>
<li><span data-fusion-font="true" style="font-size: 15px;">Registro de muertes en centros de detención de jóvenes</span></li>
<li><span data-fusion-font="true" style="font-size: 15px;">Registro de muertes en detención domiciliaria</span></li>
<li><span data-fusion-font="true" style="font-size: 15px;">Registro de libros de detenciones en comisarías</span></li>
<li><span data-fusion-font="true" style="font-size: 15px;">Bases mensuales de aprehensiones policiales</span></li>
<li><span data-fusion-font="true" style="font-size: 15px;">Bases mensuales de población detenida en el SPB</span></li>
<li><span data-fusion-font="true" style="font-size: 15px;">Bases mensuales de población detenida en comisarías</span></li>
<li><span data-fusion-font="true" style="font-size: 15px;">Bases mensuales de jóvenes abordades o detenides en el OPNyA</span></li>
<li><span data-fusion-font="true" style="font-size: 15px;">Base anual de población internada en hospitales de salud mental</span></li>
<li><span data-fusion-font="true" style="font-size: 15px;">Base anual de capacidad de alojamiento y ocupación en el SPB</span></li>
<li><span data-fusion-font="true" style="font-size: 15px;">Bases anuales de datos sobre el poder judicial</span></li>
</ul>
<p style="text-align: justify;">
</div></div></div></div></div>
