{"id":2534,"date":"2021-07-21T11:01:11","date_gmt":"2021-07-21T11:01:11","guid":{"rendered":"https:\/\/www.comisionporlamemoria.org\/informeanual2021\/?page_id=2534"},"modified":"2021-07-21T11:01:11","modified_gmt":"2021-07-21T11:01:11","slug":"seccion-politicas-penitenciarias","status":"publish","type":"page","link":"https:\/\/www.comisionporlamemoria.org\/informeanual2021\/seccion-politicas-penitenciarias\/","title":{"rendered":"Secci\u00f3n Pol\u00edticas penitenciarias"},"content":{"rendered":"<p><div id=\"fusion-scroll-section-1\" class=\"fusion-scroll-section fusion-scroll-section\" data-section=\"1\" data-animation=\"fade\" data-speed=\"800\" ><div class=\"fusion-scroll-section-element active\" data-section=\"1\" data-element=\"1\" style=\"transition-duration:200ms;&quot;\" ><div class=\"fusion-fullwidth fullwidth-box fusion-builder-row-1 hundred-percent-fullwidth hundred-percent-height hundred-percent-height-center-content hundred-percent-height-scrolling fusion-equal-height-columns\" style=\"--awb-border-radius-top-left:0px;--awb-border-radius-top-right:0px;--awb-border-radius-bottom-right:0px;--awb-border-radius-bottom-left:0px;--awb-padding-top:0px;--awb-padding-right:0px;--awb-padding-bottom:0px;--awb-padding-left:0px;--awb-flex-wrap:wrap;\" ><div class=\"fusion-fullwidth-center-content\"><div class=\"fusion-builder-row fusion-row\"><div class=\"fusion-layout-column fusion_builder_column fusion-builder-column-0 fusion_builder_column_1_1 1_1 fusion-one-full fusion-column-first fusion-column-last fusion-no-small-visibility fusion-no-medium-visibility fusion-animated\" style=\"--awb-padding-top:20%;--awb-padding-right:12%;--awb-padding-bottom:18%;--awb-padding-left:12%;--awb-bg-size:cover;--awb-margin-top:0px;--awb-margin-bottom:0px;\" data-animationType=\"fadeIn\" data-animationDuration=\"0.8\" data-animationOffset=\"top-into-view\"><div class=\"fusion-column-wrapper fusion-column-has-shadow fusion-flex-column-wrapper-legacy\"><div class=\"fusion-column-content-centered\"><div class=\"fusion-column-content\"><div class=\"fusion-text fusion-text-1 fusion-animated\" style=\"--awb-font-size:20px;\" data-animationType=\"fadeInLeft\" data-animationDuration=\"0.7\" data-animationOffset=\"top-into-view\"><p style=\"text-align: center;\">El sistema de la crueldad XV<\/p>\n<\/div><div class=\"fusion-sep-clear\"><\/div><div class=\"fusion-separator\" style=\"margin-left: auto;margin-right: auto;margin-bottom:10%;width:100%;max-width:50%;\"><div class=\"fusion-separator-border sep-single sep-solid\" style=\"--awb-height:20px;--awb-amount:20px;border-color:#d1d1d1;border-top-width:1px;\"><\/div><\/div><div class=\"fusion-sep-clear\"><\/div><div class=\"fusion-title title fusion-title-1 fusion-sep-none fusion-title-center fusion-title-text fusion-title-size-two\" style=\"--awb-font-size:50px;\"><h2 class=\"fusion-title-heading title-heading-center fusion-responsive-typography-calculated\" style=\"margin:0;font-size:1em;--fontSize:50;line-height:1.28;\">Pol\u00edticas penitenciarias<\/h2><\/div><div class=\"fusion-sep-clear\"><\/div><div class=\"fusion-separator fusion-full-width-sep\" style=\"margin-left: auto;margin-right: auto;margin-bottom:10%;width:100%;\"><\/div><div class=\"fusion-sep-clear\"><\/div><div class=\"fusion-aligncenter\"><a class=\"fusion-button button-flat fusion-button-default-size button-custom fusion-button-default button-1 fusion-button-default-span fusion-button-default-type\" style=\"--button_accent_color:#181818;--button_border_color:#181818;--button_accent_hover_color:#181818;--button_border_hover_color:#ffffff;--button_gradient_top_color:rgba(255,255,255,0);--button_gradient_bottom_color:rgba(255,255,255,0);--button_gradient_top_color_hover:#ffffff;--button_gradient_bottom_color_hover:#ffffff;\" target=\"_blank\" rel=\"noopener noreferrer\" href=\"https:\/\/www.comisionporlamemoria.org\/archivos\/cct\/informesanuales\/informe2021\/4_seccion_politicas_penitenciarias.pdf\"><span class=\"fusion-button-text awb-button__text awb-button__text--default\">Descargar introducci\u00f3n completa en PDF<\/span><i class=\"fa-download fas awb-button__icon awb-button__icon--default button-icon-right\" aria-hidden=\"true\"><\/i><\/a><\/div><\/div><\/div><div class=\"fusion-clearfix\"><\/div><\/div><\/div><div class=\"fusion-layout-column fusion_builder_column fusion-builder-column-1 fusion_builder_column_1_1 1_1 fusion-one-full fusion-column-first fusion-column-last fusion-no-large-visibility\" style=\"--awb-padding-top:8%;--awb-padding-bottom:8%;--awb-bg-size:cover;--awb-margin-top:0px;--awb-margin-bottom:0px;\"><div class=\"fusion-column-wrapper fusion-column-has-shadow fusion-flex-column-wrapper-legacy\"><div class=\"fusion-column-content-centered\"><div class=\"fusion-column-content\"><div class=\"fusion-text fusion-text-2\"><p style=\"text-align: center;\">Sistema de la crueldad XV<\/p>\n<\/div><div class=\"fusion-sep-clear\"><\/div><div class=\"fusion-separator\" style=\"margin-left: auto;margin-right: auto;margin-bottom:8%;width:100%;max-width:50%;\"><div class=\"fusion-separator-border sep-single sep-solid\" style=\"--awb-height:20px;--awb-amount:20px;border-color:#d1d1d1;border-top-width:1px;\"><\/div><\/div><div class=\"fusion-sep-clear\"><\/div><div class=\"fusion-title title fusion-title-2 fusion-sep-none fusion-title-center fusion-title-text fusion-title-size-one\" style=\"--awb-margin-bottom:10%;--awb-font-size:50px;\"><h1 class=\"fusion-title-heading title-heading-center fusion-responsive-typography-calculated\" style=\"margin:0;font-size:1em;--fontSize:50;line-height:1.2;\">Pol\u00edticas penitenciarias<\/h1><\/div><div class=\"fusion-sep-clear\"><\/div><div class=\"fusion-separator fusion-full-width-sep\" style=\"margin-left: auto;margin-right: auto;margin-bottom:4%;width:100%;\"><\/div><div class=\"fusion-sep-clear\"><\/div><div class=\"fusion-aligncenter\"><a class=\"fusion-button button-flat fusion-button-default-size button-custom fusion-button-default button-2 fusion-button-default-span fusion-button-default-type fusion-animated\" style=\"--button_accent_color:#181818;--button_border_color:#181818;--button_accent_hover_color:#181818;--button_border_hover_color:#ffffff;--button_gradient_top_color:rgba(255,255,255,0);--button_gradient_bottom_color:rgba(255,255,255,0);--button_gradient_top_color_hover:#ffffff;--button_gradient_bottom_color_hover:#ffffff;\" data-animationType=\"fadeInLeft\" data-animationDuration=\"0.3\" data-animationOffset=\"top-into-view\" target=\"_blank\" rel=\"noopener noreferrer\" href=\"https:\/\/www.comisionporlamemoria.org\/archivos\/cct\/informesanuales\/informe2021\/4_seccion_politicas_penitenciarias.pdf\"><span class=\"fusion-button-text awb-button__text awb-button__text--default\">Descargar introducci\u00f3n completa en PDF<\/span><i class=\"fa-download fas awb-button__icon awb-button__icon--default button-icon-right\" aria-hidden=\"true\"><\/i><\/a><\/div><\/div><\/div><div class=\"fusion-clearfix\"><\/div><\/div><\/div><\/div><\/div><\/div><\/div><nav id=\"fusion-scroll-section-nav-1\" class=\"fusion-scroll-section-nav scroll-navigation-right\" data-section=\"1\" ><ul><li><a href=\"#fusion-scroll-section-element-1-1\" class=\"fusion-scroll-section-link\" data-name=\"Cabecera\" data-element=\"1\"><span class=\"fusion-scroll-section-link-bullet\"><\/span><\/a><\/li><\/ul><\/nav><\/div><div class=\"fusion-fullwidth fullwidth-box fusion-builder-row-2 nonhundred-percent-fullwidth non-hundred-percent-height-scrolling\" style=\"--awb-border-radius-top-left:0px;--awb-border-radius-top-right:0px;--awb-border-radius-bottom-right:0px;--awb-border-radius-bottom-left:0px;--awb-margin-top:5%;--awb-margin-bottom:2%;--awb-flex-wrap:wrap;\" ><div class=\"fusion-builder-row fusion-row\"><div class=\"fusion-layout-column fusion_builder_column fusion-builder-column-2 fusion_builder_column_1_1 1_1 fusion-one-full fusion-column-first fusion-column-last\" style=\"--awb-padding-top:2%;--awb-padding-right:2%;--awb-padding-bottom:2%;--awb-padding-left:2%;--awb-bg-size:cover;--awb-border-color:#181818;--awb-border-top:2px;--awb-border-right:2px;--awb-border-bottom:2px;--awb-border-left:2px;--awb-border-style:solid;\"><div class=\"fusion-column-wrapper fusion-column-has-shadow fusion-flex-column-wrapper-legacy\"><div class=\"fusion-title title fusion-title-3 fusion-sep-none fusion-title-text fusion-title-size-five\"><h5 class=\"fusion-title-heading title-heading-left fusion-responsive-typography-calculated\" style=\"margin:0;--fontSize:20;--minFontSize:20;line-height:1.5;\">SOBRE ESTA SECCI\u00d3N<\/h5><\/div><div class=\"fusion-text fusion-text-3 fusion-animated\" data-animationType=\"fadeInLeft\" data-animationDuration=\"0.3\" data-animationOffset=\"top-into-view\"><p style=\"text-align: justify;\"><strong>Secci\u00f3n de pol\u00edticas penitenciarias<\/strong><\/p>\n<p style=\"text-align: justify;\">A fines de 2019, con el recambio gubernamental, el Ministerio de Justicia y Derechos Humanos bonaerense convoc\u00f3 a una Mesa de Di\u00e1logo interinstitucional frente a la\u00a0 grave crisis humanitaria en las c\u00e1rceles de la Provincia. Los problemas estructurales que persisten desde hace d\u00e9cadas se vieron profundizados hasta l\u00edmites cr\u00edticos durante el gobierno anterior (Vidal, 2015-2019), lo que hab\u00eda derivado en protestas y reclamos masivos en la mayor\u00eda de las unidades penitenciarias y, consecuentemente, en el llamado a aquella Mesa de Di\u00e1logo de la cual la CPM fue parte desde la primera reuni\u00f3n en su car\u00e1cter de mecanismo Local de Prevenci\u00f3n de la Tortura. Por insistencia de la CPM, el Ministerio convoc\u00f3 a familiares\u00a0 de detenidos y a otros organismos. Durante algunos meses las demandas se fueron resolviendo \u2013como la provisi\u00f3n de comida, revisi\u00f3n de morigeraciones de pena, condiciones de alojamiento- y las protestas cesaron, pero al poco tiempo irrumpi\u00f3 la pandemia y, con ella, nuevos afectaciones de derechos: se suspendieron visitas de familiares hasta noviembre; se frenaron las morigeraciones; escase\u00f3 a\u00fan m\u00e1s la comida; y se detuvo el otorgamiento de medidas de prisi\u00f3n domiciliaria para personas incluidas en grupos de riesgo frente al Covid-19; entre otras. Sobre el miedo y malestar de la poblaci\u00f3n encarcelada, el SPB promovi\u00f3 el 30 de octubre una serie de medidas \u2013como haber permitido que cientos de personas se subieran a los techos de distintas c\u00e1rceles, liberando zonas y facilitando y sosteniendo escaleras- que terminaron en una cruenta represi\u00f3n con cientos de heridos, mutilados y un detenido que muri\u00f3 meses despu\u00e9s. En las unidades 31 de Florencio Varela y 48 de San Mart\u00edn la infraestructura y las pertenencias de los Centros de Estudiantes fueron destruidas por personal del SPB. En base a datos construidos por la CPM se estima que 1000 personas padecieron lesiones o traslados compulsivos durante y despu\u00e9s de la brutal represi\u00f3n. Se identificaron heridas en 516 personas y al menos 107 traslados arbitrarios. El aislamiento y hacinamiento extremos fueron otras de las formas de tortura. Estas pr\u00e1cticas se enmarcan en un modo de gesti\u00f3n de la violencia como elemento inherente al gobierno penitenciario que articula con otros tipos de tortura y malos tratos: precariedad material, deficiencias alimentarias, falencias sanitarias, desvinculaci\u00f3n familiar y robo o da\u00f1o de pertenencias. Entre 2016 y 2020, solo en base a los datos del SPB remitidos a la justicia, casi 30.000 personas fueron v\u00edctimas de hechos de violencia o padecieron lesiones en las c\u00e1rceles bonaerenses, y en el \u00faltimo a\u00f1o se volvi\u00f3 a repetir la preeminencia del uso de la fuerza por parte del SPB con el 24,5 % de los hechos lesivos. En cuanto al derecho a la salud, las deficiencias sobre la atenci\u00f3n se han profundizado con el desmantelamiento de la estructura sanitaria a trav\u00e9s de los a\u00f1os. La irrupci\u00f3n de la pandemia s\u00f3lo agrav\u00f3 este escenario: con una tasa de letalidad cercana al 9 % respecto a los contagios, el Covid-19, en el SPB, fue m\u00e1s letal que en los otros \u00e1mbitos de la sociedad. Por otra parte, esta secci\u00f3n analiza la violencia patriarcal en el encierro y su impacto en mujeres cis y personas trans y travestis. Se eval\u00faan el constante crecimiento de la cantidad de mujeres encarceladas hasta 2020, cuando se produce la primera baja de los \u00faltimos 15 a\u00f1os; la situaci\u00f3n de las madres y sus hijes en el encierro; la violencia sexual; y el impacto diferencial de la prisi\u00f3n sobre las personas que integran el colectivo LGTBIQ+. En otro orden, la secci\u00f3n examina la situaci\u00f3n de los Centros de Estudiantes como espacios de resistencia en el encierro. Actualmente hay alrededor de 15 centros de estudiantes dentro del SPB con un total de 1.000 estudiantes privados\/as de libertad que cursan distintas carreras universitarias. Pero, seg\u00fan datos de 2019, el 54 % de las\u00a0 personas privadas de la libertad en el SPB no accede a programas educativos, y s\u00f3lo el 3 % accede a educaci\u00f3n universitaria. Por \u00faltimo, la secci\u00f3n plantea el escenario de las muertes en el SPB: entre 2008 y 2020 se produjeron 1769 muertes en c\u00e1rceles y alcaid\u00edas, que equivalen a 136 muertes por a\u00f1o o 4,3 muertes cada 1000 personas detenidas. Durante esa serie, las muertes producidas por problemas de salud representaron el 72 % seguido de los homicidios (17 %). En 2020 las personas muertas en la c\u00e1rcel ten\u00edan en promedio 49 a\u00f1os. El mayor ten\u00eda 82 y el menor 20. Las causas de muerte est\u00e1n en sinton\u00eda con la tendencia hist\u00f3rica, aunque ese a\u00f1o registra\u00a0una mayor proporci\u00f3n de muertes provocadas por enfermedades debido a la incidencia del Covid-19. Por otra parte, respecto a los suicidios en el encierro, en t\u00e9rminos comparativos sigue siendo 5 veces m\u00e1s frecuente dentro de la c\u00e1rcel que fuera de ella. A\u00fan as\u00ed, frente a datos como estos que alarman, el Estado provincial lleva un registro deficitario de la mortalidad en la c\u00e1rcel.<\/p>\n<p style=\"text-align: justify;\"><strong>AGENCIA ANDAR:\u00a0 <\/strong><\/p>\n<p style=\"text-align: justify;\">12-05-2020<\/p>\n<p style=\"text-align: justify;\"><strong>Grave retroceso de la Suprema Corte bonaerense frente a la pandemia en las c\u00e1rceles<\/strong><\/p>\n<p style=\"text-align: justify;\"><a href=\"https:\/\/www.andaragencia.org\/grave-retroceso-de-la-suprema-corte-bonaerense-frente-a-la-pandemia-en-las-carceles\/\">https:\/\/www.andaragencia.org\/grave-retroceso-de-la-suprema-corte-bonaerense-frente-a-la-pandemia-en-las-carceles\/<\/a><\/p>\n<p style=\"text-align: justify;\">05-11-2020<\/p>\n<p style=\"text-align: justify;\"><strong>Buscan reconstruir los centros de estudiantes en las c\u00e1rceles<\/strong><\/p>\n<p style=\"text-align: justify;\"><a href=\"https:\/\/www.andaragencia.org\/buscan-reconstruir-los-centros-de-estudiantes-en-las-carceles\/\">https:\/\/www.andaragencia.org\/buscan-reconstruir-los-centros-de-estudiantes-en-las-carceles\/<\/a><\/p>\n<p style=\"text-align: justify;\">22-12-2020<\/p>\n<p style=\"text-align: justify;\"><strong>Torturas y malos tratos sobre poblaci\u00f3n trans y travesti en Alcaid\u00eda platense<\/strong><\/p>\n<p style=\"text-align: justify;\"><a href=\"https:\/\/www.andaragencia.org\/torturas-y-malos-tratos-sobre-poblacion-trans-y-travesti-en-alcaidia-platense\/\">https:\/\/www.andaragencia.org\/torturas-y-malos-tratos-sobre-poblacion-trans-y-travesti-en-alcaidia-platense\/<\/a><\/p>\n<\/div><div class=\"fusion-clearfix\"><\/div><\/div><\/div><\/div><\/div><div class=\"fusion-fullwidth fullwidth-box fusion-builder-row-3 fusion-flex-container nonhundred-percent-fullwidth non-hundred-percent-height-scrolling\" style=\"--awb-border-radius-top-left:0px;--awb-border-radius-top-right:0px;--awb-border-radius-bottom-right:0px;--awb-border-radius-bottom-left:0px;--awb-flex-wrap:wrap;\" ><div class=\"fusion-builder-row fusion-row fusion-flex-align-items-flex-start fusion-flex-content-wrap\" style=\"max-width:83.2%;margin-left: calc(-4% \/ 2 );margin-right: calc(-4% \/ 2 );\"><div class=\"fusion-layout-column fusion_builder_column fusion-builder-column-3 fusion_builder_column_1_1 1_1 fusion-flex-column\" style=\"--awb-bg-size:cover;--awb-width-large:100%;--awb-margin-top-large:20px;--awb-spacing-right-large:1.92%;--awb-margin-bottom-large:20px;--awb-spacing-left-large:1.92%;--awb-width-medium:100%;--awb-order-medium:0;--awb-spacing-right-medium:1.92%;--awb-spacing-left-medium:1.92%;--awb-width-small:100%;--awb-order-small:0;--awb-spacing-right-small:1.92%;--awb-spacing-left-small:1.92%;\"><div class=\"fusion-column-wrapper fusion-column-has-shadow fusion-flex-justify-content-flex-start fusion-content-layout-column\"><div class=\"fusion-text fusion-text-4\">\n<\/div><\/div><\/div><\/div><\/div><\/p>\n","protected":false},"excerpt":{"rendered":"","protected":false},"author":32,"featured_media":0,"parent":0,"menu_order":0,"comment_status":"closed","ping_status":"closed","template":"100-width.php","meta":{"footnotes":""},"class_list":["post-2534","page","type-page","status-publish","hentry"],"_links":{"self":[{"href":"https:\/\/www.comisionporlamemoria.org\/informeanual2021\/wp-json\/wp\/v2\/pages\/2534","targetHints":{"allow":["GET"]}}],"collection":[{"href":"https:\/\/www.comisionporlamemoria.org\/informeanual2021\/wp-json\/wp\/v2\/pages"}],"about":[{"href":"https:\/\/www.comisionporlamemoria.org\/informeanual2021\/wp-json\/wp\/v2\/types\/page"}],"author":[{"embeddable":true,"href":"https:\/\/www.comisionporlamemoria.org\/informeanual2021\/wp-json\/wp\/v2\/users\/32"}],"replies":[{"embeddable":true,"href":"https:\/\/www.comisionporlamemoria.org\/informeanual2021\/wp-json\/wp\/v2\/comments?post=2534"}],"version-history":[{"count":0,"href":"https:\/\/www.comisionporlamemoria.org\/informeanual2021\/wp-json\/wp\/v2\/pages\/2534\/revisions"}],"wp:attachment":[{"href":"https:\/\/www.comisionporlamemoria.org\/informeanual2021\/wp-json\/wp\/v2\/media?parent=2534"}],"curies":[{"name":"wp","href":"https:\/\/api.w.org\/{rel}","templated":true}]}}