{"id":2548,"date":"2021-07-21T11:19:30","date_gmt":"2021-07-21T11:19:30","guid":{"rendered":"https:\/\/www.comisionporlamemoria.org\/informeanual2021\/?page_id=2548"},"modified":"2021-07-21T11:19:30","modified_gmt":"2021-07-21T11:19:30","slug":"seccion-inteligencia-y-espionaje-ilegal","status":"publish","type":"page","link":"https:\/\/www.comisionporlamemoria.org\/informeanual2021\/seccion-inteligencia-y-espionaje-ilegal\/","title":{"rendered":"Secci\u00f3n Inteligencia y espionaje ilegal"},"content":{"rendered":"<p><div id=\"fusion-scroll-section-1\" class=\"fusion-scroll-section fusion-scroll-section\" data-section=\"1\" data-animation=\"fade\" data-speed=\"800\" ><div class=\"fusion-scroll-section-element active\" data-section=\"1\" data-element=\"1\" style=\"transition-duration:200ms;&quot;\" ><div class=\"fusion-fullwidth fullwidth-box fusion-builder-row-1 hundred-percent-fullwidth hundred-percent-height hundred-percent-height-center-content hundred-percent-height-scrolling fusion-equal-height-columns\" style=\"--awb-border-radius-top-left:0px;--awb-border-radius-top-right:0px;--awb-border-radius-bottom-right:0px;--awb-border-radius-bottom-left:0px;--awb-padding-top:0px;--awb-padding-right:0px;--awb-padding-bottom:0px;--awb-padding-left:0px;--awb-flex-wrap:wrap;\" ><div class=\"fusion-fullwidth-center-content\"><div class=\"fusion-builder-row fusion-row\"><div class=\"fusion-layout-column fusion_builder_column fusion-builder-column-0 fusion_builder_column_1_1 1_1 fusion-one-full fusion-column-first fusion-column-last fusion-no-small-visibility fusion-no-medium-visibility fusion-animated\" style=\"--awb-padding-top:20%;--awb-padding-right:12%;--awb-padding-bottom:18%;--awb-padding-left:12%;--awb-bg-size:cover;--awb-margin-top:0px;--awb-margin-bottom:0px;\" data-animationType=\"fadeIn\" data-animationDuration=\"0.8\" data-animationOffset=\"top-into-view\"><div class=\"fusion-column-wrapper fusion-column-has-shadow fusion-flex-column-wrapper-legacy\"><div class=\"fusion-column-content-centered\"><div class=\"fusion-column-content\"><div class=\"fusion-text fusion-text-1 fusion-animated\" style=\"--awb-font-size:20px;\" data-animationType=\"fadeInLeft\" data-animationDuration=\"0.7\" data-animationOffset=\"top-into-view\"><p style=\"text-align: center;\">El sistema de la crueldad XV<\/p>\n<\/div><div class=\"fusion-sep-clear\"><\/div><div class=\"fusion-separator\" style=\"margin-left: auto;margin-right: auto;margin-bottom:10%;width:100%;max-width:50%;\"><div class=\"fusion-separator-border sep-single sep-solid\" style=\"--awb-height:20px;--awb-amount:20px;border-color:#d1d1d1;border-top-width:1px;\"><\/div><\/div><div class=\"fusion-sep-clear\"><\/div><div class=\"fusion-title title fusion-title-1 fusion-sep-none fusion-title-center fusion-title-text fusion-title-size-two\" style=\"--awb-font-size:50px;\"><h2 class=\"fusion-title-heading title-heading-center fusion-responsive-typography-calculated\" style=\"margin:0;font-size:1em;--fontSize:50;line-height:1.28;\">Inteligencia y espionaje ilegal<\/h2><\/div><div class=\"fusion-sep-clear\"><\/div><div class=\"fusion-separator fusion-full-width-sep\" style=\"margin-left: auto;margin-right: auto;margin-bottom:10%;width:100%;\"><\/div><div class=\"fusion-sep-clear\"><\/div><div class=\"fusion-aligncenter\"><a class=\"fusion-button button-flat fusion-button-default-size button-custom fusion-button-default button-1 fusion-button-default-span fusion-button-default-type\" style=\"--button_accent_color:#181818;--button_border_color:#181818;--button_accent_hover_color:#181818;--button_border_hover_color:#ffffff;--button_gradient_top_color:rgba(255,255,255,0);--button_gradient_bottom_color:rgba(255,255,255,0);--button_gradient_top_color_hover:#ffffff;--button_gradient_bottom_color_hover:#ffffff;\" target=\"_blank\" rel=\"noopener noreferrer\" href=\"https:\/\/www.comisionporlamemoria.org\/archivos\/cct\/informesanuales\/informe2021\/8_seccion_inteligencia_ilegal.pdf\"><span class=\"fusion-button-text awb-button__text awb-button__text--default\">Descargar introducci\u00f3n completa en PDF<\/span><i class=\"fa-download fas awb-button__icon awb-button__icon--default button-icon-right\" aria-hidden=\"true\"><\/i><\/a><\/div><\/div><\/div><div class=\"fusion-clearfix\"><\/div><\/div><\/div><div class=\"fusion-layout-column fusion_builder_column fusion-builder-column-1 fusion_builder_column_1_1 1_1 fusion-one-full fusion-column-first fusion-column-last fusion-no-large-visibility\" style=\"--awb-padding-top:8%;--awb-padding-bottom:8%;--awb-bg-size:cover;--awb-margin-top:0px;--awb-margin-bottom:0px;\"><div class=\"fusion-column-wrapper fusion-column-has-shadow fusion-flex-column-wrapper-legacy\"><div class=\"fusion-column-content-centered\"><div class=\"fusion-column-content\"><div class=\"fusion-text fusion-text-2\"><p style=\"text-align: center;\">Sistema de la crueldad XV<\/p>\n<\/div><div class=\"fusion-sep-clear\"><\/div><div class=\"fusion-separator\" style=\"margin-left: auto;margin-right: auto;margin-bottom:8%;width:100%;max-width:50%;\"><div class=\"fusion-separator-border sep-single sep-solid\" style=\"--awb-height:20px;--awb-amount:20px;border-color:#d1d1d1;border-top-width:1px;\"><\/div><\/div><div class=\"fusion-sep-clear\"><\/div><div class=\"fusion-title title fusion-title-2 fusion-sep-none fusion-title-center fusion-title-text fusion-title-size-one\" style=\"--awb-margin-bottom:10%;--awb-font-size:50px;\"><h1 class=\"fusion-title-heading title-heading-center fusion-responsive-typography-calculated\" style=\"margin:0;font-size:1em;--fontSize:50;line-height:1.2;\">Inteligencia y espionaje ilegal<\/h1><\/div><div class=\"fusion-sep-clear\"><\/div><div class=\"fusion-separator fusion-full-width-sep\" style=\"margin-left: auto;margin-right: auto;margin-bottom:4%;width:100%;\"><\/div><div class=\"fusion-sep-clear\"><\/div><div class=\"fusion-aligncenter\"><a class=\"fusion-button button-flat fusion-button-default-size button-custom fusion-button-default button-2 fusion-button-default-span fusion-button-default-type fusion-animated\" style=\"--button_accent_color:#181818;--button_border_color:#181818;--button_accent_hover_color:#181818;--button_border_hover_color:#ffffff;--button_gradient_top_color:rgba(255,255,255,0);--button_gradient_bottom_color:rgba(255,255,255,0);--button_gradient_top_color_hover:#ffffff;--button_gradient_bottom_color_hover:#ffffff;\" data-animationType=\"fadeInLeft\" data-animationDuration=\"0.3\" data-animationOffset=\"top-into-view\" target=\"_blank\" rel=\"noopener noreferrer\" href=\"https:\/\/www.comisionporlamemoria.org\/archivos\/cct\/informesanuales\/informe2021\/8_seccion_inteligencia_ilegal.pdf\"><span class=\"fusion-button-text awb-button__text awb-button__text--default\">Descargar introducci\u00f3n completa en PDF<\/span><i class=\"fa-download fas awb-button__icon awb-button__icon--default button-icon-right\" aria-hidden=\"true\"><\/i><\/a><\/div><\/div><\/div><div class=\"fusion-clearfix\"><\/div><\/div><\/div><\/div><\/div><\/div><\/div><nav id=\"fusion-scroll-section-nav-1\" class=\"fusion-scroll-section-nav scroll-navigation-right\" data-section=\"1\" ><ul><li><a href=\"#fusion-scroll-section-element-1-1\" class=\"fusion-scroll-section-link\" data-name=\"Cabecera\" data-element=\"1\"><span class=\"fusion-scroll-section-link-bullet\"><\/span><\/a><\/li><\/ul><\/nav><\/div><div class=\"fusion-fullwidth fullwidth-box fusion-builder-row-2 nonhundred-percent-fullwidth non-hundred-percent-height-scrolling\" style=\"--awb-border-radius-top-left:0px;--awb-border-radius-top-right:0px;--awb-border-radius-bottom-right:0px;--awb-border-radius-bottom-left:0px;--awb-margin-top:5%;--awb-margin-bottom:2%;--awb-flex-wrap:wrap;\" ><div class=\"fusion-builder-row fusion-row\"><div class=\"fusion-layout-column fusion_builder_column fusion-builder-column-2 fusion_builder_column_1_1 1_1 fusion-one-full fusion-column-first fusion-column-last\" style=\"--awb-padding-top:2%;--awb-padding-right:2%;--awb-padding-bottom:2%;--awb-padding-left:2%;--awb-bg-size:cover;--awb-border-color:#181818;--awb-border-top:2px;--awb-border-right:2px;--awb-border-bottom:2px;--awb-border-left:2px;--awb-border-style:solid;\"><div class=\"fusion-column-wrapper fusion-column-has-shadow fusion-flex-column-wrapper-legacy\"><div class=\"fusion-title title fusion-title-3 fusion-sep-none fusion-title-text fusion-title-size-five\"><h5 class=\"fusion-title-heading title-heading-left fusion-responsive-typography-calculated\" style=\"margin:0;--fontSize:20;--minFontSize:20;line-height:1.5;\">SOBRE ESTA SECCI\u00d3N<\/h5><\/div><div class=\"fusion-text fusion-text-3 fusion-animated\" data-animationType=\"fadeInLeft\" data-animationDuration=\"0.3\" data-animationOffset=\"top-into-view\"><p style=\"text-align: justify;\"><strong>Secci\u00f3n de Inteligencia Ilegal<\/strong><\/p>\n<p style=\"text-align: justify;\">La recurrencia a pr\u00e1cticas represivas e ilegales de las agencias de inteligencia hunde sus ra\u00edces en la historia de nuestro pa\u00eds bajo la l\u00f3gica del \u201cenemigo interno\u201d. No obstante, las decisiones de gobierno de la Alianza Cambiemos construyeron el andamiaje normativo y funcional para un sistema de vigilancia masiva y persecuci\u00f3n pol\u00edtica sin precedentes que apunt\u00f3 a dirigentes pol\u00edticos, empresarios, sindicalistas, periodistas, organizaciones sociales, centros comunitarios y familiares de v\u00edctimas de violencia institucional. Tambi\u00e9n oper\u00f3 el espionaje hacia el interior de las c\u00e1rceles, con vigilancia sobre sindicalistas, exfuncionarios y empresarios privados de su libertad.<\/p>\n<p style=\"text-align: justify;\">La magnitud de este sistema se traduce en los datos de causas penales por espionaje: 97 imputaciones penales, de las cuales el 79 % est\u00e1n procesadas; m\u00e1s de la mitad de las imputaciones corresponde a agentes de la Agencia Federal de Inteligencia (AFI), el 11,5 % a personal retirado de la Bonaerense y el 10 % a personal del SPF; y las causas que tramitan en la justifica Federal de Lomas de Zamora y de Dolores concentran el 85 % de las imputaciones.<\/p>\n<p style=\"text-align: justify;\">Desde 2016, a partir de la Contrarreforma del Sistema de Inteligencia, se cristalizaron importantes retrocesos tanto en los mecanismos de transparencia para el manejo de fondos reservados de la AFI, como en el sistema de escuchas, intervenciones de las comunicaciones y profundizaci\u00f3n del v\u00ednculo entre servicios de inteligencia y el Poder Judicial, as\u00ed como en la adquisici\u00f3n y utilizaci\u00f3n \u2013sin controles de legalidad- de nuevas tecnolog\u00edas de vigilancia. El sistema de escuchas fue trasladado a la \u00f3rbita de la Corte Suprema y termin\u00f3 ampliando desmesuradamente sus atribuciones. Finalmente, con la reforma del C\u00f3digo Penal se introdujeron las \u201cnuevas t\u00e9cnicas de investigaci\u00f3n\u201d y las figuras del imputado colaborador, agente encubierto, agente revelador e informante, que funcionaron como plaf\u00f3n jur\u00eddico para la extorsi\u00f3n y el direccionamiento de testimonios en causas por corrupci\u00f3n.<\/p>\n<p style=\"text-align: justify;\">Frente a tales retrocesos, el nuevo gobierno presidido por Alberto Fern\u00e1ndez dispuso la prohibici\u00f3n a los organismos de inteligencia de participar como auxiliares de la justicia en investigaciones criminales, ejercer facultades represivas o cumplir funciones policiales. En este marco, la CPM entreg\u00f3 a la intervenci\u00f3n de la AFI un informe de diagn\u00f3stico y recomendaciones para una institucionalizaci\u00f3n de las actividades de inteligencia desde una perspectiva de derechos humanos. Adem\u00e1s, la CPM interviene como auxiliar de la justicia \u2013como en la causa \u201cD\u2019Alessio\u201d- en base a su experiencia en materia de an\u00e1lisis y desclasificaci\u00f3n de documentos de inteligencia, y tambi\u00e9n como parte querellante impulsando distintas investigaciones penales en curso. Asimismo, en 2020 la CPM realiz\u00f3 observaciones al llamado \u201cProtocolo de ciberpatrullaje\u201d del Ministerio de Seguridad de la Naci\u00f3n a fin de evitar la vigilancia digital masiva y la vulneraci\u00f3n de datos personales.<\/p>\n<p style=\"text-align: justify;\">Por otra parte, el esquema nacional de acciones de inteligencia ilegal ha tenido sus r\u00e9plicas en la Provincia de Buenos Aires, con m\u00faltiples casos de acciones desplegadas desde el Servicio Penitenciario Bonaerense -como la implantaci\u00f3n de micr\u00f3fonos y c\u00e1maras en la Alcaid\u00eda Departamental 3 de Melchor Romero-, la Polic\u00eda Bonaerense \u2013por ejemplo, con tareas de seguimiento, infiltraci\u00f3n y hostigamiento de familiares y amigos de las v\u00edctimas de la Masacre de Monte- y hasta el Ministerio P\u00fablico Fiscal. M\u00e1s ac\u00e1 en el tiempo, la gesti\u00f3n del ministro de Seguridad Sergio Berni dispuso el traspaso de distintas superintendencias \u2013dedicadas a la coordinaci\u00f3n y supervisi\u00f3n, y de conducci\u00f3n civil- a la propia polic\u00eda, entre ellas la de Planificaci\u00f3n e Inteligencia Criminal.<\/p>\n<p style=\"text-align: justify;\">En suma, para esta CPM la fuerte opacidad y secretismo arraigadas hist\u00f3ricamente en el sistema de inteligencia, exacerbada en la gesti\u00f3n del presidente Mauricio Macri, deben superarse con un debate pol\u00edtico y social amplio que incorpore est\u00e1ndares democr\u00e1ticos para reformar una de las \u00e1reas m\u00e1s sensibles del Estado. Para ello, algunos ejes: redefinici\u00f3n del sistema de inteligencia nacional y criminal; especificidad de las tareas de investigaci\u00f3n criminal; fortalecimiento de los mecanismos parlamentarios de control; y necesidad de un marco normativo y regulatorio espec\u00edfico para las tareas de inteligencia e investigaci\u00f3n criminal en la provincia de Buenos Aires.<\/p>\n<p style=\"text-align: justify;\"><strong>AGENCIA ANDAR: <\/strong><\/p>\n<p style=\"text-align: justify;\">19-06-2020<\/p>\n<p style=\"text-align: justify;\"><strong>Red de espionaje ilegal de la AFI: La CPM y la APDH patrocinan a la ex diputada socialista Gabriela Troiano<\/strong><\/p>\n<p style=\"text-align: justify;\"><a href=\"https:\/\/www.andaragencia.org\/red-de-espionaje-ilegal-de-la-afi-la-cpm-y-la-apdh-patrocinan-a-la-ex-diputada-socialista-gabriela-troiano\/\">https:\/\/www.andaragencia.org\/red-de-espionaje-ilegal-de-la-afi-la-cpm-y-la-apdh-patrocinan-a-la-ex-diputada-socialista-gabriela-troiano\/<\/a><\/p>\n<p style=\"text-align: justify;\">01-09-2020<\/p>\n<p style=\"text-align: justify;\"><strong>Espionaje ilegal de la AFI: con patrocinio de la CPM, el senador Gustavo Traverso se present\u00f3 como querellante<\/strong><\/p>\n<p style=\"text-align: justify;\"><a href=\"https:\/\/www.andaragencia.org\/espionaje-ilegal-de-la-afi-con-patrocinio-de-la-cpm-el-senador-gustavo-traverso-se-presento-como-querellante\/\">https:\/\/www.andaragencia.org\/espionaje-ilegal-de-la-afi-con-patrocinio-de-la-cpm-el-senador-gustavo-traverso-se-presento-como-querellante\/<\/a><\/p>\n<p style=\"text-align: justify;\">29-12-2020<\/p>\n<p style=\"text-align: justify;\"><strong>La CPM realiz\u00f3 un encuentro con querellantes y v\u00edctimas del espionaje pol\u00edtico en la provincia de Buenos Aires<\/strong><\/p>\n<p style=\"text-align: justify;\"><a href=\"https:\/\/www.andaragencia.org\/la-cpm-realizo-un-encuentro-con-querellantes-y-victimas-del-espionaje-politico-en-la-provincia-de-buenos-aires\/\">https:\/\/www.andaragencia.org\/la-cpm-realizo-un-encuentro-con-querellantes-y-victimas-del-espionaje-politico-en-la-provincia-de-buenos-aires\/<\/a><\/p>\n<\/div><div class=\"fusion-clearfix\"><\/div><\/div><\/div><\/div><\/div><div class=\"fusion-fullwidth fullwidth-box fusion-builder-row-3 fusion-flex-container nonhundred-percent-fullwidth non-hundred-percent-height-scrolling\" style=\"--awb-border-radius-top-left:0px;--awb-border-radius-top-right:0px;--awb-border-radius-bottom-right:0px;--awb-border-radius-bottom-left:0px;--awb-flex-wrap:wrap;\" ><div class=\"fusion-builder-row fusion-row fusion-flex-align-items-flex-start fusion-flex-content-wrap\" style=\"max-width:83.2%;margin-left: calc(-4% \/ 2 );margin-right: calc(-4% \/ 2 );\"><div class=\"fusion-layout-column fusion_builder_column fusion-builder-column-3 fusion_builder_column_1_1 1_1 fusion-flex-column\" style=\"--awb-bg-size:cover;--awb-width-large:100%;--awb-margin-top-large:20px;--awb-spacing-right-large:1.92%;--awb-margin-bottom-large:20px;--awb-spacing-left-large:1.92%;--awb-width-medium:100%;--awb-order-medium:0;--awb-spacing-right-medium:1.92%;--awb-spacing-left-medium:1.92%;--awb-width-small:100%;--awb-order-small:0;--awb-spacing-right-small:1.92%;--awb-spacing-left-small:1.92%;\"><div class=\"fusion-column-wrapper fusion-column-has-shadow fusion-flex-justify-content-flex-start fusion-content-layout-column\"><div class=\"fusion-text fusion-text-4\">\n<\/div><\/div><\/div><\/div><\/div><\/p>\n","protected":false},"excerpt":{"rendered":"","protected":false},"author":32,"featured_media":0,"parent":0,"menu_order":0,"comment_status":"closed","ping_status":"closed","template":"100-width.php","meta":{"footnotes":""},"class_list":["post-2548","page","type-page","status-publish","hentry"],"_links":{"self":[{"href":"https:\/\/www.comisionporlamemoria.org\/informeanual2021\/wp-json\/wp\/v2\/pages\/2548","targetHints":{"allow":["GET"]}}],"collection":[{"href":"https:\/\/www.comisionporlamemoria.org\/informeanual2021\/wp-json\/wp\/v2\/pages"}],"about":[{"href":"https:\/\/www.comisionporlamemoria.org\/informeanual2021\/wp-json\/wp\/v2\/types\/page"}],"author":[{"embeddable":true,"href":"https:\/\/www.comisionporlamemoria.org\/informeanual2021\/wp-json\/wp\/v2\/users\/32"}],"replies":[{"embeddable":true,"href":"https:\/\/www.comisionporlamemoria.org\/informeanual2021\/wp-json\/wp\/v2\/comments?post=2548"}],"version-history":[{"count":0,"href":"https:\/\/www.comisionporlamemoria.org\/informeanual2021\/wp-json\/wp\/v2\/pages\/2548\/revisions"}],"wp:attachment":[{"href":"https:\/\/www.comisionporlamemoria.org\/informeanual2021\/wp-json\/wp\/v2\/media?parent=2548"}],"curies":[{"name":"wp","href":"https:\/\/api.w.org\/{rel}","templated":true}]}}