{"id":2548,"date":"2021-07-21T11:19:30","date_gmt":"2021-07-21T11:19:30","guid":{"rendered":"https:\/\/www.comisionporlamemoria.org\/informeanual2022\/?page_id=2548"},"modified":"2022-08-16T14:16:15","modified_gmt":"2022-08-16T14:16:15","slug":"seccion-inteligencia-y-espionaje-ilegal","status":"publish","type":"page","link":"https:\/\/www.comisionporlamemoria.org\/informeanual2022\/seccion-inteligencia-y-espionaje-ilegal\/","title":{"rendered":"Secci\u00f3n Inteligencia y espionaje ilegal"},"content":{"rendered":"<p><div id=\"fusion-scroll-section-1\" class=\"fusion-scroll-section fusion-scroll-section\" data-section=\"1\" data-animation=\"fade\" data-speed=\"800\" ><div class=\"fusion-scroll-section-element active\" data-section=\"1\" data-element=\"1\" style=\"transition-duration:200ms;&quot;\" ><div class=\"fusion-fullwidth fullwidth-box fusion-builder-row-1 hundred-percent-fullwidth hundred-percent-height hundred-percent-height-center-content hundred-percent-height-scrolling fusion-equal-height-columns\" style=\"--awb-border-radius-top-left:0px;--awb-border-radius-top-right:0px;--awb-border-radius-bottom-right:0px;--awb-border-radius-bottom-left:0px;--awb-padding-top:0px;--awb-padding-right:0px;--awb-padding-bottom:0px;--awb-padding-left:0px;--awb-flex-wrap:wrap;\" ><div class=\"fusion-fullwidth-center-content\"><div class=\"fusion-builder-row fusion-row\"><div class=\"fusion-layout-column fusion_builder_column fusion-builder-column-0 fusion_builder_column_1_1 1_1 fusion-one-full fusion-column-first fusion-column-last fusion-no-small-visibility fusion-no-medium-visibility fusion-animated\" style=\"--awb-padding-top:20%;--awb-padding-right:12%;--awb-padding-bottom:18%;--awb-padding-left:12%;--awb-bg-size:cover;--awb-margin-top:0px;--awb-margin-bottom:0px;\" data-animationType=\"fadeIn\" data-animationDuration=\"0.8\" data-animationOffset=\"top-into-view\"><div class=\"fusion-column-wrapper fusion-column-has-shadow fusion-flex-column-wrapper-legacy\"><div class=\"fusion-column-content-centered\"><div class=\"fusion-column-content\"><div class=\"fusion-text fusion-text-1 fusion-animated\" style=\"--awb-font-size:20px;\" data-animationType=\"fadeInLeft\" data-animationDuration=\"0.7\" data-animationOffset=\"top-into-view\"><p style=\"text-align: center;\">El sistema de la crueldad XVI<\/p>\n<\/div><div class=\"fusion-sep-clear\"><\/div><div class=\"fusion-separator\" style=\"margin-left: auto;margin-right: auto;margin-bottom:10%;width:100%;max-width:50%;\"><div class=\"fusion-separator-border sep-single sep-solid\" style=\"--awb-height:20px;--awb-amount:20px;border-color:#d1d1d1;border-top-width:1px;\"><\/div><\/div><div class=\"fusion-sep-clear\"><\/div><div class=\"fusion-title title fusion-title-1 fusion-sep-none fusion-title-center fusion-title-text fusion-title-size-two\" style=\"--awb-margin-top-small:0px;--awb-margin-right-small:0px;--awb-margin-bottom-small:20px;--awb-margin-left-small:0px;--awb-font-size:50px;\"><h2 class=\"fusion-title-heading title-heading-center fusion-responsive-typography-calculated\" style=\"margin:0;font-size:1em;--fontSize:50;line-height:1.28;\">Inteligencia y espionaje ilegal<\/h2><\/div><div class=\"fusion-sep-clear\"><\/div><div class=\"fusion-separator fusion-full-width-sep\" style=\"margin-left: auto;margin-right: auto;margin-bottom:10%;width:100%;\"><\/div><div class=\"fusion-sep-clear\"><\/div><div class=\"fusion-button-wrapper fusion-aligncenter\"><a class=\"fusion-button button-flat fusion-button-default-size button-custom fusion-button-default button-1 fusion-button-default-span fusion-button-default-type\" style=\"--button_accent_color:#181818;--button_border_color:#181818;--button_accent_hover_color:#181818;--button_border_hover_color:#ffffff;--button_gradient_top_color:rgba(255,255,255,0);--button_gradient_bottom_color:rgba(255,255,255,0);--button_gradient_top_color_hover:#ffffff;--button_gradient_bottom_color_hover:#ffffff;\" target=\"_blank\" rel=\"noopener noreferrer\" href=\"https:\/\/www.comisionporlamemoria.org\/informeanual2022\/wp-content\/uploads\/sites\/16\/sites\/38\/2022\/08\/Informe-2022_corrupcion-e-inteligencia.pdf\"><span class=\"fusion-button-text awb-button__text awb-button__text--default\">Descargar secci\u00f3n completa en PDF<\/span><i class=\"fa-download fas awb-button__icon awb-button__icon--default button-icon-right\" aria-hidden=\"true\"><\/i><\/a><\/div><\/div><\/div><div class=\"fusion-clearfix\"><\/div><\/div><\/div><div class=\"fusion-layout-column fusion_builder_column fusion-builder-column-1 fusion_builder_column_1_1 1_1 fusion-one-full fusion-column-first fusion-column-last fusion-no-large-visibility\" style=\"--awb-padding-top:8%;--awb-padding-bottom:8%;--awb-bg-size:cover;--awb-margin-top:0px;--awb-margin-bottom:0px;\"><div class=\"fusion-column-wrapper fusion-column-has-shadow fusion-flex-column-wrapper-legacy\"><div class=\"fusion-column-content-centered\"><div class=\"fusion-column-content\"><div class=\"fusion-text fusion-text-2\"><p style=\"text-align: center;\">Sistema de la crueldad XVI<\/p>\n<\/div><div class=\"fusion-sep-clear\"><\/div><div class=\"fusion-separator\" style=\"margin-left: auto;margin-right: auto;margin-bottom:8%;width:100%;max-width:50%;\"><div class=\"fusion-separator-border sep-single sep-solid\" style=\"--awb-height:20px;--awb-amount:20px;border-color:#d1d1d1;border-top-width:1px;\"><\/div><\/div><div class=\"fusion-sep-clear\"><\/div><div class=\"fusion-title title fusion-title-2 fusion-sep-none fusion-title-center fusion-title-text fusion-title-size-one\" style=\"--awb-margin-bottom:10%;--awb-margin-top-small:0px;--awb-margin-right-small:0px;--awb-margin-bottom-small:20px;--awb-margin-left-small:0px;--awb-font-size:50px;\"><h1 class=\"fusion-title-heading title-heading-center fusion-responsive-typography-calculated\" style=\"margin:0;font-size:1em;--fontSize:50;line-height:1.2;\">Inteligencia y espionaje ilegal<\/h1><\/div><div class=\"fusion-sep-clear\"><\/div><div class=\"fusion-separator fusion-full-width-sep\" style=\"margin-left: auto;margin-right: auto;margin-bottom:4%;width:100%;\"><\/div><div class=\"fusion-sep-clear\"><\/div><div class=\"fusion-button-wrapper fusion-aligncenter\"><a class=\"fusion-button button-flat fusion-button-default-size button-custom fusion-button-default button-2 fusion-button-default-span fusion-button-default-type fusion-animated\" style=\"--button_accent_color:#181818;--button_border_color:#181818;--button_accent_hover_color:#181818;--button_border_hover_color:#ffffff;--button_gradient_top_color:rgba(255,255,255,0);--button_gradient_bottom_color:rgba(255,255,255,0);--button_gradient_top_color_hover:#ffffff;--button_gradient_bottom_color_hover:#ffffff;\" data-animationType=\"fadeInLeft\" data-animationDuration=\"0.3\" data-animationOffset=\"top-into-view\" target=\"_blank\" rel=\"noopener noreferrer\" href=\"https:\/\/www.comisionporlamemoria.org\/informeanual2022\/wp-content\/uploads\/sites\/16\/sites\/38\/2022\/08\/Informe-2022_corrupcion-e-inteligencia.pdf\"><span class=\"fusion-button-text awb-button__text awb-button__text--default\">Descargar secci\u00f3n completa en PDF<\/span><i class=\"fa-download fas awb-button__icon awb-button__icon--default button-icon-right\" aria-hidden=\"true\"><\/i><\/a><\/div><\/div><\/div><div class=\"fusion-clearfix\"><\/div><\/div><\/div><\/div><\/div><\/div><\/div><nav id=\"fusion-scroll-section-nav-1\" class=\"fusion-scroll-section-nav scroll-navigation-right\" data-section=\"1\" ><ul><li><a href=\"#fusion-scroll-section-element-1-1\" class=\"fusion-scroll-section-link\" data-name=\"Cabecera\" data-element=\"1\"><span class=\"fusion-scroll-section-link-bullet\"><\/span><\/a><\/li><\/ul><\/nav><\/div><div class=\"fusion-fullwidth fullwidth-box fusion-builder-row-2 nonhundred-percent-fullwidth non-hundred-percent-height-scrolling\" style=\"--awb-border-radius-top-left:0px;--awb-border-radius-top-right:0px;--awb-border-radius-bottom-right:0px;--awb-border-radius-bottom-left:0px;--awb-margin-top:5%;--awb-margin-bottom:2%;--awb-flex-wrap:wrap;\" ><div class=\"fusion-builder-row fusion-row\"><div class=\"fusion-layout-column fusion_builder_column fusion-builder-column-2 fusion_builder_column_1_1 1_1 fusion-one-full fusion-column-first fusion-column-last\" style=\"--awb-padding-top:2%;--awb-padding-right:2%;--awb-padding-bottom:2%;--awb-padding-left:2%;--awb-bg-size:cover;--awb-border-color:#181818;--awb-border-top:2px;--awb-border-right:2px;--awb-border-bottom:2px;--awb-border-left:2px;--awb-border-style:solid;\"><div class=\"fusion-column-wrapper fusion-column-has-shadow fusion-flex-column-wrapper-legacy\"><div class=\"fusion-title title fusion-title-3 fusion-sep-none fusion-title-text fusion-title-size-five\" style=\"--awb-margin-top-small:0px;--awb-margin-right-small:0px;--awb-margin-bottom-small:20px;--awb-margin-left-small:0px;\"><h5 class=\"fusion-title-heading title-heading-left fusion-responsive-typography-calculated\" style=\"margin:0;--fontSize:20;--minFontSize:20;line-height:1.5;\">SOBRE ESTA SECCI\u00d3N<\/h5><\/div><div class=\"fusion-text fusion-text-3 fusion-animated\" data-animationType=\"fadeInLeft\" data-animationDuration=\"0.3\" data-animationOffset=\"top-into-view\"><p><strong>Pol\u00edticas de control de la corrupci\u00f3n y la inteligencia ilegal<\/strong><\/p>\n<p style=\"text-align: justify;\">La combinaci\u00f3n sistem\u00e1tica de actos de corrupci\u00f3n y de tortura afecta derechos y garant\u00edas fundamentales de las personas privadas de libertad y de las v\u00edctimas de violencia policial-judicial. Existe, por lo tanto, un v\u00ednculo inextricable entre la tortura, la violaci\u00f3n de derechos humanos en general y la corrupci\u00f3n.<\/p>\n<p style=\"text-align: justify;\"><strong>Violencia carcelaria y corrupci\u00f3n<\/strong><\/p>\n<p style=\"text-align: justify;\">En el sistema penitenciario, los actos de corrupci\u00f3n son de car\u00e1cter estructural: est\u00e1n insertas en su andamiaje burocr\u00e1tico, son naturalizadas por los agentes y autoridades, y padecidas por las personas privadas de libertad, familiares y allegados.<\/p>\n<p style=\"text-align: justify;\">El cuadro de corrupci\u00f3n, hacinamiento y violencia se reitera en todas las c\u00e1rceles bonaerenses: venta de pabellones, camas, colchones, comida, visitas \u00edntimas, carnets y\/o permisos laborales, educativos o recreativos, estupefacientes e incluso graves denuncias por hechos de trata, entre otras, resultan pr\u00e1cticas regulares, con la direcci\u00f3n, anuencia y\/o complicidad de las autoridades penitenciarias.<\/p>\n<p style=\"text-align: justify;\">Durante la actual gesti\u00f3n de gobierno se implement\u00f3 una pol\u00edtica activa en materia de investigaci\u00f3n de este tipo de hechos, a cargo de la Auditor\u00eda de Asuntos Internos del Ministerio de Justicia y Derechos Humanos. En el \u00faltimo a\u00f1o se iniciaron 584 sumarios administrativos contra funcionarios penitenciarios por hechos de corrupci\u00f3n y tenencia y\/o comercializaci\u00f3n de estupefacientes. Muchas de estas denuncias motivaron la adopci\u00f3n de sanciones. En este marco, por ejemplo, en agosto de 2021 se removi\u00f3 de sus cargos a la c\u00fapula de oficiales que dirig\u00eda la Unidad 1 de Olmos.<\/p>\n<p style=\"text-align: justify;\">No obstantes, es necesaria una urgente revisi\u00f3n de la estrategia de prevenci\u00f3n, investigaci\u00f3n y control por parte de los organismos p\u00fablicos competentes y una jerarquizaci\u00f3n e independencia del esquema contralor, ante la magnitud y sistematicidad de la problem\u00e1tica.<\/p>\n<p style=\"text-align: justify;\"><strong>Violencia policial-judicial y corrupci\u00f3n<\/strong><\/p>\n<p style=\"text-align: justify;\">Los mercados ilegales y el crimen organizado son, en gran medida, gestionados por una trama policial-judicial. No estamos ante hechos aislados o puntuales de determinados agentes y\/o funcionarios con conductas irregulares, sino que estas pr\u00e1cticas funcionan dentro de un esquema sist\u00e9mico, rutinario y recurrente de las fuerzas policiales. En muchos casos, en estrecha conexi\u00f3n con funcionarios judiciales (como se desprende del caso del fiscal Claudio Scapol\u00e1n y el personal de su fiscal\u00eda imputados), que validan investigaciones irregulares y habilitan una bater\u00eda de acciones discrecionales, tales como tareas investigativas desprovistas de evidencia o pistas falsas en base a escuchas telef\u00f3nicas. Una de las pr\u00e1cticas m\u00e1s eficaces es el armado y\/o fraguado de causas penales, extorsiones y\/o exigencias monetarias.<\/p>\n<p style=\"text-align: justify;\">Seg\u00fan informaci\u00f3n del Registro de expulsados e inhabilitados de la Auditor\u00eda General de Asuntos Internos del Ministerio de Seguridad bonaerense, en el per\u00edodo 2015-2021 fueron expulsados de la Polic\u00eda de la provincia de Buenos Aires 2.772 agentes. Luego de un pico de expulsiones en 2018, se nota una descenso paulatino, con 301 expulsados en 2020 y 182 hasta junio de 2021.<\/p>\n<p style=\"text-align: justify;\">La mayor cantidad de expulsiones de personal policial correspondi\u00f3 a abandono de servicio, seguido por las categor\u00edas de connivencia o participaci\u00f3n en cr\u00edmenes comunes, infracciones de contenido patrimonial, violencia policial, irregularidades funcionales graves en dependencias, violencia de g\u00e9nero y corrupci\u00f3n.<\/p>\n<p style=\"text-align: justify;\"><strong>Inteligencia ilegal e informes de la CPM a la Comisi\u00f3n Bicameral<\/strong><\/p>\n<p style=\"text-align: justify;\">A lo largo de 2021, la apertura y el tr\u00e1mite de numerosas causas judiciales en las que se investigan hechos vinculados a inteligencia ilegal muestran la magnitud del aparato de espionaje montado por los gobiernos nacional y provincial en el per\u00edodo 2015-2019. Asimismo, reflejan la profunda crisis que atraviesa el sistema de inteligencia desde larga data y su impacto en los subsistemas de inteligencia criminal y de las provincias.\u00a0 Desde 1983 a la actualidad, las agencias encargadas de producir inteligencia funcionaron como instrumentos polivalentes al servicio del poder de turno para la producci\u00f3n de inteligencia pol\u00edtica.<\/p>\n<p style=\"text-align: justify;\">Como dijimos en informes anteriores, la intervenci\u00f3n de la AFI y la designaci\u00f3n de Cristina Caama\u00f1o, que llev\u00f3 a cabo una pol\u00edtica de saneamiento y transparencia del accionar de este organismo, es un punto de partida para consolidar otra institucionalidad en este tema. A pesar del importante c\u00famulo de pruebas documentales y testimoniales y la inusitada gravedad de los hechos, el avance de las causas se vio frenado por el corporativismo judicial que, con epicentro en los tribunales federales de Comodoro Py, ha funcionado como dispositivo de protecci\u00f3n pol\u00edtica y judicial de muchos de los imputados.<\/p>\n<p style=\"text-align: justify;\">En mayo del 2021 la CPM present\u00f3 un informe ante la Comisi\u00f3n bicameral de fiscalizaci\u00f3n de los organismos y actividades de inteligencia que propone\u00a0algunos ejes para la discusi\u00f3n de una reforma integral del sistema nacional de inteligencia. El rol de las bases de la AFI a cargo de personal policial retirado, sus objetivos de inteligencia, el espionaje ilegal dentro de establecimientos penitenciarios as\u00ed como la penetraci\u00f3n en la justicia provincial del sistema de inteligencia ilegal, montado a nivel nacional en articulaci\u00f3n con sectores del Ministerio P\u00fablico Fiscal de la provincia, son algunos de los principales puntos.<\/p>\n<p style=\"text-align: justify;\">Todav\u00eda resta una profunda reforma que se traduzca en una nueva normativa en pos de respetar los derechos fundamentales y garant\u00edas.<\/p>\n<\/div><div class=\"fusion-clearfix\"><\/div><\/div><\/div><\/div><\/div><div class=\"fusion-fullwidth fullwidth-box fusion-builder-row-3 fusion-flex-container nonhundred-percent-fullwidth non-hundred-percent-height-scrolling\" style=\"--awb-border-radius-top-left:0px;--awb-border-radius-top-right:0px;--awb-border-radius-bottom-right:0px;--awb-border-radius-bottom-left:0px;--awb-flex-wrap:wrap;\" ><div class=\"fusion-builder-row fusion-row fusion-flex-align-items-flex-start fusion-flex-content-wrap\" style=\"max-width:83.2%;margin-left: calc(-4% \/ 2 );margin-right: calc(-4% \/ 2 );\"><div class=\"fusion-layout-column fusion_builder_column fusion-builder-column-3 fusion_builder_column_1_1 1_1 fusion-flex-column\" style=\"--awb-bg-size:cover;--awb-width-large:100%;--awb-margin-top-large:20px;--awb-spacing-right-large:1.92%;--awb-margin-bottom-large:20px;--awb-spacing-left-large:1.92%;--awb-width-medium:100%;--awb-order-medium:0;--awb-spacing-right-medium:1.92%;--awb-spacing-left-medium:1.92%;--awb-width-small:100%;--awb-order-small:0;--awb-spacing-right-small:1.92%;--awb-spacing-left-small:1.92%;\"><div class=\"fusion-column-wrapper fusion-column-has-shadow fusion-flex-justify-content-flex-start fusion-content-layout-column\"><div class=\"fusion-text fusion-text-4\">\n<\/div><\/div><\/div><\/div><\/div><\/p>\n","protected":false},"excerpt":{"rendered":"","protected":false},"author":14,"featured_media":0,"parent":0,"menu_order":0,"comment_status":"closed","ping_status":"closed","template":"100-width.php","meta":{"footnotes":""},"class_list":["post-2548","page","type-page","status-publish","hentry"],"_links":{"self":[{"href":"https:\/\/www.comisionporlamemoria.org\/informeanual2022\/wp-json\/wp\/v2\/pages\/2548","targetHints":{"allow":["GET"]}}],"collection":[{"href":"https:\/\/www.comisionporlamemoria.org\/informeanual2022\/wp-json\/wp\/v2\/pages"}],"about":[{"href":"https:\/\/www.comisionporlamemoria.org\/informeanual2022\/wp-json\/wp\/v2\/types\/page"}],"author":[{"embeddable":true,"href":"https:\/\/www.comisionporlamemoria.org\/informeanual2022\/wp-json\/wp\/v2\/users\/14"}],"replies":[{"embeddable":true,"href":"https:\/\/www.comisionporlamemoria.org\/informeanual2022\/wp-json\/wp\/v2\/comments?post=2548"}],"version-history":[{"count":0,"href":"https:\/\/www.comisionporlamemoria.org\/informeanual2022\/wp-json\/wp\/v2\/pages\/2548\/revisions"}],"wp:attachment":[{"href":"https:\/\/www.comisionporlamemoria.org\/informeanual2022\/wp-json\/wp\/v2\/media?parent=2548"}],"curies":[{"name":"wp","href":"https:\/\/api.w.org\/{rel}","templated":true}]}}