{"id":2541,"date":"2021-07-21T11:10:45","date_gmt":"2021-07-21T11:10:45","guid":{"rendered":"https:\/\/www.comisionporlamemoria.org\/informeanual2023\/?page_id=2541"},"modified":"2023-08-25T15:28:37","modified_gmt":"2023-08-25T18:28:37","slug":"seccion-politicas-de-salud-mental","status":"publish","type":"page","link":"https:\/\/www.comisionporlamemoria.org\/informeanual2023\/seccion-politicas-de-salud-mental\/","title":{"rendered":"Secci\u00f3n Pol\u00edticas de salud mental"},"content":{"rendered":"<p><div class=\"fusion-fullwidth fullwidth-box fusion-builder-row-1 has-pattern-background has-mask-background hundred-percent-fullwidth hundred-percent-height hundred-percent-height-center-content non-hundred-percent-height-scrolling fusion-equal-height-columns\" style=\"--awb-border-radius-top-left:0px;--awb-border-radius-top-right:0px;--awb-border-radius-bottom-right:0px;--awb-border-radius-bottom-left:0px;--awb-padding-top:0px;--awb-padding-right:0px;--awb-padding-bottom:0px;--awb-padding-left:0px;--awb-flex-wrap:wrap;\" ><div class=\"fusion-fullwidth-center-content\"><div class=\"fusion-builder-row fusion-row\"><div class=\"fusion-layout-column fusion_builder_column fusion-builder-column-0 fusion_builder_column_1_1 1_1 fusion-one-full fusion-column-first fusion-column-last fusion-no-small-visibility fusion-no-medium-visibility fusion-animated\" style=\"--awb-padding-top:20%;--awb-padding-right:12%;--awb-padding-bottom:18%;--awb-padding-left:12%;--awb-bg-size:cover;--awb-margin-top:0px;--awb-margin-bottom:0px;\" data-animationType=\"fadeIn\" data-animationDuration=\"0.8\" data-animationOffset=\"top-into-view\"><div class=\"fusion-column-wrapper fusion-column-has-shadow fusion-flex-column-wrapper-legacy\"><div class=\"fusion-column-content-centered\"><div class=\"fusion-column-content\"><div class=\"fusion-text fusion-text-1 fusion-animated\" style=\"--awb-font-size:20px;\" data-animationType=\"fadeInLeft\" data-animationDuration=\"0.7\" data-animationOffset=\"top-into-view\"><p style=\"text-align: center;\">El sistema de la crueldad XVII<\/p>\n<\/div><div class=\"fusion-sep-clear\"><\/div><div class=\"fusion-separator\" style=\"margin-left: auto;margin-right: auto;margin-bottom:10%;width:100%;max-width:50%;\"><div class=\"fusion-separator-border sep-single sep-solid\" style=\"--awb-height:20px;--awb-amount:20px;border-color:#d1d1d1;border-top-width:1px;\"><\/div><\/div><div class=\"fusion-sep-clear\"><\/div><div class=\"fusion-title title fusion-title-1 fusion-sep-none fusion-title-center fusion-title-text fusion-title-size-two\" style=\"--awb-margin-top-small:0px;--awb-margin-right-small:0px;--awb-margin-bottom-small:20px;--awb-margin-left-small:0px;--awb-font-size:50px;\"><h2 class=\"fusion-title-heading title-heading-center fusion-responsive-typography-calculated\" style=\"margin:0;font-size:1em;--fontSize:50;line-height:1.28;\">Pol\u00edticas de salud mental<\/h2><\/div><div class=\"fusion-sep-clear\"><\/div><div class=\"fusion-separator fusion-full-width-sep\" style=\"margin-left: auto;margin-right: auto;margin-bottom:10%;width:100%;\"><\/div><div class=\"fusion-sep-clear\"><\/div><div class=\"fusion-button-wrapper fusion-aligncenter\"><a class=\"fusion-button button-flat fusion-button-default-size button-custom fusion-button-default button-1 fusion-button-default-span fusion-button-default-type\" style=\"--button_accent_color:#181818;--button_border_color:#181818;--button_accent_hover_color:#181818;--button_border_hover_color:#ffffff;--button_gradient_top_color:rgba(255,255,255,0);--button_gradient_bottom_color:rgba(255,255,255,0);--button_gradient_top_color_hover:#ffffff;--button_gradient_bottom_color_hover:#ffffff;\" target=\"_blank\" rel=\"noopener noreferrer\" href=\"https:\/\/www.comisionporlamemoria.org\/informeanual2023\/wp-content\/uploads\/sites\/16\/sites\/40\/2023\/08\/6-Politicas-de-salud-mental.pdf\"><span class=\"fusion-button-text awb-button__text awb-button__text--default\">Descargar secci\u00f3n completa en PDF<\/span><i class=\"fa-download fas awb-button__icon awb-button__icon--default button-icon-right\" aria-hidden=\"true\"><\/i><\/a><\/div><\/div><\/div><div class=\"fusion-clearfix\"><\/div><\/div><\/div><div class=\"fusion-layout-column fusion_builder_column fusion-builder-column-1 fusion_builder_column_1_1 1_1 fusion-one-full fusion-column-first fusion-column-last fusion-no-large-visibility\" style=\"--awb-padding-top:8%;--awb-padding-bottom:8%;--awb-bg-size:cover;--awb-margin-top:0px;--awb-margin-bottom:0px;\"><div class=\"fusion-column-wrapper fusion-column-has-shadow fusion-flex-column-wrapper-legacy\"><div class=\"fusion-column-content-centered\"><div class=\"fusion-column-content\"><div class=\"fusion-text fusion-text-2\"><p style=\"text-align: center;\">Sistema de la crueldad XVII<\/p>\n<\/div><div class=\"fusion-sep-clear\"><\/div><div class=\"fusion-separator\" style=\"margin-left: auto;margin-right: auto;margin-bottom:8%;width:100%;max-width:50%;\"><div class=\"fusion-separator-border sep-single sep-solid\" style=\"--awb-height:20px;--awb-amount:20px;border-color:#d1d1d1;border-top-width:1px;\"><\/div><\/div><div class=\"fusion-sep-clear\"><\/div><div class=\"fusion-title title fusion-title-2 fusion-sep-none fusion-title-center fusion-title-text fusion-title-size-one\" style=\"--awb-margin-bottom:10%;--awb-margin-top-small:0px;--awb-margin-right-small:0px;--awb-margin-bottom-small:20px;--awb-margin-left-small:0px;--awb-font-size:50px;\"><h1 class=\"fusion-title-heading title-heading-center fusion-responsive-typography-calculated\" style=\"margin:0;font-size:1em;--fontSize:50;line-height:1.2;\">Pol\u00edticas de salud mental<\/h1><\/div><div class=\"fusion-sep-clear\"><\/div><div class=\"fusion-separator fusion-full-width-sep\" style=\"margin-left: auto;margin-right: auto;margin-bottom:4%;width:100%;\"><\/div><div class=\"fusion-sep-clear\"><\/div><div class=\"fusion-button-wrapper fusion-aligncenter\"><a class=\"fusion-button button-flat fusion-button-default-size button-custom fusion-button-default button-2 fusion-button-default-span fusion-button-default-type fusion-animated\" style=\"--button_accent_color:#181818;--button_border_color:#181818;--button_accent_hover_color:#181818;--button_border_hover_color:#ffffff;--button_gradient_top_color:rgba(255,255,255,0);--button_gradient_bottom_color:rgba(255,255,255,0);--button_gradient_top_color_hover:#ffffff;--button_gradient_bottom_color_hover:#ffffff;\" data-animationType=\"fadeInLeft\" data-animationDuration=\"0.3\" data-animationOffset=\"top-into-view\" target=\"_blank\" rel=\"noopener noreferrer\" href=\"https:\/\/www.comisionporlamemoria.org\/informeanual2023\/wp-content\/uploads\/sites\/16\/sites\/40\/2023\/08\/6-Politicas-de-salud-mental.pdf\"><span class=\"fusion-button-text awb-button__text awb-button__text--default\">Descargar secci\u00f3n completa en PDF<\/span><i class=\"fa-download fas awb-button__icon awb-button__icon--default button-icon-right\" aria-hidden=\"true\"><\/i><\/a><\/div><\/div><\/div><div class=\"fusion-clearfix\"><\/div><\/div><\/div><\/div><\/div><\/div><div class=\"fusion-fullwidth fullwidth-box fusion-builder-row-2 nonhundred-percent-fullwidth non-hundred-percent-height-scrolling\" style=\"--awb-border-radius-top-left:0px;--awb-border-radius-top-right:0px;--awb-border-radius-bottom-right:0px;--awb-border-radius-bottom-left:0px;--awb-margin-top:5%;--awb-margin-bottom:2%;--awb-flex-wrap:wrap;\" ><div class=\"fusion-builder-row fusion-row\"><div class=\"fusion-layout-column fusion_builder_column fusion-builder-column-2 fusion_builder_column_1_1 1_1 fusion-one-full fusion-column-first fusion-column-last\" style=\"--awb-padding-top:2%;--awb-padding-right:2%;--awb-padding-bottom:2%;--awb-padding-left:2%;--awb-bg-size:cover;--awb-border-color:#181818;--awb-border-top:2px;--awb-border-right:2px;--awb-border-bottom:2px;--awb-border-left:2px;--awb-border-style:solid;\"><div class=\"fusion-column-wrapper fusion-column-has-shadow fusion-flex-column-wrapper-legacy\"><div class=\"fusion-title title fusion-title-3 fusion-sep-none fusion-title-text fusion-title-size-five\" style=\"--awb-margin-top-small:0px;--awb-margin-right-small:0px;--awb-margin-bottom-small:20px;--awb-margin-left-small:0px;\"><h5 class=\"fusion-title-heading title-heading-left fusion-responsive-typography-calculated\" style=\"margin:0;--fontSize:20;--minFontSize:20;line-height:1.5;\">SOBRE ESTA SECCI\u00d3N<\/h5><\/div><div class=\"fusion-text fusion-text-3 fusion-animated\" data-animationType=\"fadeInLeft\" data-animationDuration=\"0.3\" data-animationOffset=\"top-into-view\"><p style=\"text-align: justify;\"><strong>Salud mental<\/strong><\/p>\n<p style=\"text-align: justify;\">A 10 a\u00f1os de la adhesi\u00f3n de la provincia de Buenos Aires a la Ley 14.580 de Salud Mental, se destacan durante 2022 algunos avances del Estado provincial en la elaboraci\u00f3n de recursos, pautas y gu\u00edas de abordaje; la constituci\u00f3n de mesas intersectoriales y la presentaci\u00f3n del <em>Registro \u00danico Provincial de Establecimientos de Salud (RUPES), <\/em>que contempla las instituciones habilitadas en el \u00e1mbito privado. Sin embargo, resulta urgente la formalizaci\u00f3n y aplicaci\u00f3n de estos lineamientos.<\/p>\n<p style=\"text-align: justify;\">Hay deudas que siguen pendientes: las unidades penitenciarias neuropsiqui\u00e1tricas no han sido contempladas ni incluidas en el plan provincial sexagenal; en los hospitales neuropsiqui\u00e1tricos monovalentes p\u00fablicos se siguen constatando l\u00f3gicas manicomiales y vulneraciones de derechos; respecto al \u00e1rea de consumo problem\u00e1tico y\/o adicciones el sector privado cubre el vac\u00edo estatal, una ausencia que lleva a una total discrecionalidad de las instituciones privadas. En el encierro prima la l\u00f3gica de seguridad por sobre el criterio sanitario y en cuanto a la intervenci\u00f3n de fuerzas de seguridad en situaciones que involucran a personas con padecimiento mental se detecta la falta de formaci\u00f3n y perspectiva para reconocer una crisis subjetiva y dar intervenci\u00f3n al sistema de salud.<\/p>\n<p style=\"text-align: justify;\"><strong>Hospitales monovalentes<\/strong><\/p>\n<p style=\"text-align: justify;\">La cantidad de personas internadas en los cuatro hospitales monovalentes de la Provincia disminuy\u00f3 un 9% respecto del 2021. Sin embargo, las cifras indican que las externaciones no son efectivas: de 999 ingresos, el 56% (557) fueron reinternaciones, que en los \u00faltimos cinco a\u00f1os siempre fueron superiores a la de las externaciones. Esto da cuenta de la falta dispositivos intermedios en la comunidad para sostener un tratamiento ambulatorio y de recursos en los dispositivos existentes.<\/p>\n<p style=\"text-align: justify;\">Adem\u00e1s se identificaron servicios de internaci\u00f3n sobrepasados en su capacidad, hacinamiento, personal insuficiente, sometimiento a r\u00e9gimen de aislamiento, aplicaci\u00f3n de sujeci\u00f3n mec\u00e1nica sin regulaci\u00f3n ni control, condiciones materiales indignas, sobremedicaci\u00f3n y prolongaci\u00f3n de internaciones por razones sociales.<\/p>\n<p style=\"text-align: justify;\"><strong>Comunidades terap\u00e9uticas<\/strong><\/p>\n<p style=\"text-align: justify;\">Durante el a\u00f1o, se monitorearon cinco comunidades terap\u00e9uticas donde se constat\u00f3 que las pr\u00e1cticas que violan derechos fundamentales en estos espacios son comunes y estructurales. El control del Estado sobre estos lugares es m\u00ednimo y la articulaci\u00f3n endeble o inexistente. Muchas internaciones son irregulares o directamente ilegales y constituyen secuestros y privaciones ilegales de la libertad. El modelo de abordaje es un sistema de l\u00f3gica disciplinaria de premios y castigos que a veces se constituye como justificaci\u00f3n de la vulneraci\u00f3n de derechos. No s\u00f3lo no se adec\u00faa a la LNSM, adem\u00e1s se incumple en todos los casos con la ley nacional\u00a0 26.529 que regula la\u00a0 confecci\u00f3n de historias cl\u00ednicas y el consentimiento informado.<\/p>\n<p style=\"text-align: justify;\">En estos lugares se relevaron, adem\u00e1s, condiciones materiales riesgosas, pr\u00e1cticas sistem\u00e1ticas de violencia, aislamiento, malos tratos y hasta casos de abusos sexuales.<\/p>\n<p style=\"text-align: justify;\"><strong>C\u00e1rceles neuropsiqui\u00e1tricas<\/strong><\/p>\n<p style=\"text-align: justify;\">En las dos unidades designadas \u201cinstitutos neuropsiqui\u00e1tricos de seguridad\u201d no hay direcci\u00f3n, coordinaci\u00f3n ni presencia del Ministerio de Salud, por lo que est\u00e1n disociadas y desconectadas del sistema p\u00fablico y no fueron incluidas en el <em>Plan Provincial Sexagenal de Salud Mental<\/em>. No se adec\u00faan a la LNSM e incluso se aloja a personas sobrese\u00eddas que representan un porcentaje del 22% de los detenidos en el caso de la UP 34. En esta unidad a diciembre de 2022 se registraba un 48% de sobrepoblaci\u00f3n y se contaba con un m\u00e9dica\/o cada 32 personas detenidas y un psic\u00f3loga\/o cada 58 personas detenidas. En la unidad 45 se relev\u00f3 una muerte en el sector de aislamiento y la falta de abordaje de situaciones de violencia entre detenidas, ante las que la \u00fanica estrategia del personal es el aislamiento.<\/p>\n<p style=\"text-align: justify;\">Se comprob\u00f3 que se siguen aplicando pr\u00e1cticas de tortura en las dos unidades: sujeci\u00f3n mec\u00e1nica gravosa, sobremedicaci\u00f3n y aislamiento.\u00a0Las personas no reciben informaci\u00f3n sobre la medicaci\u00f3n que se les suministra, centralmente por medio de inyectables y bajo coacci\u00f3n, los profesionales de la salud no recorren los pabellones y todo esto se ve agravado por las condiciones materiales inhumanas de detenci\u00f3n.<\/p>\n<p style=\"text-align: justify;\">Las unidades denominadas \u201cneuropsiqui\u00e1tricas\u201d reproducen la l\u00f3gica de seguridad, control y vigilancia del resto de las c\u00e1rceles, profundizan el padecimiento mental, y aumentan la desafiliaci\u00f3n social. Lo mismo pasa en las unidades donde se dice abordar los consumos problem\u00e1ticos y adicciones: no cumplen con lo planteado discursivamente como objetivo institucional, ni se adecuan a la normativa vigente.<\/p>\n<p style=\"text-align: justify;\"><strong>Muertes por razones de salud mental<\/strong><\/p>\n<p style=\"text-align: justify;\">Durante 2022 se registraron 171 muertes de personas internadas por razones de salud mental en instituciones p\u00fablicas o privadas. El 75% (117) se produjeron en el sector p\u00fablico; la mayor cantidad, un 33%, se concentra en hospitales p\u00fablicos monovalentes (57) y existe una grave falencia en el registro de la causa de las muertes, sobre todo en el sector privado.<\/p>\n<p style=\"text-align: justify;\">La c\u00e1rcel 34 de Melchor Romero, considerada como unidad neuropsiqui\u00e1trica, es la que mayor cantidad de suicidios registra dentro del SPB en los \u00faltimos siete a\u00f1os. Cuando una persona con padecimiento mental manifiesta indicios de riesgo cierto e inminente, el primer actor estatal en arribar suelen ser agentes de las fuerzas de seguridad. La l\u00f3gica securitaria de esa intervenci\u00f3n se evidencia posteriormente en comisar\u00edas y c\u00e1rceles: cuadros agudos que, sin ning\u00fan tipo de abordaje integral ni asistencia, se agravan.<\/p>\n<\/div><div class=\"fusion-clearfix\"><\/div><\/div><\/div><\/div><\/div><div class=\"fusion-fullwidth fullwidth-box fusion-builder-row-3 fusion-flex-container nonhundred-percent-fullwidth non-hundred-percent-height-scrolling\" style=\"--awb-border-radius-top-left:0px;--awb-border-radius-top-right:0px;--awb-border-radius-bottom-right:0px;--awb-border-radius-bottom-left:0px;--awb-flex-wrap:wrap;\" ><div class=\"fusion-builder-row fusion-row fusion-flex-align-items-flex-start fusion-flex-content-wrap\" style=\"max-width:83.2%;margin-left: calc(-4% \/ 2 );margin-right: calc(-4% \/ 2 );\"><div class=\"fusion-layout-column fusion_builder_column fusion-builder-column-3 fusion_builder_column_1_1 1_1 fusion-flex-column\" style=\"--awb-bg-size:cover;--awb-width-large:100%;--awb-margin-top-large:20px;--awb-spacing-right-large:1.92%;--awb-margin-bottom-large:20px;--awb-spacing-left-large:1.92%;--awb-width-medium:100%;--awb-order-medium:0;--awb-spacing-right-medium:1.92%;--awb-spacing-left-medium:1.92%;--awb-width-small:100%;--awb-order-small:0;--awb-spacing-right-small:1.92%;--awb-spacing-left-small:1.92%;\"><div class=\"fusion-column-wrapper fusion-column-has-shadow fusion-flex-justify-content-flex-start fusion-content-layout-column\"><div class=\"fusion-video fusion-youtube\" style=\"--awb-max-width:600px;--awb-max-height:360px;\"><div class=\"video-shortcode\"><div class=\"fluid-width-video-wrapper\" style=\"padding-top:60%;\" ><iframe title=\"YouTube video player 1\" data-src=\"https:\/\/www.youtube.com\/embed\/ChYMuIP6V-4?wmode=transparent&autoplay=0\" width=\"600\" height=\"360\" allowfullscreen allow=\"autoplay; clipboard-write; encrypted-media; gyroscope; picture-in-picture;\" src=\"data:image\/svg+xml;base64,PHN2ZyB3aWR0aD0iMSIgaGVpZ2h0PSIxIiB4bWxucz0iaHR0cDovL3d3dy53My5vcmcvMjAwMC9zdmciPjwvc3ZnPg==\" class=\"lazyload\" data-load-mode=\"1\"><\/iframe><\/div><\/div><\/div><\/div><\/div><\/div><\/div><div class=\"fusion-fullwidth fullwidth-box fusion-builder-row-4 fusion-flex-container nonhundred-percent-fullwidth non-hundred-percent-height-scrolling\" style=\"--awb-border-radius-top-left:0px;--awb-border-radius-top-right:0px;--awb-border-radius-bottom-right:0px;--awb-border-radius-bottom-left:0px;--awb-flex-wrap:wrap;\" ><div class=\"fusion-builder-row fusion-row fusion-flex-align-items-flex-start fusion-flex-content-wrap\" style=\"max-width:83.2%;margin-left: calc(-4% \/ 2 );margin-right: calc(-4% \/ 2 );\"><div class=\"fusion-layout-column fusion_builder_column fusion-builder-column-4 fusion_builder_column_1_1 1_1 fusion-flex-column\" style=\"--awb-bg-size:cover;--awb-width-large:100%;--awb-margin-top-large:20px;--awb-spacing-right-large:1.92%;--awb-margin-bottom-large:20px;--awb-spacing-left-large:1.92%;--awb-width-medium:100%;--awb-order-medium:0;--awb-spacing-right-medium:1.92%;--awb-spacing-left-medium:1.92%;--awb-width-small:100%;--awb-order-small:0;--awb-spacing-right-small:1.92%;--awb-spacing-left-small:1.92%;\"><div class=\"fusion-column-wrapper fusion-column-has-shadow fusion-flex-justify-content-flex-start fusion-content-layout-column\"><div class=\"fusion-text fusion-text-4\">\n<\/div><\/div><\/div><\/div><\/div><\/p>\n","protected":false},"excerpt":{"rendered":"","protected":false},"author":14,"featured_media":3173,"parent":0,"menu_order":0,"comment_status":"closed","ping_status":"closed","template":"100-width.php","meta":{"footnotes":""},"class_list":["post-2541","page","type-page","status-publish","has-post-thumbnail","hentry"],"_links":{"self":[{"href":"https:\/\/www.comisionporlamemoria.org\/informeanual2023\/wp-json\/wp\/v2\/pages\/2541","targetHints":{"allow":["GET"]}}],"collection":[{"href":"https:\/\/www.comisionporlamemoria.org\/informeanual2023\/wp-json\/wp\/v2\/pages"}],"about":[{"href":"https:\/\/www.comisionporlamemoria.org\/informeanual2023\/wp-json\/wp\/v2\/types\/page"}],"author":[{"embeddable":true,"href":"https:\/\/www.comisionporlamemoria.org\/informeanual2023\/wp-json\/wp\/v2\/users\/14"}],"replies":[{"embeddable":true,"href":"https:\/\/www.comisionporlamemoria.org\/informeanual2023\/wp-json\/wp\/v2\/comments?post=2541"}],"version-history":[{"count":0,"href":"https:\/\/www.comisionporlamemoria.org\/informeanual2023\/wp-json\/wp\/v2\/pages\/2541\/revisions"}],"wp:featuredmedia":[{"embeddable":true,"href":"https:\/\/www.comisionporlamemoria.org\/informeanual2023\/wp-json\/wp\/v2\/media\/3173"}],"wp:attachment":[{"href":"https:\/\/www.comisionporlamemoria.org\/informeanual2023\/wp-json\/wp\/v2\/media?parent=2541"}],"curies":[{"name":"wp","href":"https:\/\/api.w.org\/{rel}","templated":true}]}}