{"id":2803,"date":"2022-07-19T18:15:03","date_gmt":"2022-07-19T18:15:03","guid":{"rendered":"https:\/\/www.comisionporlamemoria.org\/informeanual2024\/?page_id=2803"},"modified":"2024-09-10T13:57:14","modified_gmt":"2024-09-10T16:57:14","slug":"uso-letal-de-la-fuerza","status":"publish","type":"page","link":"https:\/\/www.comisionporlamemoria.org\/informeanual2024\/uso-letal-de-la-fuerza\/","title":{"rendered":"Uso letal de la fuerza"},"content":{"rendered":"<p><div class=\"fusion-fullwidth fullwidth-box fusion-builder-row-1 nonhundred-percent-fullwidth non-hundred-percent-height-scrolling\" style=\"--awb-border-radius-top-left:0px;--awb-border-radius-top-right:0px;--awb-border-radius-bottom-right:0px;--awb-border-radius-bottom-left:0px;--awb-padding-top:8%;--awb-flex-wrap:wrap;\" ><div class=\"fusion-builder-row fusion-row\"><div class=\"fusion-layout-column fusion_builder_column fusion-builder-column-0 fusion_builder_column_3_4 3_4 fusion-three-fourth fusion-column-first\" style=\"--awb-bg-size:cover;--awb-margin-top:0px;--awb-margin-bottom:0px;width:75%;width:calc(75% - ( ( 4% ) * 0.75 ) );margin-right: 4%;\"><div class=\"fusion-column-wrapper fusion-column-has-shadow fusion-flex-column-wrapper-legacy\"><div class=\"fusion-text fusion-text-1 caption\"><p>INFORME ANUAL 2023<\/p>\n<\/div><div class=\"fusion-title title fusion-title-1 fusion-sep-none fusion-title-text fusion-title-size-two\" style=\"--awb-margin-top-small:0px;--awb-margin-right-small:0px;--awb-margin-bottom-small:20px;--awb-margin-left-small:0px;\"><h2 class=\"fusion-title-heading title-heading-left fusion-responsive-typography-calculated\" style=\"margin:0;--fontSize:72;line-height:1.28;\">Uso letal de la fuerza<\/h2><\/div><div class=\"fusion-sep-clear\"><\/div><div class=\"fusion-separator fusion-clearfix\" style=\"float:left;margin-top:12%;margin-bottom:4%;width:100%;max-width:32px;\"><div class=\"fusion-separator-border sep-single sep-solid\" style=\"--awb-height:20px;--awb-amount:20px;--awb-sep-color:#181818;border-color:#181818;border-top-width:2px;\"><\/div><\/div><div class=\"fusion-sep-clear\"><\/div><div class=\"fusion-clearfix\"><\/div><\/div><\/div><div class=\"fusion-layout-column fusion_builder_column fusion-builder-column-1 fusion_builder_column_1_4 1_4 fusion-one-fourth fusion-column-last fusion-no-small-visibility fusion-no-medium-visibility\" style=\"--awb-bg-size:cover;width:25%;width:calc(25% - ( ( 4% ) * 0.25 ) );\"><div class=\"fusion-column-wrapper fusion-flex-column-wrapper-legacy\"><div class=\"fusion-clearfix\"><\/div><\/div><\/div><\/div><\/div><div class=\"fusion-fullwidth fullwidth-box fusion-builder-row-2 fusion-flex-container nonhundred-percent-fullwidth non-hundred-percent-height-scrolling\" style=\"--awb-border-radius-top-left:0px;--awb-border-radius-top-right:0px;--awb-border-radius-bottom-right:0px;--awb-border-radius-bottom-left:0px;--awb-flex-wrap:wrap;\" ><div class=\"fusion-builder-row fusion-row fusion-flex-align-items-flex-start fusion-flex-content-wrap\" style=\"max-width:83.2%;margin-left: calc(-4% \/ 2 );margin-right: calc(-4% \/ 2 );\"><div class=\"fusion-layout-column fusion_builder_column fusion-builder-column-2 fusion_builder_column_1_1 1_1 fusion-flex-column\" style=\"--awb-bg-size:cover;--awb-width-large:100%;--awb-margin-top-large:20px;--awb-spacing-right-large:1.92%;--awb-margin-bottom-large:20px;--awb-spacing-left-large:1.92%;--awb-width-medium:100%;--awb-order-medium:0;--awb-spacing-right-medium:1.92%;--awb-spacing-left-medium:1.92%;--awb-width-small:100%;--awb-order-small:0;--awb-spacing-right-small:1.92%;--awb-spacing-left-small:1.92%;\"><div class=\"fusion-column-wrapper fusion-column-has-shadow fusion-flex-justify-content-flex-start fusion-content-layout-column\"><div class=\"fusion-text fusion-text-2\" style=\"--awb-content-alignment:justify;\"><p>Las muertes ocasionadas por la intervenci\u00f3n policial son la consecuencia m\u00e1s grave de las rutinas o pr\u00e1cticas policiales. Como venimos destacando a\u00f1o tras a\u00f1o, en la provincia de Buenos Aires no hay un abordaje que problematice el uso de la fuerza letal como resultado de las intervenciones policiales.<\/p>\n<p>No se interpela el estado policial que exige la intervenci\u00f3n de los agentes aun fuera de servicio. No existen protocolos espec\u00edficos para el uso, preservaci\u00f3n y custodia de las armas policiales. No se construye informaci\u00f3n oficial, p\u00fablica y fiable sobre las muertes producidas por la intervenci\u00f3n policial y la de los polic\u00edas que mueren en el desempe\u00f1o de su funci\u00f3n. La investigaci\u00f3n judicial de estos casos no es prioridad y no respeta los est\u00e1ndares de investigaci\u00f3n de muertes potencialmente il\u00edcitas.<\/p>\n<p>En el an\u00e1lisis del periodo 2022, cuando destacamos una notoria disminuci\u00f3n en los casos registrados, advertimos que ese dato \u201crepresentar\u00eda un dato relevante si se constituyera en una tendencia descendente\u201d.<\/p>\n<p>Lo registrado en 2023 no confirm\u00f3 esa tendencia descendente, por el contrario se increment\u00f3 en 16 casos ascendiendo a <strong>114 casos registrados<\/strong>.<\/p>\n<\/div><style type=\"text\/css\">#fusion-chart-1 .fusion-chart-legend-wrap li:nth-child(1) span{color: #ffffff;}#fusion-chart-1 .fusion-chart-legend-wrap li:nth-child(2) span{color: #ffffff;}#fusion-chart-1 .fusion-chart-legend-wrap li:nth-child(3) span{color: #ffffff;}#fusion-chart-1 .fusion-chart-legend-wrap li:nth-child(4) span{color: #ffffff;}#fusion-chart-1 .fusion-chart-legend-wrap li:nth-child(5) span{color: #ffffff;}#fusion-chart-1 .fusion-chart-legend-wrap li:nth-child(6) span{color: #ffffff;}#fusion-chart-1 .fusion-chart-legend-wrap li:nth-child(7) span{color: #ffffff;}#fusion-chart-1 .fusion-chart-legend-wrap li:nth-child(8) span{color: #ffffff;}<\/style><div id=\"fusion-chart-1\" class=\"fusion-chart\" data-type=\"bar\" data-x_axis_labels=\"2016|2017|2018|2019|2020|2021|2022|2023\" data-x_axis_label=\"A\u00f1o\" data-y_axis_label=\"Cantidad\" data-show_tooltips=\"yes\" data-bg_colors=\"rgba(255,152,0,1)|rgba(255,152,0,1)|rgba(255,152,0,1)|rgba(255,152,0,1)|rgba(255,152,0,1)|rgba(255,152,0,1)|rgba(255,152,0,1)|rgba(255,152,0,1)\" data-border_colors=\"rgba(255,152,0,1)|rgba(255,152,0,1)|rgba(255,152,0,1)|rgba(255,152,0,1)|rgba(255,152,0,1)|rgba(255,152,0,1)|rgba(255,152,0,1)|rgba(255,152,0,1)\" data-border_size=\"1\" data-border_type=\"smooth\" data-chart_fill=\"off\" data-chart_point_style=\"circle\" data-chart_point_size=\"3\" data-chart_axis_text_color=\"rgba(103,103,103,1)\" data-chart_gridline_color=\"rgba(0,0,0,0.1)\"><div class=\"fusion-chart-dataset\" data-label=\"Muertes\" data-values=\"110|121|120|144|128|130|90|114\" data-background_color=\"rgba(0,188,212,1)\" data-border_color=\"rgba(0,188,212,1)\"><\/div><h4 class=\"fusion-chart-title\">Personas fallecidas por uso de la fuerza policial en la provincia de Buenos Aires, periodo 2016-2023<\/h4><div class=\"fusion-chart-inner\"><div class=\"fusion-chart-wrap\"><canvas><\/canvas><\/div><\/div><\/div><div class=\"fusion-text fusion-text-3 resp-container\"><p><span id=\"imagen\" style=\"font-size: 10pt; font-family: Tahoma, Arial, Helvetica, sans-serif;\"><b>Fuente:<\/b> Registro CPM de muertes por uso de la fuerza policial. <\/span><\/p>\n<\/div><div class=\"fusion-separator fusion-full-width-sep\" style=\"align-self: center;margin-left: auto;margin-right: auto;margin-top:2%;margin-bottom:2%;width:100%;\"><\/div><div class=\"fusion-text fusion-text-4\" style=\"--awb-content-alignment:justify;\"><p>Estas 114 v\u00edctimas representan en promedio 9,5 casos por mes: 107 eran varones y 7 eran mujeres. Casi el 60% ten\u00eda entre 18 y 30 a\u00f1os y el promedio de edad fue de 25 a\u00f1os. Se registraron 19 casos de menores de 18 a\u00f1os.<\/p>\n<\/div><style type=\"text\/css\">#fusion-chart-2 .fusion-chart-legend-wrap li:nth-child(1) span{color: #ffffff;}#fusion-chart-2 .fusion-chart-legend-wrap li:nth-child(2) span{color: #ffffff;}#fusion-chart-2 .fusion-chart-legend-wrap li:nth-child(3) span{color: #ffffff;}#fusion-chart-2 .fusion-chart-legend-wrap li:nth-child(4) span{color: #ffffff;}#fusion-chart-2 .fusion-chart-legend-wrap li:nth-child(5) span{color: #ffffff;}#fusion-chart-2 .fusion-chart-legend-wrap li:nth-child(6) span{color: #ffffff;}<\/style><div id=\"fusion-chart-2\" class=\"fusion-chart\" data-type=\"horizontalBar\" data-x_axis_labels=\"0 a 11|11 a 20|21 a 30|31 a 40|41 a 50|m\u00e1s de 50\" data-x_axis_label=\"Porcentaje\" data-y_axis_label=\"Edad\" data-show_tooltips=\"yes\" data-bg_colors=\"rgba(252,0,176,1)|rgba(139,195,74,1)|rgba(255,152,0,1)|rgba(0,188,212,1)|rgba(114,0,229,1)|rgba(255,0,0,1)\" data-border_colors=\"rgba(252,0,176,1)|rgba(139,195,74,1)|rgba(255,152,0,1)|rgba(0,188,212,1)|rgba(114,0,229,1)|rgba(255,0,0,1)\" data-border_size=\"1\" data-border_type=\"smooth\" data-chart_fill=\"off\" data-chart_point_style=\"circle\" data-chart_point_size=\"3\" data-chart_axis_text_color=\"rgba(103,103,103,1)\" data-chart_gridline_color=\"rgba(0,0,0,0.1)\"><div class=\"fusion-chart-dataset\" data-label=\"%\" data-values=\"1|36|40|17|7|0\" data-background_color=\"rgba(0,188,212,1)\" data-border_color=\"rgba(0,188,212,1)\"><\/div><h4 class=\"fusion-chart-title\">Personas fallecidas por uso de la fuerza policial, seg\u00fan rango etario, provincia de Buenos Aires, 2023<\/h4><div class=\"fusion-chart-inner\"><div class=\"fusion-chart-wrap\"><canvas><\/canvas><\/div><\/div><\/div><div class=\"fusion-text fusion-text-5 resp-container\"><p><span id=\"imagen\" style=\"font-size: 10pt; font-family: Tahoma, Arial, Helvetica, sans-serif;\"><b>Fuente:<\/b> Registro CPM de muertes por uso de la fuerza policial. <\/span><\/p>\n<\/div><div class=\"fusion-separator fusion-full-width-sep\" style=\"align-self: center;margin-left: auto;margin-right: auto;margin-top:2%;margin-bottom:2%;width:100%;\"><\/div><\/div><\/div><\/div><\/div><div class=\"fusion-fullwidth fullwidth-box fusion-builder-row-3 fusion-flex-container nonhundred-percent-fullwidth non-hundred-percent-height-scrolling\" style=\"--awb-border-radius-top-left:0px;--awb-border-radius-top-right:0px;--awb-border-radius-bottom-right:0px;--awb-border-radius-bottom-left:0px;--awb-flex-wrap:wrap;\" ><div class=\"fusion-builder-row fusion-row fusion-flex-align-items-flex-start fusion-flex-content-wrap\" style=\"max-width:83.2%;margin-left: calc(-4% \/ 2 );margin-right: calc(-4% \/ 2 );\"><div class=\"fusion-layout-column fusion_builder_column fusion-builder-column-3 fusion_builder_column_1_1 1_1 fusion-flex-column\" style=\"--awb-bg-size:cover;--awb-width-large:100%;--awb-margin-top-large:20px;--awb-spacing-right-large:1.92%;--awb-margin-bottom-large:20px;--awb-spacing-left-large:1.92%;--awb-width-medium:100%;--awb-order-medium:0;--awb-spacing-right-medium:1.92%;--awb-spacing-left-medium:1.92%;--awb-width-small:100%;--awb-order-small:0;--awb-spacing-right-small:1.92%;--awb-spacing-left-small:1.92%;\"><div class=\"fusion-column-wrapper fusion-column-has-shadow fusion-flex-justify-content-flex-start fusion-content-layout-column\"><div class=\"fusion-text fusion-text-6\" style=\"--awb-content-alignment:justify;\"><p>Si analizamos los motivos de la intervenci\u00f3n policial, m\u00e1s de la mitad de los casos (58) se dieron en circunstancia del robo o intento de robo de bienes del\/la agente que mat\u00f3. En otros 7 casos se trat\u00f3 de intervenciones en circunstancia de robo de bienes de terceros.<\/p>\n<p>Es decir, y tal como se observa si vemos el periodo 2016-2023, la mayor\u00eda de las muertes se produjeron para la preservaci\u00f3n de bienes materiales. En ese periodo, s\u00f3lo el 1% ocurrieron en contextos donde estaba en riesgo la vida de otra persona: 8 muertes en 8 a\u00f1os.<\/p>\n<\/div><style type=\"text\/css\">#fusion-chart-3 .fusion-chart-legend-wrap li:nth-child(1) span{color: #ffffff;}#fusion-chart-3 .fusion-chart-legend-wrap li:nth-child(2) span{color: #ffffff;}#fusion-chart-3 .fusion-chart-legend-wrap li:nth-child(3) span{color: #ffffff;}#fusion-chart-3 .fusion-chart-legend-wrap li:nth-child(4) span{color: #ffffff;}#fusion-chart-3 .fusion-chart-legend-wrap li:nth-child(5) span{color: #ffffff;}#fusion-chart-3 .fusion-chart-legend-wrap li:nth-child(6) span{color: #ffffff;}#fusion-chart-3 .fusion-chart-legend-wrap li:nth-child(7) span{color: #ffffff;}#fusion-chart-3 .fusion-chart-legend-wrap li:nth-child(8) span{color: #ffffff;}#fusion-chart-3 .fusion-chart-legend-wrap li:nth-child(9) span{color: #ffffff;}#fusion-chart-3 .fusion-chart-legend-wrap li:nth-child(10) span{color: #ffffff;}<\/style><div id=\"fusion-chart-3\" class=\"fusion-chart\" data-type=\"horizontalBar\" data-x_axis_labels=\"Robo de bienes propios|Robo de bienes de terceros|Persecucion|Circunstancia de car\u00e1cter privado|Femicidio|Otra circunstancia de car\u00e1cter policial|Accidente de tr\u00e1nsito con patrullero|Orden de allanamiento y\/o detenci\u00f3n|Riesgo de vida de terceros|Femicidio vinculado\" data-x_axis_label=\"Porcentaje\" data-y_axis_label=\"Circunstancia\" data-show_tooltips=\"yes\" data-bg_colors=\"rgba(252,0,176,1)|rgba(139,195,74,1)|rgba(255,136,0,1)|rgba(0,188,212,1)|rgba(114,0,229,1)|rgba(255,0,0,1)|rgba(255,208,0,1)|rgba(20,29,201,1)|rgba(15,186,0,1)|rgba(127,15,158,1)\" data-border_colors=\"rgba(252,0,176,1)|rgba(139,195,74,1)|rgba(255,136,0,1)|rgba(0,188,212,1)|rgba(114,0,229,1)|rgba(255,0,0,1)|rgba(255,208,0,1)|rgba(20,29,201,1)|rgba(15,186,0,1)|rgba(127,15,158,1)\" data-border_size=\"1\" data-border_type=\"smooth\" data-chart_fill=\"off\" data-chart_point_style=\"circle\" data-chart_point_size=\"3\" data-chart_axis_text_color=\"rgba(103,103,103,1)\" data-chart_gridline_color=\"rgba(0,0,0,0.1)\"><div class=\"fusion-chart-dataset\" data-label=\"%\" data-values=\"51|7|21|5|4|5|4|4|0|1\" data-background_color=\"rgba(0,188,212,1)\" data-border_color=\"rgba(0,188,212,1)\"><\/div><h4 class=\"fusion-chart-title\">Personas fallecidas por uso de la fuerza policial, seg\u00fan circunstancia en la que se produjo (informada por la fuente), provincia de Buenos Aires, 2023 <\/h4><div class=\"fusion-chart-inner\"><div class=\"fusion-chart-wrap\"><canvas><\/canvas><\/div><\/div><\/div><div class=\"fusion-text fusion-text-7 resp-container\"><p><span id=\"imagen\" style=\"font-size: 10pt; font-family: Tahoma, Arial, Helvetica, sans-serif;\"><b>Fuente:<\/b> Registro CPM de muertes por uso de la fuerza policial.<br \/>\n<b>Nota:<\/b> El Registro agrupa las circunstancias en que se produce el hecho seg\u00fan lo informado por la fuente en base a las siguientes categor\u00edas: . Robo de bienes propios: el\/la agente mat\u00f3 ante un robo o para impedir un robo de sus bienes. . Robo de bienes de terceras personas: el\/la agente mat\u00f3 ante el robo o para impedir el robo de otra persona. . Riesgo de vida de terceras personas: el\/la agente mat\u00f3 porque hab\u00eda una tercera persona que corr\u00eda riesgo de ser asesinada. Ej.: la persona ya hab\u00eda sido herida f\u00edsicamente por el sujeto que luego es muerto por la polic\u00eda. . Orden de allanamiento y\/o detenci\u00f3n: el\/la agente produce una muerte en el marco de un operativo motivado por una orden judicial de allanamiento y\/o detenci\u00f3n. . Persecuci\u00f3n: el\/la agente produce una muerte luego de que se produzca la fuga del sujeto. No importa el motivo de la persecuci\u00f3n, sino el contexto. . Circunstancia de car\u00e1cter privado: el\/la agente produce una muerte como forma de resolver un conflicto de tipo privado, y por lo tanto ajeno a cualquier marco legal y funci\u00f3n de tipo policial. . Femicidio\/Femicidio vinculado: el agente mat\u00f3 por razones vinculadas al g\u00e9nero. . Accidente de tr\u00e1nsito con el patrullero: el\/la agente policial protagoniza un accidente de tr\u00e1nsito con el m\u00f3vil policial, fuera del marco de una persecuci\u00f3n. . Otra circunstancia de car\u00e1cter policial: cuando el\/la agente produce una muerte en el marco de su funci\u00f3n policial y no se puede incluir en ninguno de los casos previos.<\/span><\/p>\n<\/div><div class=\"fusion-separator fusion-full-width-sep\" style=\"align-self: center;margin-left: auto;margin-right: auto;margin-top:2%;margin-bottom:2%;width:100%;\"><\/div><\/div><\/div><\/div><\/div><div class=\"fusion-fullwidth fullwidth-box fusion-builder-row-4 fusion-flex-container nonhundred-percent-fullwidth non-hundred-percent-height-scrolling\" style=\"--awb-border-radius-top-left:0px;--awb-border-radius-top-right:0px;--awb-border-radius-bottom-right:0px;--awb-border-radius-bottom-left:0px;--awb-flex-wrap:wrap;\" ><div class=\"fusion-builder-row fusion-row fusion-flex-align-items-flex-start fusion-flex-content-wrap\" style=\"max-width:83.2%;margin-left: calc(-4% \/ 2 );margin-right: calc(-4% \/ 2 );\"><div class=\"fusion-layout-column fusion_builder_column fusion-builder-column-4 fusion_builder_column_1_1 1_1 fusion-flex-column\" style=\"--awb-bg-size:cover;--awb-width-large:100%;--awb-margin-top-large:20px;--awb-spacing-right-large:1.92%;--awb-margin-bottom-large:20px;--awb-spacing-left-large:1.92%;--awb-width-medium:100%;--awb-order-medium:0;--awb-spacing-right-medium:1.92%;--awb-spacing-left-medium:1.92%;--awb-width-small:100%;--awb-order-small:0;--awb-spacing-right-small:1.92%;--awb-spacing-left-small:1.92%;\"><div class=\"fusion-column-wrapper fusion-column-has-shadow fusion-flex-justify-content-flex-start fusion-content-layout-column\"><div ><a class=\"fusion-button button-flat fusion-button-default-size button-default fusion-button-default button-1 fusion-button-default-span fusion-button-default-type\" target=\"_self\" href=\"https:\/\/www.comisionporlamemoria.org\/datosabiertos\"><i class=\"fa-external-link-alt fas awb-button__icon awb-button__icon--default button-icon-left\" aria-hidden=\"true\"><\/i><span class=\"fusion-button-text awb-button__text awb-button__text--default\">Ver m\u00e1s en el sitio de Datos Abiertos<\/span><\/a><\/div><\/div><\/div><\/div><\/div><\/p>\n","protected":false},"excerpt":{"rendered":"","protected":false},"author":40,"featured_media":3003,"parent":0,"menu_order":0,"comment_status":"closed","ping_status":"closed","template":"","meta":{"footnotes":""},"class_list":["post-2803","page","type-page","status-publish","has-post-thumbnail","hentry"],"_links":{"self":[{"href":"https:\/\/www.comisionporlamemoria.org\/informeanual2024\/wp-json\/wp\/v2\/pages\/2803","targetHints":{"allow":["GET"]}}],"collection":[{"href":"https:\/\/www.comisionporlamemoria.org\/informeanual2024\/wp-json\/wp\/v2\/pages"}],"about":[{"href":"https:\/\/www.comisionporlamemoria.org\/informeanual2024\/wp-json\/wp\/v2\/types\/page"}],"author":[{"embeddable":true,"href":"https:\/\/www.comisionporlamemoria.org\/informeanual2024\/wp-json\/wp\/v2\/users\/40"}],"replies":[{"embeddable":true,"href":"https:\/\/www.comisionporlamemoria.org\/informeanual2024\/wp-json\/wp\/v2\/comments?post=2803"}],"version-history":[{"count":0,"href":"https:\/\/www.comisionporlamemoria.org\/informeanual2024\/wp-json\/wp\/v2\/pages\/2803\/revisions"}],"wp:featuredmedia":[{"embeddable":true,"href":"https:\/\/www.comisionporlamemoria.org\/informeanual2024\/wp-json\/wp\/v2\/media\/3003"}],"wp:attachment":[{"href":"https:\/\/www.comisionporlamemoria.org\/informeanual2024\/wp-json\/wp\/v2\/media?parent=2803"}],"curies":[{"name":"wp","href":"https:\/\/api.w.org\/{rel}","templated":true}]}}