{"id":3034,"date":"2023-08-07T09:48:38","date_gmt":"2023-08-07T12:48:38","guid":{"rendered":"https:\/\/www.comisionporlamemoria.org\/informeanual2025\/?page_id=3034"},"modified":"2025-08-05T11:29:06","modified_gmt":"2025-08-05T14:29:06","slug":"equipos","status":"publish","type":"page","link":"https:\/\/www.comisionporlamemoria.org\/informeanual2025\/equipos\/","title":{"rendered":"Equipos"},"content":{"rendered":"<p><div class=\"fusion-fullwidth fullwidth-box fusion-builder-row-1 has-pattern-background has-mask-background hundred-percent-fullwidth hundred-percent-height hundred-percent-height-center-content non-hundred-percent-height-scrolling fusion-equal-height-columns\" style=\"--awb-border-radius-top-left:0px;--awb-border-radius-top-right:0px;--awb-border-radius-bottom-right:0px;--awb-border-radius-bottom-left:0px;--awb-padding-top:0px;--awb-padding-right:0px;--awb-padding-bottom:0px;--awb-padding-left:0px;--awb-flex-wrap:wrap;\" ><div class=\"fusion-fullwidth-center-content\"><div class=\"fusion-builder-row fusion-row\"><div class=\"fusion-layout-column fusion_builder_column fusion-builder-column-0 fusion_builder_column_1_1 1_1 fusion-one-full fusion-column-first fusion-column-last fusion-no-small-visibility fusion-no-medium-visibility fusion-animated\" style=\"--awb-padding-top:20%;--awb-padding-right:12%;--awb-padding-bottom:18%;--awb-padding-left:12%;--awb-bg-size:cover;--awb-margin-top:0px;--awb-margin-bottom:0px;\" data-animationType=\"fadeIn\" data-animationDuration=\"0.8\" data-animationOffset=\"top-into-view\"><div class=\"fusion-column-wrapper fusion-column-has-shadow fusion-flex-column-wrapper-legacy\"><div class=\"fusion-column-content-centered\"><div class=\"fusion-column-content\"><div class=\"fusion-text fusion-text-1 fusion-animated\" style=\"--awb-font-size:20px;\" data-animationType=\"fadeInLeft\" data-animationDuration=\"0.7\" data-animationOffset=\"top-into-view\"><p style=\"text-align: center;\">El sistema de la crueldad XIX<\/p>\n<\/div><div class=\"fusion-sep-clear\"><\/div><div class=\"fusion-separator\" style=\"margin-left: auto;margin-right: auto;margin-bottom:10%;width:100%;max-width:50%;\"><div class=\"fusion-separator-border sep-single sep-solid\" style=\"--awb-height:20px;--awb-amount:20px;border-color:#d1d1d1;border-top-width:1px;\"><\/div><\/div><div class=\"fusion-sep-clear\"><\/div><div class=\"fusion-title title fusion-title-1 fusion-sep-none fusion-title-center fusion-title-text fusion-title-size-two\" style=\"--awb-margin-top-small:0px;--awb-margin-right-small:0px;--awb-margin-bottom-small:20px;--awb-margin-left-small:0px;--awb-font-size:50px;\"><h2 class=\"fusion-title-heading title-heading-center fusion-responsive-typography-calculated\" style=\"margin:0;font-size:1em;--fontSize:50;line-height:1.28;\">Equipos<\/h2><\/div><div class=\"fusion-sep-clear\"><\/div><div class=\"fusion-separator fusion-full-width-sep\" style=\"margin-left: auto;margin-right: auto;margin-bottom:10%;width:100%;\"><\/div><div class=\"fusion-sep-clear\"><\/div><\/div><\/div><div class=\"fusion-clearfix\"><\/div><\/div><\/div><div class=\"fusion-layout-column fusion_builder_column fusion-builder-column-1 fusion_builder_column_1_1 1_1 fusion-one-full fusion-column-first fusion-column-last fusion-no-large-visibility\" style=\"--awb-padding-top:8%;--awb-padding-bottom:8%;--awb-bg-size:cover;--awb-margin-top:0px;--awb-margin-bottom:0px;\"><div class=\"fusion-column-wrapper fusion-column-has-shadow fusion-flex-column-wrapper-legacy\"><div class=\"fusion-column-content-centered\"><div class=\"fusion-column-content\"><div class=\"fusion-text fusion-text-2\"><p style=\"text-align: center;\">Sistema de la crueldad XIX<\/p>\n<\/div><div class=\"fusion-sep-clear\"><\/div><div class=\"fusion-separator\" style=\"margin-left: auto;margin-right: auto;margin-bottom:8%;width:100%;max-width:50%;\"><div class=\"fusion-separator-border sep-single sep-solid\" style=\"--awb-height:20px;--awb-amount:20px;border-color:#d1d1d1;border-top-width:1px;\"><\/div><\/div><div class=\"fusion-sep-clear\"><\/div><div class=\"fusion-title title fusion-title-2 fusion-sep-none fusion-title-center fusion-title-text fusion-title-size-one\" style=\"--awb-margin-bottom:10%;--awb-margin-top-small:0px;--awb-margin-right-small:0px;--awb-margin-bottom-small:20px;--awb-margin-left-small:0px;--awb-font-size:50px;\"><h1 class=\"fusion-title-heading title-heading-center fusion-responsive-typography-calculated\" style=\"margin:0;font-size:1em;--fontSize:50;line-height:1.2;\">Equipos<\/h1><\/div><div class=\"fusion-sep-clear\"><\/div><div class=\"fusion-separator fusion-full-width-sep\" style=\"margin-left: auto;margin-right: auto;margin-bottom:4%;width:100%;\"><\/div><div class=\"fusion-sep-clear\"><\/div><\/div><\/div><div class=\"fusion-clearfix\"><\/div><\/div><\/div><\/div><\/div><\/div><div class=\"fusion-fullwidth fullwidth-box fusion-builder-row-2 nonhundred-percent-fullwidth non-hundred-percent-height-scrolling\" style=\"--awb-border-radius-top-left:0px;--awb-border-radius-top-right:0px;--awb-border-radius-bottom-right:0px;--awb-border-radius-bottom-left:0px;--awb-margin-top:5%;--awb-margin-bottom:2%;--awb-flex-wrap:wrap;\" ><div class=\"fusion-builder-row fusion-row\"><div class=\"fusion-layout-column fusion_builder_column fusion-builder-column-2 fusion_builder_column_1_1 1_1 fusion-one-full fusion-column-first fusion-column-last\" style=\"--awb-padding-top:2%;--awb-padding-right:2%;--awb-padding-bottom:2%;--awb-padding-left:2%;--awb-bg-size:cover;--awb-border-color:#181818;--awb-border-top:2px;--awb-border-right:2px;--awb-border-bottom:2px;--awb-border-left:2px;--awb-border-style:solid;\"><div class=\"fusion-column-wrapper fusion-column-has-shadow fusion-flex-column-wrapper-legacy\"><div class=\"fusion-title title fusion-title-3 fusion-sep-none fusion-title-text fusion-title-size-five\" style=\"--awb-margin-top-small:0px;--awb-margin-right-small:0px;--awb-margin-bottom-small:20px;--awb-margin-left-small:0px;\"><h5 class=\"fusion-title-heading title-heading-left fusion-responsive-typography-calculated\" style=\"margin:0;--fontSize:20;--minFontSize:20;line-height:1.5;\">EL EQUIPO<\/h5><\/div><div class=\"fusion-text fusion-text-3 fusion-animated\" data-animationType=\"fadeInLeft\" data-animationDuration=\"0.3\" data-animationOffset=\"top-into-view\"><p style=\"text-align: justify;\"><strong>COMISI\u00d3N PROVINCIAL POR LA MEMORIA<\/strong><\/p>\n<p style=\"text-align: justify;\">Adolfo P\u00e9rez Esquivel (presidente)<br \/>Dora Barrancos (presidenta)<br \/>V\u00edctor De Gennaro (vicepresidente)<br \/>Ana Barletta (vicepresidenta)<br \/>Roberto Cipriano Garc\u00eda (secretario)<br \/>Guillermo Torremare (prosecretario)<br \/>Ana Mar\u00eda Soffiantini (tesorera)<br \/>Gonzalo Conte (protesorero)<br \/>Ernesto Alonso<br \/>V\u00edctor Mendibil<br \/>Susana M\u00e9ndez<br \/>Yamila Zavala Rodr\u00edguez<br \/>Mar\u00eda Sonder\u00e9guer<br \/>Laura Ginsberg<br \/>Miguel Velo<br \/>Elsa Pav\u00f3n<\/p>\n<p style=\"text-align: justify;\"><strong>Consultores acad\u00e9micos<\/strong><br \/>Baltasar Garz\u00f3n, Theo Van Boven, Antonio Gonz\u00e1lez Quintana, Patricia Funes.<\/p>\n<p style=\"text-align: justify;\"><strong>Mesa ejecutiva<\/strong><br \/><em>Coordinador:<\/em> Roberto F. Cipriano Garc\u00eda<br \/><em>Integrantes:<\/em> Ana Barletta, Gonzalo Conte, Ana Mar\u00eda Soffiantini, Guillermo Torremare, Sandra Raggio, Maximiliano Batista.<br \/><em>Direcci\u00f3n general de \u00e1reas:<\/em> Sandra Raggio<br \/><em>Direcci\u00f3n de administraci\u00f3n:<\/em> Maximiliano Batista<\/p>\n<p>\u00a0<\/p>\n<p><strong>MECANISMO LOCAL DE PREVENCI\u00d3N DE LA TORTURA<\/strong><\/p>\n<p><strong>\u00c1REA DE COMIT\u00c9 CONTRA LA TORTURA<\/strong><\/p>\n<p><strong>Programa de inspecciones a lugares de detenci\u00f3n <\/strong><\/p>\n<p>Director: Juan Manuel Introzzi.<\/p>\n<p>Subdirectores: Ailin Bonansea y Sebasti\u00e1n Michelin Salom\u00f3n.<\/p>\n<p>Coordinadoras: Mar\u00eda Bel\u00e9n Jacinto y Josefina Tevez.<\/p>\n<p>Equipo: Ana Badoza, Ra\u00fal Borzone, Mart\u00edn Frontera, F\u00e1tima Su\u00e1rez, Sof\u00eda Ungemach.<\/p>\n<p><strong>Programa de recepci\u00f3n de denuncias <\/strong><\/p>\n<p>Directora: Mar\u00eda Victoria Noielli.<\/p>\n<p>Coordinadoras: Paula Fraile, Agustina Sala Victorica, Sof\u00eda Schieck.<\/p>\n<p>Equipo: Mar\u00eda Clara Benavides, Camila Costilla Scalia, Conrado Gabillondo, Iv\u00e1n Langoni, Florencia Simone, Sof\u00eda Touceda.<\/p>\n<p><strong>Programa de intervenciones complejas y colectivas <\/strong><\/p>\n<p>Director: Natalia Rocchetti.<\/p>\n<p>Coordinadora: Tatiana Bergonce y Daiana Thompson.<\/p>\n<p>Equipo: Gabriel Illescas \u00c1lvarez, Candela Cajade, Leandro Ocampos, Mat\u00edas Pe\u00f1alva, Agustina Romero Seimandi.<\/p>\n<p><strong>Programa de producci\u00f3n y an\u00e1lisis de informaci\u00f3n <\/strong><\/p>\n<p>Director: Ariel Lede.<\/p>\n<p>Coordinadora: Julieta Terminiello.<\/p>\n<p>Equipo: Lisandro Benavides, Mar\u00eda Valentina Bolajuz\u00f3n, Mar\u00eda del Rosario Bouilly, Lisandro Castellani, Lourdes Irigoin, Victoria Lucero, Camila Marchione, Julia Noielli, Anal\u00eda Sancho.<\/p>\n<p><strong>\u00a0<\/strong><\/p>\n<p><strong>\u00c1REA DE JUSTICIA Y SEGURIDAD <\/strong><\/p>\n<p>Coordinador: Rodrigo Pomares.<\/p>\n<p><strong>Programa de litigio estrat\u00e9gico <\/strong><\/p>\n<p>Directora: Augusto Infante.<\/p>\n<p>Coordinadoras: Luz Santos Mor\u00f3n y Carla Ocampo Pilla.<\/p>\n<p>Equipo: Laurentina Alonso, Pedro Auzmendi, Sof\u00eda Ballesteros, Cristina Bidart, Carolina Borrego, Lucas Ocampo, Paula Ruiz, Yael Zygielman Tale.<\/p>\n<p><strong>Programa de monitoreo de la violencia judicial<\/strong><\/p>\n<p>Directora: Margarita Jarque.<\/p>\n<p>Equipo: Melina Boffelli, Fernando Quiroga, Adriana Meyer.<\/p>\n<p><strong>Programa de monitoreo territorial de la violencia policial <\/strong><\/p>\n<p>Director: Rodrigo Pomares.<\/p>\n<p>Coordinador: Luciano Steolo.<\/p>\n<p>Equipo: Fabi\u00e1n Bernal, Santiago Busquets, Cristian Escanes, Celia Galeano, Martina Fern\u00e1ndez, Karen Kristeff, Marcela Leguizam\u00f3n, Luc\u00eda Mart\u00ednez, Alejo Rivera.<\/p>\n<p><strong>Programa de salud mental <\/strong><\/p>\n<p>Directora: Melina Galeano.<\/p>\n<p>Subdirectora: Valeria Nounou.<\/p>\n<p>Equipo: Julieta Alet, Camila Mansilla, Anaclara Monteiro, Florencia Vargas.<\/p>\n<p><strong>Programa de promoci\u00f3n y protecci\u00f3n de los derechos de ni\u00f1os, ni\u00f1as y j\u00f3venes <\/strong><\/p>\n<p>Director: Sergio Raimundo.<\/p>\n<p>Subdirectora: Mar\u00eda Sof\u00eda Porta.<\/p>\n<p>Equipo: Daniela Garc\u00eda, Marina Galv\u00e1n,Dar\u00edo Antonio Leyes, Florencia Marty, Bel\u00e9n Rivero Cajade, Florencia Zabala.<\/p>\n<p><strong>Programa de control de la corrupci\u00f3n y la inteligencia ilegal <\/strong><\/p>\n<p>Director: Federico Schmeigel.<\/p>\n<p>Equipo:Cinthia Bal\u00e9, Jer\u00f3nimo B\u00e1tiz, Natalia Buzzo, Nuria Ferr\u00e9 Hughes, Juan Manuel Morente, Magal\u00ed Nowik, Anaclara Raffaele.<\/p>\n<p><strong>\u00a0<\/strong><\/p>\n<p><strong>Delegaciones<\/strong><\/p>\n<p><strong>Centro<\/strong>: Daniel Alonzo, Monserrat \u00c1lvarez, Gisele Gau, Luciano Muia, Mar\u00eda Mercedes Spinella, Juan Manuel Weisz Gonz\u00e1lez \/\u00a0<strong>Conurbano<\/strong>: Sabrina Donati, Jos\u00e9 Gabriel Fern\u00e1ndez, Luciana Martin, Mailen M\u00e9ndez, Juan Mauricio Viloria Blanco, Micaela Abigail Loures Cahuepe \/\u00a0<strong>Conurbano oeste:<\/strong>\u00a0Laura de la Calle, Abigail Di\u00e9guez, Giuliana Filipelli, Micaela Pav\u00f3n \/\u00a0<strong>Florencio Varela:<\/strong>\u00a0Nicol\u00e1s Kranevitter Gonz\u00e1lez, Sof\u00eda Quevedo, Eliana Recalde, Lizeth Rodr\u00edguez, Celeste Cattaneo \/\u00a0<strong>Bah\u00eda Blanca<\/strong>: Victoria Borda, Lucas Cabana Veiga, Luciana Pascuar\u00e9, Ver\u00f3nica Sobarzo, Betiana Seitz \/\u00a0<strong>Jun\u00edn<\/strong>: Leticia Balocco, Mar\u00eda Victoria Davin, Carolina Jofre Barroso, Lucila Mugavero \/\u00a0<strong>San Nicol\u00e1s<\/strong>:\u00a0Silvia Ben\u00edtez, Natalia Cuello, Silvana Ruppel \/\u00a0<strong>Mar del Plata<\/strong>: Ximena Gonz\u00e1lez T\u00e1boas, Amparo Palacios Rodr\u00edguez, Catalina Pepi, Carolina Ravalli \/ <strong>Bol\u00edvar<\/strong>: Pamela Agustina Renna, Marina Hern\u00e1ndez, Victoria Guerricagoitia, Laura Corbal\u00e1n.<\/p>\n<p><strong>\u00a0<\/strong><\/p>\n<p><strong>Organizaciones que integran el programa Punto Denuncia Torturas<\/strong><\/p>\n<p>Asociaci\u00f3n civil de familiares de detenidos (ACIFAD), Asociaci\u00f3n Pocho Lepratti, Casa Diana Sacay\u00e1n, Colectivo dignidad, Cooperativa esperanza, Asociaci\u00f3n de familiares, detenidos y liberados (FADELI), Proyecto Mecha, Red camino hacia el siglo XXII, Colectivo nacional de detenidos, Red la uni\u00f3n hace la fuerza, Asociaci\u00f3n ni una menos en la c\u00e1rcel.<\/p>\n<p><strong>\u00a0<\/strong><\/p>\n<p><strong>PRODUCCI\u00d3N GENERAL<\/strong><\/p>\n<p><strong>Programa de prensa y comunicaci\u00f3n<\/strong><\/p>\n<p>Director: Diego D\u00edaz.<\/p>\n<p>Directora: Paula Bonomi.<\/p>\n<p>Subdirector: Lucas Dal Bianco.<\/p>\n<p>Coordinadora: Carina Cerruti.<\/p>\n<p>Equipo: Daniela Alegre, Juan Bertola, Emanuel De La Fuente, Ana Lenci, Aldana Ludue\u00f1a, Celina Miraz, Sebasti\u00e1n Pellegrino, Mercedes Sacchetti, Soledad Vampa, Mario Ver\u00f3n.<\/p>\n<p>\u00a0<\/p>\n<p><strong>Coordinaci\u00f3n general de la edici\u00f3n:<\/strong> Roberto F. Cipriano Garc\u00eda, Sandra Raggio.<\/p>\n<p>\u00a0<\/p>\n<\/div><div class=\"fusion-clearfix\"><\/div><\/div><\/div><\/div><\/div><\/p>\n","protected":false},"excerpt":{"rendered":"","protected":false},"author":40,"featured_media":3362,"parent":0,"menu_order":0,"comment_status":"closed","ping_status":"closed","template":"100-width.php","meta":{"footnotes":""},"class_list":["post-3034","page","type-page","status-publish","has-post-thumbnail","hentry"],"_links":{"self":[{"href":"https:\/\/www.comisionporlamemoria.org\/informeanual2025\/wp-json\/wp\/v2\/pages\/3034","targetHints":{"allow":["GET"]}}],"collection":[{"href":"https:\/\/www.comisionporlamemoria.org\/informeanual2025\/wp-json\/wp\/v2\/pages"}],"about":[{"href":"https:\/\/www.comisionporlamemoria.org\/informeanual2025\/wp-json\/wp\/v2\/types\/page"}],"author":[{"embeddable":true,"href":"https:\/\/www.comisionporlamemoria.org\/informeanual2025\/wp-json\/wp\/v2\/users\/40"}],"replies":[{"embeddable":true,"href":"https:\/\/www.comisionporlamemoria.org\/informeanual2025\/wp-json\/wp\/v2\/comments?post=3034"}],"version-history":[{"count":0,"href":"https:\/\/www.comisionporlamemoria.org\/informeanual2025\/wp-json\/wp\/v2\/pages\/3034\/revisions"}],"wp:featuredmedia":[{"embeddable":true,"href":"https:\/\/www.comisionporlamemoria.org\/informeanual2025\/wp-json\/wp\/v2\/media\/3362"}],"wp:attachment":[{"href":"https:\/\/www.comisionporlamemoria.org\/informeanual2025\/wp-json\/wp\/v2\/media?parent=3034"}],"curies":[{"name":"wp","href":"https:\/\/api.w.org\/{rel}","templated":true}]}}