{"id":3367,"date":"2025-07-30T15:50:04","date_gmt":"2025-07-30T18:50:04","guid":{"rendered":"https:\/\/www.comisionporlamemoria.org\/informeanual2025\/?page_id=3367"},"modified":"2025-08-09T11:52:19","modified_gmt":"2025-08-09T14:52:19","slug":"politicas-de-control-de-la-inteligencia-ilegal","status":"publish","type":"page","link":"https:\/\/www.comisionporlamemoria.org\/informeanual2025\/politicas-de-control-de-la-inteligencia-ilegal\/","title":{"rendered":"Pol\u00edticas de control de la inteligencia ilegal"},"content":{"rendered":"<p><div class=\"fusion-fullwidth fullwidth-box fusion-builder-row-1 has-pattern-background has-mask-background hundred-percent-fullwidth hundred-percent-height hundred-percent-height-center-content non-hundred-percent-height-scrolling fusion-equal-height-columns\" style=\"--awb-border-radius-top-left:0px;--awb-border-radius-top-right:0px;--awb-border-radius-bottom-right:0px;--awb-border-radius-bottom-left:0px;--awb-padding-top:0px;--awb-padding-right:0px;--awb-padding-bottom:0px;--awb-padding-left:0px;--awb-flex-wrap:wrap;\" ><div class=\"fusion-fullwidth-center-content\"><div class=\"fusion-builder-row fusion-row\"><div class=\"fusion-layout-column fusion_builder_column fusion-builder-column-0 fusion_builder_column_1_1 1_1 fusion-one-full fusion-column-first fusion-column-last fusion-no-small-visibility fusion-no-medium-visibility fusion-animated\" style=\"--awb-padding-top:20%;--awb-padding-right:12%;--awb-padding-bottom:18%;--awb-padding-left:12%;--awb-bg-size:cover;--awb-margin-top:0px;--awb-margin-bottom:0px;\" data-animationType=\"fadeIn\" data-animationDuration=\"0.8\" data-animationOffset=\"top-into-view\"><div class=\"fusion-column-wrapper fusion-column-has-shadow fusion-flex-column-wrapper-legacy\"><div class=\"fusion-column-content-centered\"><div class=\"fusion-column-content\"><div class=\"fusion-text fusion-text-1 fusion-animated\" style=\"--awb-font-size:20px;\" data-animationType=\"fadeInLeft\" data-animationDuration=\"0.7\" data-animationOffset=\"top-into-view\"><p style=\"text-align: center;\">El sistema de la crueldad XIX<\/p>\n<\/div><div class=\"fusion-sep-clear\"><\/div><div class=\"fusion-separator\" style=\"margin-left: auto;margin-right: auto;margin-bottom:10%;width:100%;max-width:50%;\"><div class=\"fusion-separator-border sep-single sep-solid\" style=\"--awb-height:20px;--awb-amount:20px;border-color:#d1d1d1;border-top-width:1px;\"><\/div><\/div><div class=\"fusion-sep-clear\"><\/div><div class=\"fusion-title title fusion-title-1 fusion-sep-none fusion-title-center fusion-title-text fusion-title-size-two\" style=\"--awb-margin-top-small:0px;--awb-margin-right-small:0px;--awb-margin-bottom-small:20px;--awb-margin-left-small:0px;--awb-font-size:50px;\"><h2 class=\"fusion-title-heading title-heading-center fusion-responsive-typography-calculated\" style=\"margin:0;font-size:1em;--fontSize:50;line-height:1.28;\">Control de la Inteligencia Ilegal<\/h2><\/div><div class=\"fusion-sep-clear\"><\/div><div class=\"fusion-separator fusion-full-width-sep\" style=\"margin-left: auto;margin-right: auto;margin-bottom:10%;width:100%;\"><\/div><div class=\"fusion-sep-clear\"><\/div><div class=\"fusion-button-wrapper fusion-aligncenter\"><a class=\"fusion-button button-flat fusion-button-default-size button-custom fusion-button-default button-1 fusion-button-default-span fusion-button-default-type\" style=\"--button_accent_color:#181818;--button_border_color:#181818;--button_accent_hover_color:#181818;--button_border_hover_color:#ffffff;--button_gradient_top_color:rgba(255,255,255,0);--button_gradient_bottom_color:rgba(255,255,255,0);--button_gradient_top_color_hover:#ffffff;--button_gradient_bottom_color_hover:#ffffff;\" target=\"_blank\" rel=\"noopener noreferrer\" href=\"https:\/\/www.comisionporlamemoria.org\/informeanual2025\/wp-content\/uploads\/sites\/16\/sites\/43\/2025\/08\/inteligencia.pdf\"><span class=\"fusion-button-text awb-button__text awb-button__text--default\">Descargar secci\u00f3n completa en PDF<\/span><i class=\"fa-download fas awb-button__icon awb-button__icon--default button-icon-right\" aria-hidden=\"true\"><\/i><\/a><\/div><\/div><\/div><div class=\"fusion-clearfix\"><\/div><\/div><\/div><div class=\"fusion-layout-column fusion_builder_column fusion-builder-column-1 fusion_builder_column_1_1 1_1 fusion-one-full fusion-column-first fusion-column-last fusion-no-large-visibility\" style=\"--awb-padding-top:8%;--awb-padding-bottom:8%;--awb-bg-size:cover;--awb-margin-top:0px;--awb-margin-bottom:0px;\"><div class=\"fusion-column-wrapper fusion-column-has-shadow fusion-flex-column-wrapper-legacy\"><div class=\"fusion-column-content-centered\"><div class=\"fusion-column-content\"><div class=\"fusion-text fusion-text-2\"><p style=\"text-align: center;\">Sistema de la crueldad XIX<\/p>\n<\/div><div class=\"fusion-sep-clear\"><\/div><div class=\"fusion-separator\" style=\"margin-left: auto;margin-right: auto;margin-bottom:8%;width:100%;max-width:50%;\"><div class=\"fusion-separator-border sep-single sep-solid\" style=\"--awb-height:20px;--awb-amount:20px;border-color:#d1d1d1;border-top-width:1px;\"><\/div><\/div><div class=\"fusion-sep-clear\"><\/div><div class=\"fusion-title title fusion-title-2 fusion-sep-none fusion-title-center fusion-title-text fusion-title-size-one\" style=\"--awb-margin-bottom:10%;--awb-margin-top-small:0px;--awb-margin-right-small:0px;--awb-margin-bottom-small:20px;--awb-margin-left-small:0px;--awb-font-size:50px;\"><h1 class=\"fusion-title-heading title-heading-center fusion-responsive-typography-calculated\" style=\"margin:0;font-size:1em;--fontSize:50;line-height:1.2;\">Control de la Inteligencia Ilegal<\/h1><\/div><div class=\"fusion-sep-clear\"><\/div><div class=\"fusion-separator fusion-full-width-sep\" style=\"margin-left: auto;margin-right: auto;margin-bottom:4%;width:100%;\"><\/div><div class=\"fusion-sep-clear\"><\/div><div class=\"fusion-button-wrapper fusion-aligncenter\"><a class=\"fusion-button button-flat fusion-button-default-size button-custom fusion-button-default button-2 fusion-button-default-span fusion-button-default-type fusion-animated\" style=\"--button_accent_color:#181818;--button_border_color:#181818;--button_accent_hover_color:#181818;--button_border_hover_color:#ffffff;--button_gradient_top_color:rgba(255,255,255,0);--button_gradient_bottom_color:rgba(255,255,255,0);--button_gradient_top_color_hover:#ffffff;--button_gradient_bottom_color_hover:#ffffff;\" data-animationType=\"fadeInLeft\" data-animationDuration=\"0.3\" data-animationOffset=\"top-into-view\" target=\"_blank\" rel=\"noopener noreferrer\" href=\"https:\/\/www.comisionporlamemoria.org\/informeanual2025\/wp-content\/uploads\/sites\/16\/sites\/43\/2025\/08\/inteligencia.pdf\"><span class=\"fusion-button-text awb-button__text awb-button__text--default\">Descargar secci\u00f3n completa en PDF<\/span><i class=\"fa-download fas awb-button__icon awb-button__icon--default button-icon-right\" aria-hidden=\"true\"><\/i><\/a><\/div><\/div><\/div><div class=\"fusion-clearfix\"><\/div><\/div><\/div><\/div><\/div><\/div><div class=\"fusion-fullwidth fullwidth-box fusion-builder-row-2 nonhundred-percent-fullwidth non-hundred-percent-height-scrolling\" style=\"--awb-border-radius-top-left:0px;--awb-border-radius-top-right:0px;--awb-border-radius-bottom-right:0px;--awb-border-radius-bottom-left:0px;--awb-margin-top:5%;--awb-margin-bottom:2%;--awb-flex-wrap:wrap;\" ><div class=\"fusion-builder-row fusion-row\"><div class=\"fusion-layout-column fusion_builder_column fusion-builder-column-2 fusion_builder_column_1_1 1_1 fusion-one-full fusion-column-first fusion-column-last\" style=\"--awb-padding-top:2%;--awb-padding-right:2%;--awb-padding-bottom:2%;--awb-padding-left:2%;--awb-bg-size:cover;--awb-border-color:#181818;--awb-border-top:2px;--awb-border-right:2px;--awb-border-bottom:2px;--awb-border-left:2px;--awb-border-style:solid;\"><div class=\"fusion-column-wrapper fusion-column-has-shadow fusion-flex-column-wrapper-legacy\"><div class=\"fusion-title title fusion-title-3 fusion-sep-none fusion-title-text fusion-title-size-five\" style=\"--awb-margin-top-small:0px;--awb-margin-right-small:0px;--awb-margin-bottom-small:20px;--awb-margin-left-small:0px;\"><h5 class=\"fusion-title-heading title-heading-left fusion-responsive-typography-calculated\" style=\"margin:0;--fontSize:20;--minFontSize:20;line-height:1.5;\">SOBRE ESTA SECCI\u00d3N<\/h5><\/div><div class=\"fusion-text fusion-text-3 fusion-animated\" style=\"--awb-content-alignment:justify;\" data-animationType=\"fadeInLeft\" data-animationDuration=\"0.3\" data-animationOffset=\"top-into-view\"><p>Con el DNU 22\/2023 el presidente Javier Milei dispuso, a dos d\u00edas de su asunci\u00f3n, la intervenci\u00f3n de la Agencia Federal de Inteligencia (AFI) y dio inicio a una seguidilla de cambios en los cargos de conducci\u00f3n con personas sin experiencia formal ni idoneidad en acciones de inteligencia, sumado a una serie de reformas profundas y regresivas del sistema y sin la debida discusi\u00f3n parlamentaria.<span class=\"Apple-converted-space\">\u00a0<\/span><\/p>\n<p>Asimismo se produjo un significativo incremento presupuestario de los fondos reservados para la SIDE y los organismos integrantes del sistema de inteligencia nacional que, sumado al alto grado de secretismo de la actividad, genera graves implicancias en la privacidad, la libertad de expresi\u00f3n y otros derechos y garant\u00edas ciudadanas fundamentales. Entre las principales reformas, se destacan la creaci\u00f3n de cuatro organismos desconcentrados y cuyas funciones resultan abstractas y difusas; reinstala la intervenci\u00f3n de la SIDE como auxiliar de la justicia, borrando las diferencias fundamentales entre las tareas policiales de prevenci\u00f3n, de inteligencia criminal y de investigaci\u00f3n criminal.<span class=\"Apple-converted-space\">\u00a0<\/span><\/p>\n<p>La historia reciente acredita que tanto los fondos reservados como la vinculaci\u00f3n de agentes de inteligencia con funcionarios de la justicia federal se utilizaron para disponer resoluciones judiciales contrarias a derechos, influir o manipular en procura de gobernabilidad, convirti\u00e9ndose en un actuar rutinario con agentes de inteligencia (org\u00e1nicos o inorg\u00e1nicos) para investigar la corrupci\u00f3n y otras causas asociadas al crimen organizado. A esto se suma la incorporaci\u00f3n del concepto de contrainteligencia y lucha contra el terrorismo, que potencialmente ampl\u00eda los justificativos que permiten reunir informaci\u00f3n de diverso orden, entre ella, interceptar comunicaciones privadas. Otro aspecto problem\u00e1tico examinado en este informe es el conjunto de funciones asignadas a la denominada Agencia Federal de Ciberseguridad (AFC).<span class=\"Apple-converted-space\">\u00a0<\/span><\/p>\n<p>Por otra parte, se enfatiza que la gesti\u00f3n de gobierno que asumi\u00f3 en diciembre de 2023 inici\u00f3 un camino institucional de recrudecimiento de la represi\u00f3n de la protesta social que se materializ\u00f3 en decisiones pol\u00edticas, modificaciones normativas y administrativas, entre ellas la resoluci\u00f3n 943\/23 del Ministerio de Seguridad de la Naci\u00f3n conocida como \u201cProtocolo antipiquetes\u201d que limita u obstaculiza el derecho a la protesta. Desde la implementaci\u00f3n del protocolo la CPM monitorea el despliegue de las fuerzas de seguridad en el contexto de la protesta social, hasta el 11 de abril la CPM monitore\u00f3 82 movilizaciones, en al menos 48 de ellas se identificaron pr\u00e1cticas asociadas a posibles tareas de inteligencia. Esto incluye efectivos filmando con c\u00e1maras port\u00e1tiles, sacando fotos con sus celulares personales, instalando c\u00e1maras en puntos estrat\u00e9gicos de las movilizaciones, en servicio sin uniforme reglamentario y vestidos de civil.<span class=\"Apple-converted-space\">\u00a0<\/span><\/p>\n<p>A partir de los hechos represivos se realizaron en total 22 denuncias penales, 13 correspondientes a hechos ocurridos durante el a\u00f1o 2024 y 9 durante el transcurso del a\u00f1o 2025. En esta secci\u00f3n se describe la presencia de personal policial sin uniforme e identificaci\u00f3n; casos de detenciones arbitrarias, torturas e interrogatorios de inteligencia; y las tareas de inteligencia sobre organismos de derechos humanos y organizaciones humanitarias.<span class=\"Apple-converted-space\">\u00a0<\/span><\/p>\n<p>Por \u00faltimo, el informe tambi\u00e9n presenta un detallado registro y an\u00e1lisis respecto a las tareas de inteligencia ilegal que tambi\u00e9n despliega la Polic\u00eda Bonaerense sobre organizaciones pol\u00edticas, sociales, gremiales o de derechos humanos. <span class=\"Apple-converted-space\">\u00a0<\/span><\/p>\n<\/div><div class=\"fusion-clearfix\"><\/div><\/div><\/div><\/div><\/div><div class=\"fusion-fullwidth fullwidth-box fusion-builder-row-3 fusion-flex-container nonhundred-percent-fullwidth non-hundred-percent-height-scrolling\" style=\"--awb-border-radius-top-left:0px;--awb-border-radius-top-right:0px;--awb-border-radius-bottom-right:0px;--awb-border-radius-bottom-left:0px;--awb-flex-wrap:wrap;\" ><div class=\"fusion-builder-row fusion-row fusion-flex-align-items-flex-start fusion-flex-content-wrap\" style=\"max-width:83.2%;margin-left: calc(-4% \/ 2 );margin-right: calc(-4% \/ 2 );\"><div class=\"fusion-layout-column fusion_builder_column fusion-builder-column-3 fusion_builder_column_1_1 1_1 fusion-flex-column\" style=\"--awb-bg-size:cover;--awb-width-large:100%;--awb-margin-top-large:20px;--awb-spacing-right-large:1.92%;--awb-margin-bottom-large:20px;--awb-spacing-left-large:1.92%;--awb-width-medium:100%;--awb-order-medium:0;--awb-spacing-right-medium:1.92%;--awb-spacing-left-medium:1.92%;--awb-width-small:100%;--awb-order-small:0;--awb-spacing-right-small:1.92%;--awb-spacing-left-small:1.92%;\"><div class=\"fusion-column-wrapper fusion-column-has-shadow fusion-flex-justify-content-flex-start fusion-content-layout-column\"><div class=\"fusion-text fusion-text-4\">\n<\/div><\/div><\/div><\/div><\/div><\/p>\n","protected":false},"excerpt":{"rendered":"","protected":false},"author":40,"featured_media":3362,"parent":0,"menu_order":0,"comment_status":"closed","ping_status":"closed","template":"100-width.php","meta":{"footnotes":""},"class_list":["post-3367","page","type-page","status-publish","has-post-thumbnail","hentry"],"_links":{"self":[{"href":"https:\/\/www.comisionporlamemoria.org\/informeanual2025\/wp-json\/wp\/v2\/pages\/3367","targetHints":{"allow":["GET"]}}],"collection":[{"href":"https:\/\/www.comisionporlamemoria.org\/informeanual2025\/wp-json\/wp\/v2\/pages"}],"about":[{"href":"https:\/\/www.comisionporlamemoria.org\/informeanual2025\/wp-json\/wp\/v2\/types\/page"}],"author":[{"embeddable":true,"href":"https:\/\/www.comisionporlamemoria.org\/informeanual2025\/wp-json\/wp\/v2\/users\/40"}],"replies":[{"embeddable":true,"href":"https:\/\/www.comisionporlamemoria.org\/informeanual2025\/wp-json\/wp\/v2\/comments?post=3367"}],"version-history":[{"count":0,"href":"https:\/\/www.comisionporlamemoria.org\/informeanual2025\/wp-json\/wp\/v2\/pages\/3367\/revisions"}],"wp:featuredmedia":[{"embeddable":true,"href":"https:\/\/www.comisionporlamemoria.org\/informeanual2025\/wp-json\/wp\/v2\/media\/3362"}],"wp:attachment":[{"href":"https:\/\/www.comisionporlamemoria.org\/informeanual2025\/wp-json\/wp\/v2\/media?parent=3367"}],"curies":[{"name":"wp","href":"https:\/\/api.w.org\/{rel}","templated":true}]}}

Políticas de control de la inteligencia ilegal

<p><div class="fusion-fullwidth fullwidth-box fusion-builder-row-1 has-pattern-background has-mask-background hundred-percent-fullwidth hundred-percent-height hundred-percent-height-center-content non-hundred-percent-height-scrolling fusion-equal-height-columns" style="--awb-border-radius-top-left:0px;--awb-border-radius-top-right:0px;--awb-border-radius-bottom-right:0px;--awb-border-radius-bottom-left:0px;--awb-padding-top:0px;--awb-padding-right:0px;--awb-padding-bottom:0px;--awb-padding-left:0px;--awb-flex-wrap:wrap;" ><div class="fusion-fullwidth-center-content"><div class="fusion-builder-row fusion-row"><div class="fusion-layout-column fusion_builder_column fusion-builder-column-0 fusion_builder_column_1_1 1_1 fusion-one-full fusion-column-first fusion-column-last fusion-no-small-visibility fusion-no-medium-visibility fusion-animated" style="--awb-padding-top:20%;--awb-padding-right:12%;--awb-padding-bottom:18%;--awb-padding-left:12%;--awb-bg-size:cover;--awb-margin-top:0px;--awb-margin-bottom:0px;" data-animationType="fadeIn" data-animationDuration="0.8" data-animationOffset="top-into-view"><div class="fusion-column-wrapper fusion-column-has-shadow fusion-flex-column-wrapper-legacy"><div class="fusion-column-content-centered"><div class="fusion-column-content"><div class="fusion-text fusion-text-1 fusion-animated" style="--awb-font-size:20px;" data-animationType="fadeInLeft" data-animationDuration="0.7" data-animationOffset="top-into-view"><p style="text-align: center;">El sistema de la crueldad XIX</p>
</div><div class="fusion-sep-clear"></div><div class="fusion-separator" style="margin-left: auto;margin-right: auto;margin-bottom:10%;width:100%;max-width:50%;"><div class="fusion-separator-border sep-single sep-solid" style="--awb-height:20px;--awb-amount:20px;border-color:#d1d1d1;border-top-width:1px;"></div></div><div class="fusion-sep-clear"></div><div class="fusion-title title fusion-title-1 fusion-sep-none fusion-title-center fusion-title-text fusion-title-size-two" style="--awb-margin-top-small:0px;--awb-margin-right-small:0px;--awb-margin-bottom-small:20px;--awb-margin-left-small:0px;--awb-font-size:50px;"><h2 class="fusion-title-heading title-heading-center fusion-responsive-typography-calculated" style="margin:0;font-size:1em;--fontSize:50;line-height:1.28;">Control de la Inteligencia Ilegal</h2></div><div class="fusion-sep-clear"></div><div class="fusion-separator fusion-full-width-sep" style="margin-left: auto;margin-right: auto;margin-bottom:10%;width:100%;"></div><div class="fusion-sep-clear"></div><div class="fusion-button-wrapper fusion-aligncenter"><a class="fusion-button button-flat fusion-button-default-size button-custom fusion-button-default button-1 fusion-button-default-span fusion-button-default-type" style="--button_accent_color:#181818;--button_border_color:#181818;--button_accent_hover_color:#181818;--button_border_hover_color:#ffffff;--button_gradient_top_color:rgba(255,255,255,0);--button_gradient_bottom_color:rgba(255,255,255,0);--button_gradient_top_color_hover:#ffffff;--button_gradient_bottom_color_hover:#ffffff;" target="_blank" rel="noopener noreferrer" href="https://www.comisionporlamemoria.org/informeanual2025/wp-content/uploads/sites/16/sites/43/2025/08/inteligencia.pdf"><span class="fusion-button-text awb-button__text awb-button__text--default">Descargar sección completa en PDF</span><i class="fa-download fas awb-button__icon awb-button__icon--default button-icon-right" aria-hidden="true"></i></a></div></div></div><div class="fusion-clearfix"></div></div></div><div class="fusion-layout-column fusion_builder_column fusion-builder-column-1 fusion_builder_column_1_1 1_1 fusion-one-full fusion-column-first fusion-column-last fusion-no-large-visibility" style="--awb-padding-top:8%;--awb-padding-bottom:8%;--awb-bg-size:cover;--awb-margin-top:0px;--awb-margin-bottom:0px;"><div class="fusion-column-wrapper fusion-column-has-shadow fusion-flex-column-wrapper-legacy"><div class="fusion-column-content-centered"><div class="fusion-column-content"><div class="fusion-text fusion-text-2"><p style="text-align: center;">Sistema de la crueldad XIX</p>
</div><div class="fusion-sep-clear"></div><div class="fusion-separator" style="margin-left: auto;margin-right: auto;margin-bottom:8%;width:100%;max-width:50%;"><div class="fusion-separator-border sep-single sep-solid" style="--awb-height:20px;--awb-amount:20px;border-color:#d1d1d1;border-top-width:1px;"></div></div><div class="fusion-sep-clear"></div><div class="fusion-title title fusion-title-2 fusion-sep-none fusion-title-center fusion-title-text fusion-title-size-one" style="--awb-margin-bottom:10%;--awb-margin-top-small:0px;--awb-margin-right-small:0px;--awb-margin-bottom-small:20px;--awb-margin-left-small:0px;--awb-font-size:50px;"><h1 class="fusion-title-heading title-heading-center fusion-responsive-typography-calculated" style="margin:0;font-size:1em;--fontSize:50;line-height:1.2;">Control de la Inteligencia Ilegal</h1></div><div class="fusion-sep-clear"></div><div class="fusion-separator fusion-full-width-sep" style="margin-left: auto;margin-right: auto;margin-bottom:4%;width:100%;"></div><div class="fusion-sep-clear"></div><div class="fusion-button-wrapper fusion-aligncenter"><a class="fusion-button button-flat fusion-button-default-size button-custom fusion-button-default button-2 fusion-button-default-span fusion-button-default-type fusion-animated" style="--button_accent_color:#181818;--button_border_color:#181818;--button_accent_hover_color:#181818;--button_border_hover_color:#ffffff;--button_gradient_top_color:rgba(255,255,255,0);--button_gradient_bottom_color:rgba(255,255,255,0);--button_gradient_top_color_hover:#ffffff;--button_gradient_bottom_color_hover:#ffffff;" data-animationType="fadeInLeft" data-animationDuration="0.3" data-animationOffset="top-into-view" target="_blank" rel="noopener noreferrer" href="https://www.comisionporlamemoria.org/informeanual2025/wp-content/uploads/sites/16/sites/43/2025/08/inteligencia.pdf"><span class="fusion-button-text awb-button__text awb-button__text--default">Descargar sección completa en PDF</span><i class="fa-download fas awb-button__icon awb-button__icon--default button-icon-right" aria-hidden="true"></i></a></div></div></div><div class="fusion-clearfix"></div></div></div></div></div></div><div class="fusion-fullwidth fullwidth-box fusion-builder-row-2 nonhundred-percent-fullwidth non-hundred-percent-height-scrolling" style="--awb-border-radius-top-left:0px;--awb-border-radius-top-right:0px;--awb-border-radius-bottom-right:0px;--awb-border-radius-bottom-left:0px;--awb-margin-top:5%;--awb-margin-bottom:2%;--awb-flex-wrap:wrap;" ><div class="fusion-builder-row fusion-row"><div class="fusion-layout-column fusion_builder_column fusion-builder-column-2 fusion_builder_column_1_1 1_1 fusion-one-full fusion-column-first fusion-column-last" style="--awb-padding-top:2%;--awb-padding-right:2%;--awb-padding-bottom:2%;--awb-padding-left:2%;--awb-bg-size:cover;--awb-border-color:#181818;--awb-border-top:2px;--awb-border-right:2px;--awb-border-bottom:2px;--awb-border-left:2px;--awb-border-style:solid;"><div class="fusion-column-wrapper fusion-column-has-shadow fusion-flex-column-wrapper-legacy"><div class="fusion-title title fusion-title-3 fusion-sep-none fusion-title-text fusion-title-size-five" style="--awb-margin-top-small:0px;--awb-margin-right-small:0px;--awb-margin-bottom-small:20px;--awb-margin-left-small:0px;"><h5 class="fusion-title-heading title-heading-left fusion-responsive-typography-calculated" style="margin:0;--fontSize:20;--minFontSize:20;line-height:1.5;">SOBRE ESTA SECCIÓN</h5></div><div class="fusion-text fusion-text-3 fusion-animated" style="--awb-content-alignment:justify;" data-animationType="fadeInLeft" data-animationDuration="0.3" data-animationOffset="top-into-view"><p>Con el DNU 22/2023 el presidente Javier Milei dispuso, a dos días de su asunción, la intervención de la Agencia Federal de Inteligencia (AFI) y dio inicio a una seguidilla de cambios en los cargos de conducción con personas sin experiencia formal ni idoneidad en acciones de inteligencia, sumado a una serie de reformas profundas y regresivas del sistema y sin la debida discusión parlamentaria.<span class="Apple-converted-space"> </span></p>
<p>Asimismo se produjo un significativo incremento presupuestario de los fondos reservados para la SIDE y los organismos integrantes del sistema de inteligencia nacional que, sumado al alto grado de secretismo de la actividad, genera graves implicancias en la privacidad, la libertad de expresión y otros derechos y garantías ciudadanas fundamentales. Entre las principales reformas, se destacan la creación de cuatro organismos desconcentrados y cuyas funciones resultan abstractas y difusas; reinstala la intervención de la SIDE como auxiliar de la justicia, borrando las diferencias fundamentales entre las tareas policiales de prevención, de inteligencia criminal y de investigación criminal.<span class="Apple-converted-space"> </span></p>
<p>La historia reciente acredita que tanto los fondos reservados como la vinculación de agentes de inteligencia con funcionarios de la justicia federal se utilizaron para disponer resoluciones judiciales contrarias a derechos, influir o manipular en procura de gobernabilidad, convirtiéndose en un actuar rutinario con agentes de inteligencia (orgánicos o inorgánicos) para investigar la corrupción y otras causas asociadas al crimen organizado. A esto se suma la incorporación del concepto de contrainteligencia y lucha contra el terrorismo, que potencialmente amplía los justificativos que permiten reunir información de diverso orden, entre ella, interceptar comunicaciones privadas. Otro aspecto problemático examinado en este informe es el conjunto de funciones asignadas a la denominada Agencia Federal de Ciberseguridad (AFC).<span class="Apple-converted-space"> </span></p>
<p>Por otra parte, se enfatiza que la gestión de gobierno que asumió en diciembre de 2023 inició un camino institucional de recrudecimiento de la represión de la protesta social que se materializó en decisiones políticas, modificaciones normativas y administrativas, entre ellas la resolución 943/23 del Ministerio de Seguridad de la Nación conocida como “Protocolo antipiquetes” que limita u obstaculiza el derecho a la protesta. Desde la implementación del protocolo la CPM monitorea el despliegue de las fuerzas de seguridad en el contexto de la protesta social, hasta el 11 de abril la CPM monitoreó 82 movilizaciones, en al menos 48 de ellas se identificaron prácticas asociadas a posibles tareas de inteligencia. Esto incluye efectivos filmando con cámaras portátiles, sacando fotos con sus celulares personales, instalando cámaras en puntos estratégicos de las movilizaciones, en servicio sin uniforme reglamentario y vestidos de civil.<span class="Apple-converted-space"> </span></p>
<p>A partir de los hechos represivos se realizaron en total 22 denuncias penales, 13 correspondientes a hechos ocurridos durante el año 2024 y 9 durante el transcurso del año 2025. En esta sección se describe la presencia de personal policial sin uniforme e identificación; casos de detenciones arbitrarias, torturas e interrogatorios de inteligencia; y las tareas de inteligencia sobre organismos de derechos humanos y organizaciones humanitarias.<span class="Apple-converted-space"> </span></p>
<p>Por último, el informe también presenta un detallado registro y análisis respecto a las tareas de inteligencia ilegal que también despliega la Policía Bonaerense sobre organizaciones políticas, sociales, gremiales o de derechos humanos. <span class="Apple-converted-space"> </span></p>
</div><div class="fusion-clearfix"></div></div></div></div></div><div class="fusion-fullwidth fullwidth-box fusion-builder-row-3 fusion-flex-container nonhundred-percent-fullwidth non-hundred-percent-height-scrolling" style="--awb-border-radius-top-left:0px;--awb-border-radius-top-right:0px;--awb-border-radius-bottom-right:0px;--awb-border-radius-bottom-left:0px;--awb-flex-wrap:wrap;" ><div class="fusion-builder-row fusion-row fusion-flex-align-items-flex-start fusion-flex-content-wrap" style="max-width:83.2%;margin-left: calc(-4% / 2 );margin-right: calc(-4% / 2 );"><div class="fusion-layout-column fusion_builder_column fusion-builder-column-3 fusion_builder_column_1_1 1_1 fusion-flex-column" style="--awb-bg-size:cover;--awb-width-large:100%;--awb-margin-top-large:20px;--awb-spacing-right-large:1.92%;--awb-margin-bottom-large:20px;--awb-spacing-left-large:1.92%;--awb-width-medium:100%;--awb-order-medium:0;--awb-spacing-right-medium:1.92%;--awb-spacing-left-medium:1.92%;--awb-width-small:100%;--awb-order-small:0;--awb-spacing-right-small:1.92%;--awb-spacing-left-small:1.92%;"><div class="fusion-column-wrapper fusion-column-has-shadow fusion-flex-justify-content-flex-start fusion-content-layout-column"><div class="fusion-text fusion-text-4">
</div></div></div></div></div></p>
