{"id":3377,"date":"2025-07-31T14:07:13","date_gmt":"2025-07-31T17:07:13","guid":{"rendered":"https:\/\/www.comisionporlamemoria.org\/informeanual2025\/?page_id=3377"},"modified":"2025-08-07T12:08:54","modified_gmt":"2025-08-07T15:08:54","slug":"regimen-penal-juvenil","status":"publish","type":"page","link":"https:\/\/www.comisionporlamemoria.org\/informeanual2025\/regimen-penal-juvenil\/","title":{"rendered":"R\u00e9gimen penal juvenil"},"content":{"rendered":"<p><div class=\"fusion-fullwidth fullwidth-box fusion-builder-row-1 nonhundred-percent-fullwidth non-hundred-percent-height-scrolling\" style=\"--awb-border-radius-top-left:0px;--awb-border-radius-top-right:0px;--awb-border-radius-bottom-right:0px;--awb-border-radius-bottom-left:0px;--awb-padding-top:8%;--awb-flex-wrap:wrap;\" ><div class=\"fusion-builder-row fusion-row\"><div class=\"fusion-layout-column fusion_builder_column fusion-builder-column-0 fusion_builder_column_3_4 3_4 fusion-three-fourth fusion-column-first\" style=\"--awb-bg-size:cover;--awb-margin-top:0px;--awb-margin-bottom:0px;width:75%;width:calc(75% - ( ( 4% ) * 0.75 ) );margin-right: 4%;\"><div class=\"fusion-column-wrapper fusion-column-has-shadow fusion-flex-column-wrapper-legacy\"><div class=\"fusion-text fusion-text-1 caption\"><p>INFORME ANUAL 2025<\/p>\n<\/div><div class=\"fusion-title title fusion-title-1 fusion-sep-none fusion-title-text fusion-title-size-two\" style=\"--awb-margin-top-small:0px;--awb-margin-right-small:0px;--awb-margin-bottom-small:20px;--awb-margin-left-small:0px;\"><h2 class=\"fusion-title-heading title-heading-left fusion-responsive-typography-calculated\" style=\"margin:0;--fontSize:72;line-height:1.28;\">R\u00e9gimen Penal Juvenil<\/h2><\/div><div class=\"fusion-sep-clear\"><\/div><div class=\"fusion-separator fusion-clearfix\" style=\"float:left;margin-top:12%;margin-bottom:4%;width:100%;max-width:32px;\"><div class=\"fusion-separator-border sep-single sep-solid\" style=\"--awb-height:20px;--awb-amount:20px;--awb-sep-color:#181818;border-color:#181818;border-top-width:2px;\"><\/div><\/div><div class=\"fusion-sep-clear\"><\/div><div class=\"fusion-clearfix\"><\/div><\/div><\/div><div class=\"fusion-layout-column fusion_builder_column fusion-builder-column-1 fusion_builder_column_1_4 1_4 fusion-one-fourth fusion-column-last fusion-no-small-visibility fusion-no-medium-visibility\" style=\"--awb-bg-size:cover;width:25%;width:calc(25% - ( ( 4% ) * 0.25 ) );\"><div class=\"fusion-column-wrapper fusion-flex-column-wrapper-legacy\"><div class=\"fusion-clearfix\"><\/div><\/div><\/div><\/div><\/div><div class=\"fusion-fullwidth fullwidth-box fusion-builder-row-2 fusion-flex-container nonhundred-percent-fullwidth non-hundred-percent-height-scrolling\" style=\"--awb-border-radius-top-left:0px;--awb-border-radius-top-right:0px;--awb-border-radius-bottom-right:0px;--awb-border-radius-bottom-left:0px;--awb-flex-wrap:wrap;\" ><div class=\"fusion-builder-row fusion-row fusion-flex-align-items-flex-start fusion-flex-content-wrap\" style=\"max-width:83.2%;margin-left: calc(-4% \/ 2 );margin-right: calc(-4% \/ 2 );\"><div class=\"fusion-layout-column fusion_builder_column fusion-builder-column-2 fusion_builder_column_1_1 1_1 fusion-flex-column\" style=\"--awb-bg-size:cover;--awb-width-large:100%;--awb-margin-top-large:20px;--awb-spacing-right-large:1.92%;--awb-margin-bottom-large:20px;--awb-spacing-left-large:1.92%;--awb-width-medium:100%;--awb-order-medium:0;--awb-spacing-right-medium:1.92%;--awb-spacing-left-medium:1.92%;--awb-width-small:100%;--awb-order-small:0;--awb-spacing-right-small:1.92%;--awb-spacing-left-small:1.92%;\"><div class=\"fusion-column-wrapper fusion-column-has-shadow fusion-flex-justify-content-flex-start fusion-content-layout-column\"><div class=\"fusion-text fusion-text-2\"><p>Durante 2024, el Ministerio P\u00fablico Fiscal de la Provincia inici\u00f3 22.687 investigaciones penales contra j\u00f3venes de 16 o 17 a\u00f1os, lo que equivale a 62 investigaciones iniciadas por d\u00eda y un 5% menos respecto de 2023. Como muestra el gr\u00e1fico, el n\u00famero de investigaciones iniciadas en el fuero penal juvenil est\u00e1 significativamente por debajo de su r\u00e9cord hist\u00f3rico (29.550 en 2012) y del promedio interanual (25.563).<\/p>\n<\/div><style type=\"text\/css\">#fusion-chart-1 .fusion-chart-legend-wrap li:nth-child(1) span{color: #ffffff;}<\/style><div id=\"fusion-chart-1\" class=\"fusion-chart legend-top\" data-type=\"line\" data-chart_legend_position=\"top\" data-x_axis_labels=\"2009|2010|2011|2012|2013|2014|2015|2016|2017|2018|2019|2020|2021|2022|2023|2024\" data-x_axis_label=\"A\u00f1o\" data-y_axis_label=\"Porcentaje\" data-show_tooltips=\"yes\" data-bg_colors=\"|||||||||||||||\" data-border_colors=\"|||||||||||||||\" data-border_size=\"1\" data-border_type=\"smooth\" data-chart_fill=\"off\" data-chart_point_style=\"circle\" data-chart_point_size=\"3\" data-chart_axis_text_color=\"rgba(103,103,103,1)\" data-chart_gridline_color=\"rgba(0,0,0,0.1)\"><div class=\"fusion-chart-dataset\" data-label=\"IPP totales\" data-values=\"28989|27395|28399|29550|28892|29155|26789|26637|26026|26016|26160|17988|18503|22018|23846|22687\" data-background_color=\"rgba(0,188,212,1)\" data-border_color=\"rgba(0,188,212,1)\"><\/div><h4 class=\"fusion-chart-title\">Investigaciones penales preparatorias en el fuero de responsabilidad penal juvenil, provincia de Buenos Aires, 2009-2024<\/h4><div class=\"fusion-chart-inner\"><div class=\"fusion-chart-wrap\"><canvas><\/canvas><\/div><div class=\"fusion-chart-legend-wrap\"><\/div><\/div><\/div><div class=\"fusion-text fusion-text-3\"><p><span style=\"font-size: 10pt; font-family: Tahoma, Arial, Helvetica, sans-serif;\"><b>Fuente:<\/b> <span id=\"imagen\">CPM en base a estad\u00edsticas de la Procuraci\u00f3n de la Provincia de Buenos Aires. <\/span><br \/>\n<\/span><\/p>\n<\/div><div class=\"fusion-separator fusion-full-width-sep\" style=\"align-self: center;margin-left: auto;margin-right: auto;margin-top:2%;margin-bottom:2%;width:100%;\"><\/div><div class=\"fusion-text fusion-text-4\"><p>Se ha instalado nuevamente en el debate p\u00fablico la necesidad de bajar la edad de punibilidad como respuesta a los delitos cometidos por j\u00f3venes menores de 16 a\u00f1os. Se plantea que estos j\u00f3venes no punibles no son alcanzados por las leyes penales y que por esta raz\u00f3n proliferan los delitos que cometen. Esta afirmaci\u00f3n carece de veracidad.<\/p>\n<p>Pese a que la ley penal de fondo plantea los 16 a\u00f1os de limite a la sanci\u00f3n penal, la ley de procedimiento o ley de responsabilidad penal juvenil de la provincia de Buenos Aires, la 13.634, habilita en su art\u00edculo 64 una excepci\u00f3n que permite detener a los j\u00f3venes menores de 16 a\u00f1os: la aplicaci\u00f3n de una medida de seguridad. Esta medida de seguridad se cumple en los mismos centros donde se cumplen las sanciones penales de los j\u00f3venes de entre 16 y 18 a\u00f1os, lugares donde se vulneran gravemente sus derechos.<\/p>\n<p>Los j\u00f3venes menores de 16 a\u00f1os que cometieron delitos graves, as\u00ed como aquellos que no eran punibles al momento del hecho pero hoy tienen 16 a\u00f1os o m\u00e1s, se encuentran detenidos.<\/p>\n<\/div><div class=\"fusion-text fusion-text-5\"><p>La cifra de ni\u00f1os no punibles detenidos casi se triplic\u00f3 entre 2021-2025, como se ve en el siguiente gr\u00e1fico (se desconocen datos previos). La variaci\u00f3n porcentual entre los extremos del per\u00edodo, es del 21% para los punibles y del 191% para los no punibles.<\/p>\n<\/div><style type=\"text\/css\">#fusion-chart-2 .fusion-chart-legend-wrap li:nth-child(1) span{color: #ffffff;}#fusion-chart-2 .fusion-chart-legend-wrap li:nth-child(2) span{color: #ffffff;}<\/style><div id=\"fusion-chart-2\" class=\"fusion-chart legend-top\" data-type=\"bar\" data-chart_legend_position=\"top\" data-x_axis_labels=\"2021|2022|2023|2024|2025\" data-x_axis_label=\"A\u00f1o\" data-y_axis_label=\"Porcentaje\" data-show_tooltips=\"yes\" data-bg_colors=\"||||\" data-border_colors=\"||||\" data-border_size=\"1\" data-border_type=\"smooth\" data-chart_fill=\"off\" data-chart_point_style=\"circle\" data-chart_point_size=\"3\" data-chart_axis_text_color=\"rgba(103,103,103,1)\" data-chart_gridline_color=\"rgba(0,0,0,0.1)\"><div class=\"fusion-chart-dataset\" data-label=\"Punibles\" data-values=\"483|459|403|468|584\" data-background_color=\"rgba(0,188,212,1)\" data-border_color=\"rgba(0,188,212,1)\"><\/div><div class=\"fusion-chart-dataset\" data-label=\"No punibles\" data-values=\"33|31|45|56|96\" data-background_color=\"rgba(248,168,21,1)\" data-border_color=\"rgba(248,168,21,1)\"><\/div><h4 class=\"fusion-chart-title\">Ni\u00f1os\/as privados\/as de libertad en dispositivos del OPNyA, seg\u00fan imputabilidad al momento del delito, 2021-2025<\/h4><div class=\"fusion-chart-inner\"><div class=\"fusion-chart-wrap\"><canvas><\/canvas><\/div><div class=\"fusion-chart-legend-wrap\"><\/div><\/div><\/div><div class=\"fusion-text fusion-text-6\"><p><span id=\"imagen\" style=\"font-size: 10pt; font-family: Tahoma, Arial, Helvetica, sans-serif;\"><b>Fuente:<\/b> <span id=\"imagen\">CPM en base al REINA.<\/span><br \/>\n<\/span><span id=\"imagen\" style=\"font-size: 10pt; font-family: Tahoma, Arial, Helvetica, sans-serif;\"><b>Nota:<\/b> <span id=\"imagen\">los datos corresponden a diciembre de cada a\u00f1o, a excepci\u00f3n de 2025 que se toma el valor de marzo.<\/span><br \/>\n<\/span><\/p>\n<\/div><\/div><\/div><\/div><\/div><div class=\"fusion-fullwidth fullwidth-box fusion-builder-row-3 fusion-flex-container nonhundred-percent-fullwidth non-hundred-percent-height-scrolling\" style=\"--awb-border-radius-top-left:0px;--awb-border-radius-top-right:0px;--awb-border-radius-bottom-right:0px;--awb-border-radius-bottom-left:0px;--awb-flex-wrap:wrap;\" ><div class=\"fusion-builder-row fusion-row fusion-flex-align-items-flex-start fusion-flex-content-wrap\" style=\"max-width:83.2%;margin-left: calc(-4% \/ 2 );margin-right: calc(-4% \/ 2 );\"><div class=\"fusion-layout-column fusion_builder_column fusion-builder-column-3 fusion_builder_column_1_1 1_1 fusion-flex-column\" style=\"--awb-bg-size:cover;--awb-width-large:100%;--awb-margin-top-large:20px;--awb-spacing-right-large:1.92%;--awb-margin-bottom-large:20px;--awb-spacing-left-large:1.92%;--awb-width-medium:100%;--awb-order-medium:0;--awb-spacing-right-medium:1.92%;--awb-spacing-left-medium:1.92%;--awb-width-small:100%;--awb-order-small:0;--awb-spacing-right-small:1.92%;--awb-spacing-left-small:1.92%;\"><div class=\"fusion-column-wrapper fusion-column-has-shadow fusion-flex-justify-content-flex-start fusion-content-layout-column\"><div class=\"fusion-separator fusion-full-width-sep\" style=\"align-self: center;margin-left: auto;margin-right: auto;margin-top:2%;margin-bottom:2%;width:100%;\"><\/div><\/div><\/div><\/div><\/div><div class=\"fusion-fullwidth fullwidth-box fusion-builder-row-4 fusion-flex-container nonhundred-percent-fullwidth non-hundred-percent-height-scrolling\" style=\"--awb-border-radius-top-left:0px;--awb-border-radius-top-right:0px;--awb-border-radius-bottom-right:0px;--awb-border-radius-bottom-left:0px;--awb-flex-wrap:wrap;\" ><div class=\"fusion-builder-row fusion-row fusion-flex-align-items-flex-start fusion-flex-content-wrap\" style=\"max-width:83.2%;margin-left: calc(-4% \/ 2 );margin-right: calc(-4% \/ 2 );\"><div class=\"fusion-layout-column fusion_builder_column fusion-builder-column-4 fusion_builder_column_1_1 1_1 fusion-flex-column\" style=\"--awb-bg-size:cover;--awb-width-large:100%;--awb-margin-top-large:20px;--awb-spacing-right-large:1.92%;--awb-margin-bottom-large:20px;--awb-spacing-left-large:1.92%;--awb-width-medium:100%;--awb-order-medium:0;--awb-spacing-right-medium:1.92%;--awb-spacing-left-medium:1.92%;--awb-width-small:100%;--awb-order-small:0;--awb-spacing-right-small:1.92%;--awb-spacing-left-small:1.92%;\"><div class=\"fusion-column-wrapper fusion-column-has-shadow fusion-flex-justify-content-flex-start fusion-content-layout-column\"><div ><a class=\"fusion-button button-flat fusion-button-default-size button-default fusion-button-default button-1 fusion-button-default-span fusion-button-default-type\" target=\"_self\" href=\"https:\/\/www.comisionporlamemoria.org\/datosabiertos\"><i class=\"fa-external-link-alt fas awb-button__icon awb-button__icon--default button-icon-left\" aria-hidden=\"true\"><\/i><span class=\"fusion-button-text awb-button__text awb-button__text--default\">Ver m\u00e1s en el sitio de Datos Abiertos<\/span><\/a><\/div><\/div><\/div><\/div><\/div><\/p>\n","protected":false},"excerpt":{"rendered":"","protected":false},"author":40,"featured_media":3441,"parent":0,"menu_order":0,"comment_status":"closed","ping_status":"closed","template":"","meta":{"footnotes":""},"class_list":["post-3377","page","type-page","status-publish","has-post-thumbnail","hentry"],"_links":{"self":[{"href":"https:\/\/www.comisionporlamemoria.org\/informeanual2025\/wp-json\/wp\/v2\/pages\/3377","targetHints":{"allow":["GET"]}}],"collection":[{"href":"https:\/\/www.comisionporlamemoria.org\/informeanual2025\/wp-json\/wp\/v2\/pages"}],"about":[{"href":"https:\/\/www.comisionporlamemoria.org\/informeanual2025\/wp-json\/wp\/v2\/types\/page"}],"author":[{"embeddable":true,"href":"https:\/\/www.comisionporlamemoria.org\/informeanual2025\/wp-json\/wp\/v2\/users\/40"}],"replies":[{"embeddable":true,"href":"https:\/\/www.comisionporlamemoria.org\/informeanual2025\/wp-json\/wp\/v2\/comments?post=3377"}],"version-history":[{"count":0,"href":"https:\/\/www.comisionporlamemoria.org\/informeanual2025\/wp-json\/wp\/v2\/pages\/3377\/revisions"}],"wp:featuredmedia":[{"embeddable":true,"href":"https:\/\/www.comisionporlamemoria.org\/informeanual2025\/wp-json\/wp\/v2\/media\/3441"}],"wp:attachment":[{"href":"https:\/\/www.comisionporlamemoria.org\/informeanual2025\/wp-json\/wp\/v2\/media?parent=3377"}],"curies":[{"name":"wp","href":"https:\/\/api.w.org\/{rel}","templated":true}]}}

Régimen penal juvenil

<p><div class="fusion-fullwidth fullwidth-box fusion-builder-row-1 nonhundred-percent-fullwidth non-hundred-percent-height-scrolling" style="--awb-border-radius-top-left:0px;--awb-border-radius-top-right:0px;--awb-border-radius-bottom-right:0px;--awb-border-radius-bottom-left:0px;--awb-padding-top:8%;--awb-flex-wrap:wrap;" ><div class="fusion-builder-row fusion-row"><div class="fusion-layout-column fusion_builder_column fusion-builder-column-0 fusion_builder_column_3_4 3_4 fusion-three-fourth fusion-column-first" style="--awb-bg-size:cover;--awb-margin-top:0px;--awb-margin-bottom:0px;width:75%;width:calc(75% - ( ( 4% ) * 0.75 ) );margin-right: 4%;"><div class="fusion-column-wrapper fusion-column-has-shadow fusion-flex-column-wrapper-legacy"><div class="fusion-text fusion-text-1 caption"><p>INFORME ANUAL 2025</p>
</div><div class="fusion-title title fusion-title-1 fusion-sep-none fusion-title-text fusion-title-size-two" style="--awb-margin-top-small:0px;--awb-margin-right-small:0px;--awb-margin-bottom-small:20px;--awb-margin-left-small:0px;"><h2 class="fusion-title-heading title-heading-left fusion-responsive-typography-calculated" style="margin:0;--fontSize:72;line-height:1.28;">Régimen Penal Juvenil</h2></div><div class="fusion-sep-clear"></div><div class="fusion-separator fusion-clearfix" style="float:left;margin-top:12%;margin-bottom:4%;width:100%;max-width:32px;"><div class="fusion-separator-border sep-single sep-solid" style="--awb-height:20px;--awb-amount:20px;--awb-sep-color:#181818;border-color:#181818;border-top-width:2px;"></div></div><div class="fusion-sep-clear"></div><div class="fusion-clearfix"></div></div></div><div class="fusion-layout-column fusion_builder_column fusion-builder-column-1 fusion_builder_column_1_4 1_4 fusion-one-fourth fusion-column-last fusion-no-small-visibility fusion-no-medium-visibility" style="--awb-bg-size:cover;width:25%;width:calc(25% - ( ( 4% ) * 0.25 ) );"><div class="fusion-column-wrapper fusion-flex-column-wrapper-legacy"><div class="fusion-clearfix"></div></div></div></div></div><div class="fusion-fullwidth fullwidth-box fusion-builder-row-2 fusion-flex-container nonhundred-percent-fullwidth non-hundred-percent-height-scrolling" style="--awb-border-radius-top-left:0px;--awb-border-radius-top-right:0px;--awb-border-radius-bottom-right:0px;--awb-border-radius-bottom-left:0px;--awb-flex-wrap:wrap;" ><div class="fusion-builder-row fusion-row fusion-flex-align-items-flex-start fusion-flex-content-wrap" style="max-width:83.2%;margin-left: calc(-4% / 2 );margin-right: calc(-4% / 2 );"><div class="fusion-layout-column fusion_builder_column fusion-builder-column-2 fusion_builder_column_1_1 1_1 fusion-flex-column" style="--awb-bg-size:cover;--awb-width-large:100%;--awb-margin-top-large:20px;--awb-spacing-right-large:1.92%;--awb-margin-bottom-large:20px;--awb-spacing-left-large:1.92%;--awb-width-medium:100%;--awb-order-medium:0;--awb-spacing-right-medium:1.92%;--awb-spacing-left-medium:1.92%;--awb-width-small:100%;--awb-order-small:0;--awb-spacing-right-small:1.92%;--awb-spacing-left-small:1.92%;"><div class="fusion-column-wrapper fusion-column-has-shadow fusion-flex-justify-content-flex-start fusion-content-layout-column"><div class="fusion-text fusion-text-2"><p>Durante 2024, el Ministerio Público Fiscal de la Provincia inició 22.687 investigaciones penales contra jóvenes de 16 o 17 años, lo que equivale a 62 investigaciones iniciadas por día y un 5% menos respecto de 2023. Como muestra el gráfico, el número de investigaciones iniciadas en el fuero penal juvenil está significativamente por debajo de su récord histórico (29.550 en 2012) y del promedio interanual (25.563).</p>
</div><style type="text/css">#fusion-chart-1 .fusion-chart-legend-wrap li:nth-child(1) span{color: #ffffff;}</style><div id="fusion-chart-1" class="fusion-chart legend-top" data-type="line" data-chart_legend_position="top" data-x_axis_labels="2009|2010|2011|2012|2013|2014|2015|2016|2017|2018|2019|2020|2021|2022|2023|2024" data-x_axis_label="Año" data-y_axis_label="Porcentaje" data-show_tooltips="yes" data-bg_colors="|||||||||||||||" data-border_colors="|||||||||||||||" data-border_size="1" data-border_type="smooth" data-chart_fill="off" data-chart_point_style="circle" data-chart_point_size="3" data-chart_axis_text_color="rgba(103,103,103,1)" data-chart_gridline_color="rgba(0,0,0,0.1)"><div class="fusion-chart-dataset" data-label="IPP totales" data-values="28989|27395|28399|29550|28892|29155|26789|26637|26026|26016|26160|17988|18503|22018|23846|22687" data-background_color="rgba(0,188,212,1)" data-border_color="rgba(0,188,212,1)"></div><h4 class="fusion-chart-title">Investigaciones penales preparatorias en el fuero de responsabilidad penal juvenil, provincia de Buenos Aires, 2009-2024</h4><div class="fusion-chart-inner"><div class="fusion-chart-wrap"><canvas></canvas></div><div class="fusion-chart-legend-wrap"></div></div></div><div class="fusion-text fusion-text-3"><p><span style="font-size: 10pt; font-family: Tahoma, Arial, Helvetica, sans-serif;"><b>Fuente:</b> <span id="imagen">CPM en base a estadísticas de la Procuración de la Provincia de Buenos Aires. </span><br />
</span></p>
</div><div class="fusion-separator fusion-full-width-sep" style="align-self: center;margin-left: auto;margin-right: auto;margin-top:2%;margin-bottom:2%;width:100%;"></div><div class="fusion-text fusion-text-4"><p>Se ha instalado nuevamente en el debate público la necesidad de bajar la edad de punibilidad como respuesta a los delitos cometidos por jóvenes menores de 16 años. Se plantea que estos jóvenes no punibles no son alcanzados por las leyes penales y que por esta razón proliferan los delitos que cometen. Esta afirmación carece de veracidad.</p>
<p>Pese a que la ley penal de fondo plantea los 16 años de limite a la sanción penal, la ley de procedimiento o ley de responsabilidad penal juvenil de la provincia de Buenos Aires, la 13.634, habilita en su artículo 64 una excepción que permite detener a los jóvenes menores de 16 años: la aplicación de una medida de seguridad. Esta medida de seguridad se cumple en los mismos centros donde se cumplen las sanciones penales de los jóvenes de entre 16 y 18 años, lugares donde se vulneran gravemente sus derechos.</p>
<p>Los jóvenes menores de 16 años que cometieron delitos graves, así como aquellos que no eran punibles al momento del hecho pero hoy tienen 16 años o más, se encuentran detenidos.</p>
</div><div class="fusion-text fusion-text-5"><p>La cifra de niños no punibles detenidos casi se triplicó entre 2021-2025, como se ve en el siguiente gráfico (se desconocen datos previos). La variación porcentual entre los extremos del período, es del 21% para los punibles y del 191% para los no punibles.</p>
</div><style type="text/css">#fusion-chart-2 .fusion-chart-legend-wrap li:nth-child(1) span{color: #ffffff;}#fusion-chart-2 .fusion-chart-legend-wrap li:nth-child(2) span{color: #ffffff;}</style><div id="fusion-chart-2" class="fusion-chart legend-top" data-type="bar" data-chart_legend_position="top" data-x_axis_labels="2021|2022|2023|2024|2025" data-x_axis_label="Año" data-y_axis_label="Porcentaje" data-show_tooltips="yes" data-bg_colors="||||" data-border_colors="||||" data-border_size="1" data-border_type="smooth" data-chart_fill="off" data-chart_point_style="circle" data-chart_point_size="3" data-chart_axis_text_color="rgba(103,103,103,1)" data-chart_gridline_color="rgba(0,0,0,0.1)"><div class="fusion-chart-dataset" data-label="Punibles" data-values="483|459|403|468|584" data-background_color="rgba(0,188,212,1)" data-border_color="rgba(0,188,212,1)"></div><div class="fusion-chart-dataset" data-label="No punibles" data-values="33|31|45|56|96" data-background_color="rgba(248,168,21,1)" data-border_color="rgba(248,168,21,1)"></div><h4 class="fusion-chart-title">Niños/as privados/as de libertad en dispositivos del OPNyA, según imputabilidad al momento del delito, 2021-2025</h4><div class="fusion-chart-inner"><div class="fusion-chart-wrap"><canvas></canvas></div><div class="fusion-chart-legend-wrap"></div></div></div><div class="fusion-text fusion-text-6"><p><span id="imagen" style="font-size: 10pt; font-family: Tahoma, Arial, Helvetica, sans-serif;"><b>Fuente:</b> <span id="imagen">CPM en base al REINA.</span><br />
</span><span id="imagen" style="font-size: 10pt; font-family: Tahoma, Arial, Helvetica, sans-serif;"><b>Nota:</b> <span id="imagen">los datos corresponden a diciembre de cada año, a excepción de 2025 que se toma el valor de marzo.</span><br />
</span></p>
</div></div></div></div></div><div class="fusion-fullwidth fullwidth-box fusion-builder-row-3 fusion-flex-container nonhundred-percent-fullwidth non-hundred-percent-height-scrolling" style="--awb-border-radius-top-left:0px;--awb-border-radius-top-right:0px;--awb-border-radius-bottom-right:0px;--awb-border-radius-bottom-left:0px;--awb-flex-wrap:wrap;" ><div class="fusion-builder-row fusion-row fusion-flex-align-items-flex-start fusion-flex-content-wrap" style="max-width:83.2%;margin-left: calc(-4% / 2 );margin-right: calc(-4% / 2 );"><div class="fusion-layout-column fusion_builder_column fusion-builder-column-3 fusion_builder_column_1_1 1_1 fusion-flex-column" style="--awb-bg-size:cover;--awb-width-large:100%;--awb-margin-top-large:20px;--awb-spacing-right-large:1.92%;--awb-margin-bottom-large:20px;--awb-spacing-left-large:1.92%;--awb-width-medium:100%;--awb-order-medium:0;--awb-spacing-right-medium:1.92%;--awb-spacing-left-medium:1.92%;--awb-width-small:100%;--awb-order-small:0;--awb-spacing-right-small:1.92%;--awb-spacing-left-small:1.92%;"><div class="fusion-column-wrapper fusion-column-has-shadow fusion-flex-justify-content-flex-start fusion-content-layout-column"><div class="fusion-separator fusion-full-width-sep" style="align-self: center;margin-left: auto;margin-right: auto;margin-top:2%;margin-bottom:2%;width:100%;"></div></div></div></div></div><div class="fusion-fullwidth fullwidth-box fusion-builder-row-4 fusion-flex-container nonhundred-percent-fullwidth non-hundred-percent-height-scrolling" style="--awb-border-radius-top-left:0px;--awb-border-radius-top-right:0px;--awb-border-radius-bottom-right:0px;--awb-border-radius-bottom-left:0px;--awb-flex-wrap:wrap;" ><div class="fusion-builder-row fusion-row fusion-flex-align-items-flex-start fusion-flex-content-wrap" style="max-width:83.2%;margin-left: calc(-4% / 2 );margin-right: calc(-4% / 2 );"><div class="fusion-layout-column fusion_builder_column fusion-builder-column-4 fusion_builder_column_1_1 1_1 fusion-flex-column" style="--awb-bg-size:cover;--awb-width-large:100%;--awb-margin-top-large:20px;--awb-spacing-right-large:1.92%;--awb-margin-bottom-large:20px;--awb-spacing-left-large:1.92%;--awb-width-medium:100%;--awb-order-medium:0;--awb-spacing-right-medium:1.92%;--awb-spacing-left-medium:1.92%;--awb-width-small:100%;--awb-order-small:0;--awb-spacing-right-small:1.92%;--awb-spacing-left-small:1.92%;"><div class="fusion-column-wrapper fusion-column-has-shadow fusion-flex-justify-content-flex-start fusion-content-layout-column"><div ><a class="fusion-button button-flat fusion-button-default-size button-default fusion-button-default button-1 fusion-button-default-span fusion-button-default-type" target="_self" href="https://www.comisionporlamemoria.org/datosabiertos"><i class="fa-external-link-alt fas awb-button__icon awb-button__icon--default button-icon-left" aria-hidden="true"></i><span class="fusion-button-text awb-button__text awb-button__text--default">Ver más en el sitio de Datos Abiertos</span></a></div></div></div></div></div></p>
