{"id":31261,"date":"2017-06-01T04:15:48","date_gmt":"2017-06-01T04:15:48","guid":{"rendered":"http:\/\/www.comisionporlamemoria.org\/jym-nuevo\/?page_id=31261"},"modified":"2019-09-04T14:57:02","modified_gmt":"2019-09-04T14:57:02","slug":"informacion-sobre-el-encuentro","status":"publish","type":"page","link":"https:\/\/www.comisionporlamemoria.org\/jovenesymemoria\/informacion-sobre-el-encuentro\/","title":{"rendered":"Informaci\u00f3n sobre el encuentro"},"content":{"rendered":"<p>[et_pb_section fb_built=\u00bb1&#8243; _builder_version=\u00bb3.22&#8243; background_image=\u00bbhttps:\/\/www.comisionporlamemoria.org\/jym-nuevo\/wp-content\/uploads\/sites\/21\/2017\/02\/bg-cabeceras-1.jpg\u00bb custom_padding=\u00bb0px||0px|\u00bb][et_pb_row _builder_version=\u00bb3.25&#8243; background_size=\u00bbinitial\u00bb background_position=\u00bbtop_left\u00bb background_repeat=\u00bbrepeat\u00bb custom_padding=\u00bb27px|0px|0px|0px\u00bb column_structure=\u00bb3_4,1_4&#8243;][et_pb_column type=\u00bb3_4&#8243; _builder_version=\u00bb3.25&#8243; custom_padding=\u00bb|||\u00bb custom_padding__hover=\u00bb|||\u00bb][et_pb_post_title meta=\u00bboff\u00bb featured_image=\u00bboff\u00bb _builder_version=\u00bb3.0.74&#8243; title_font=\u00bb|on||on|\u00bb title_text_color=\u00bb#ff770e\u00bb title_font_size=\u00bb40&#8243; background_color=\u00bb#424242&#8243; custom_margin=\u00bb80px||10px|\u00bb custom_padding=\u00bb13px|10px||15px\u00bb module_bg_color=\u00bb#424242&#8243;]&nbsp;<br \/>\n[\/et_pb_post_title][\/et_pb_column][et_pb_column type=\u00bb1_4&#8243; _builder_version=\u00bb3.25&#8243; custom_padding=\u00bb|||\u00bb custom_padding__hover=\u00bb|||\u00bb][\/et_pb_column][\/et_pb_row][\/et_pb_section][et_pb_section fb_built=\u00bb1&#8243; _builder_version=\u00bb3.22&#8243; custom_padding=\u00bb40px|0px|0px|0px\u00bb][et_pb_row _builder_version=\u00bb3.25&#8243; background_size=\u00bbinitial\u00bb background_position=\u00bbtop_left\u00bb background_repeat=\u00bbrepeat\u00bb custom_padding=\u00bb0px|0px|0px|0px\u00bb][et_pb_column type=\u00bb4_4&#8243; _builder_version=\u00bb3.25&#8243; custom_padding=\u00bb|||\u00bb custom_padding__hover=\u00bb|||\u00bb][et_pb_text _builder_version=\u00bb3.8&#8243; background_size=\u00bbinitial\u00bb background_position=\u00bbtop_left\u00bb background_repeat=\u00bbrepeat\u00bb text_orientation=\u00bbjustified\u00bb custom_margin=\u00bb0px|10%|0px|10%\u00bb custom_padding=\u00bb0px||0px|\u00bb]<\/p>\n<p>Este a\u00f1o, durante 42 d\u00edas se realizar\u00e1 el\u00a0<span style=\"color: #2db2c6\"><strong>Encuentro final del Programa J\u00f3venes y Memoria. Recordamos para el futuro<\/strong><\/span>\u00a0en el Complejo Tur\u00edstico de Chapadmalal, partido de General Pueyrred\u00f3n.<\/p>\n<p>El evento convoca a los equipos de trabajo, que participaron del Programa durante todo el a\u00f1o, a mostrar el producto de sus investigaciones y construir un relato propio sobre las historias locales de su comunidad.<\/p>\n<p>Durante dos\u00a0d\u00edas, adem\u00e1s de exponer sus trabajos, los j\u00f3venes compartir\u00e1n experiencias, reflexionando colectivamente en diferentes espacios -talleres tem\u00e1ticos, de expresi\u00f3n y actividades culturales- sobre la construcci\u00f3n de una democracia plena y participativa.<\/p>\n<p>[\/et_pb_text][\/et_pb_column][\/et_pb_row][\/et_pb_section][et_pb_section fb_built=\u00bb1&#8243; _builder_version=\u00bb3.22&#8243; custom_padding=\u00bb28px||0px|\u00bb][et_pb_row use_custom_gutter=\u00bbon\u00bb gutter_width=\u00bb1&#8243; make_equal=\u00bbon\u00bb _builder_version=\u00bb3.25&#8243; background_size=\u00bbinitial\u00bb background_position=\u00bbtop_left\u00bb background_repeat=\u00bbrepeat\u00bb custom_margin=\u00bb0px||0px|\u00bb custom_padding=\u00bb0px||0px|\u00bb][et_pb_column type=\u00bb4_4&#8243; _builder_version=\u00bb3.25&#8243; background_color=\u00bb#606060&#8243; custom_padding=\u00bb20px|20px|20px|20px\u00bb custom_padding__hover=\u00bb|||\u00bb][et_pb_text _builder_version=\u00bb3.8&#8243; background_size=\u00bbinitial\u00bb background_position=\u00bbtop_left\u00bb background_repeat=\u00bbrepeat\u00bb background_layout=\u00bbdark\u00bb]<\/p>\n<h2 style=\"text-align: center\">TEL\u00c9FONOS \u00daTILES<\/h2>\n<p>[\/et_pb_text][\/et_pb_column][\/et_pb_row][et_pb_row use_custom_gutter=\u00bbon\u00bb gutter_width=\u00bb1&#8243; make_equal=\u00bbon\u00bb _builder_version=\u00bb3.25&#8243; background_size=\u00bbinitial\u00bb background_position=\u00bbtop_left\u00bb background_repeat=\u00bbrepeat\u00bb custom_margin=\u00bb0px||0px|\u00bb custom_padding=\u00bb20px||0px|\u00bb column_structure=\u00bb1_3,2_3&#8243;][et_pb_column type=\u00bb1_3&#8243; _builder_version=\u00bb3.25&#8243; background_color=\u00bb#7d1e5e\u00bb custom_padding=\u00bb20px|20px|20px|20px\u00bb custom_padding__hover=\u00bb|||\u00bb][et_pb_text _builder_version=\u00bb3.8&#8243; background_size=\u00bbinitial\u00bb background_position=\u00bbtop_left\u00bb background_repeat=\u00bbrepeat\u00bb background_layout=\u00bbdark\u00bb]<\/p>\n<h2>ADMINISTRACI\u00d3N GENERAL<\/h2>\n<p>[\/et_pb_text][\/et_pb_column][et_pb_column type=\u00bb2_3&#8243; _builder_version=\u00bb3.25&#8243; background_color=\u00bb#e5e5e5&#8243; custom_padding=\u00bb20px|30px|20px|20px\u00bb custom_padding__hover=\u00bb|||\u00bb][et_pb_text _builder_version=\u00bb3.8&#8243; text_font_size=\u00bb18&#8243; background_size=\u00bbinitial\u00bb background_position=\u00bbtop_left\u00bb background_repeat=\u00bbrepeat\u00bb](0223) 469 9291<br \/>\n[\/et_pb_text][\/et_pb_column][\/et_pb_row][et_pb_row use_custom_gutter=\u00bbon\u00bb gutter_width=\u00bb1&#8243; make_equal=\u00bbon\u00bb _builder_version=\u00bb3.25&#8243; background_size=\u00bbinitial\u00bb background_position=\u00bbtop_left\u00bb background_repeat=\u00bbrepeat\u00bb custom_margin=\u00bb0px||0px|\u00bb custom_padding=\u00bb20px||0px|\u00bb column_structure=\u00bb1_3,2_3&#8243;][et_pb_column type=\u00bb1_3&#8243; _builder_version=\u00bb3.25&#8243; background_color=\u00bb#ff9f00&#8243; custom_padding=\u00bb20px|20px|20px|20px\u00bb custom_padding__hover=\u00bb|||\u00bb][et_pb_text _builder_version=\u00bb3.8&#8243; background_size=\u00bbinitial\u00bb background_position=\u00bbtop_left\u00bb background_repeat=\u00bbrepeat\u00bb background_layout=\u00bbdark\u00bb]<\/p>\n<h2>HOTEL N\u00b04<\/h2>\n<p>[\/et_pb_text][\/et_pb_column][et_pb_column type=\u00bb2_3&#8243; _builder_version=\u00bb3.25&#8243; background_color=\u00bb#e5e5e5&#8243; custom_padding=\u00bb20px|30px|20px|20px\u00bb custom_padding__hover=\u00bb|||\u00bb][et_pb_text _builder_version=\u00bb3.8&#8243; text_font_size=\u00bb18&#8243; background_size=\u00bbinitial\u00bb background_position=\u00bbtop_left\u00bb background_repeat=\u00bbrepeat\u00bb](0223) 469 9404<br \/>\n[\/et_pb_text][\/et_pb_column][\/et_pb_row][et_pb_row use_custom_gutter=\u00bbon\u00bb gutter_width=\u00bb1&#8243; make_equal=\u00bbon\u00bb _builder_version=\u00bb3.25&#8243; background_size=\u00bbinitial\u00bb background_position=\u00bbtop_left\u00bb background_repeat=\u00bbrepeat\u00bb custom_margin=\u00bb0px||0px|\u00bb custom_padding=\u00bb20px||0px|\u00bb column_structure=\u00bb1_3,2_3&#8243;][et_pb_column type=\u00bb1_3&#8243; _builder_version=\u00bb3.25&#8243; background_color=\u00bb#128214&#8243; custom_padding=\u00bb20px|20px|20px|20px\u00bb custom_padding__hover=\u00bb|||\u00bb][et_pb_text _builder_version=\u00bb3.8&#8243; background_size=\u00bbinitial\u00bb background_position=\u00bbtop_left\u00bb background_repeat=\u00bbrepeat\u00bb background_layout=\u00bbdark\u00bb]<\/p>\n<h2>SERVICIO M\u00c9DICO<\/h2>\n<p>[\/et_pb_text][\/et_pb_column][et_pb_column type=\u00bb2_3&#8243; _builder_version=\u00bb3.25&#8243; background_color=\u00bb#e5e5e5&#8243; custom_padding=\u00bb20px|30px|20px|20px\u00bb custom_padding__hover=\u00bb|||\u00bb][et_pb_text _builder_version=\u00bb3.8&#8243; text_font_size=\u00bb18&#8243; background_size=\u00bbinitial\u00bb background_position=\u00bbtop_left\u00bb background_repeat=\u00bbrepeat\u00bb](0223) 469 9296 (Sala primeros auxilios)<br \/>\n[\/et_pb_text][\/et_pb_column][\/et_pb_row][et_pb_row use_custom_gutter=\u00bbon\u00bb gutter_width=\u00bb1&#8243; make_equal=\u00bbon\u00bb _builder_version=\u00bb3.25&#8243; background_size=\u00bbinitial\u00bb background_position=\u00bbtop_left\u00bb background_repeat=\u00bbrepeat\u00bb custom_margin=\u00bb0px||0px|\u00bb custom_padding=\u00bb20px||0px|\u00bb column_structure=\u00bb1_3,2_3&#8243;][et_pb_column type=\u00bb1_3&#8243; _builder_version=\u00bb3.25&#8243; background_color=\u00bb#a710ed\u00bb custom_padding=\u00bb20px|20px|20px|20px\u00bb custom_padding__hover=\u00bb|||\u00bb][et_pb_text _builder_version=\u00bb3.8&#8243; background_size=\u00bbinitial\u00bb background_position=\u00bbtop_left\u00bb background_repeat=\u00bbrepeat\u00bb background_layout=\u00bbdark\u00bb]<\/p>\n<h2>EQUIPO CPM<\/h2>\n<p>[\/et_pb_text][\/et_pb_column][et_pb_column type=\u00bb2_3&#8243; _builder_version=\u00bb3.25&#8243; background_color=\u00bb#e5e5e5&#8243; custom_padding=\u00bb20px|30px|20px|20px\u00bb custom_padding__hover=\u00bb|||\u00bb][et_pb_text _builder_version=\u00bb3.8&#8243; text_font_size=\u00bb18&#8243; background_size=\u00bbinitial\u00bb background_position=\u00bbtop_left\u00bb background_repeat=\u00bbrepeat\u00bb](0221) 15 &#8211; 6437325<br \/>\n[\/et_pb_text][\/et_pb_column][\/et_pb_row][\/et_pb_section][et_pb_section fb_built=\u00bb1&#8243; _builder_version=\u00bb3.22&#8243; custom_padding=\u00bb50px|0px|0px|0px\u00bb][et_pb_row _builder_version=\u00bb3.25&#8243; background_size=\u00bbinitial\u00bb background_position=\u00bbtop_left\u00bb background_repeat=\u00bbrepeat\u00bb custom_padding=\u00bb0px|0px|0px|0px\u00bb][et_pb_column type=\u00bb4_4&#8243; _builder_version=\u00bb3.25&#8243; custom_padding=\u00bb|||\u00bb custom_padding__hover=\u00bb|||\u00bb][et_pb_text _builder_version=\u00bb3.8&#8243; background_size=\u00bbinitial\u00bb background_position=\u00bbtop_left\u00bb background_repeat=\u00bbrepeat\u00bb text_orientation=\u00bbjustified\u00bb custom_margin=\u00bb0px|10%|0px|10%\u00bb custom_padding=\u00bb0px||0px|\u00bb]<\/p>\n<h1><span style=\"color: #33cccc\">Instalaci\u00f3n y Hospedaje<\/span><\/h1>\n<p><span style=\"font-size: 15px\">El Complejo Tur\u00edstico de Chapadmalal, construido durante el primer gobierno justicialista, es una de las Unidades Tur\u00edsticas de la Secretaria de Turismo de la Naci\u00f3n desde donde se impulsa el Programa de Turismo Social. El complejo cuenta con la infraestructura necesaria de agua caliente, ropa de cama, vajilla, habitaciones, servicio de comedor, servicio m\u00e9dico y tel\u00e9fonos p\u00fablicos. El hospedaje durante los d\u00edas del Encuentro incluye pensi\u00f3n completa (desayuno, almuerzo y cena). Las pautas y condiciones de permanencia en el complejo son administradas por los responsables del Complejo Tur\u00edstico, y no por la Comisi\u00f3n Provincial por la Memoria.<\/span><\/p>\n<p>&nbsp;<\/p>\n<h1><span style=\"color: #800080\">INGRESO AL COMPLEJO TUR\u00cdSTICO<\/span><\/h1>\n<p><span style=\"font-size: 15px\">Para ingresar al Hotel el coordinador de cada grupo deber\u00e1 dirigirse al Hotel N\u00b04, donde deber\u00e1 presentar ordenados con igual criterio, <\/span><u style=\"font-size: 15px\">en formato papel (original y fotocopia) \u00a0y digital<\/u><span style=\"font-size: 15px\">, la siguiente documentaci\u00f3n:<\/span><\/p>\n<p>&nbsp;<\/p>\n<p>1) Listado completo de todxs lxs integrantes del contingente (j\u00f3venes, coordinadores, acompa\u00f1antes) donde conste su nombre completo, DNI y fecha de nacimiento;<\/p>\n<p><span style=\"font-size: 15px\">2) <\/span><span style=\"font-size: 15px\"><a style=\"color: #666666\" href=\"https:\/\/www.comisionporlamemoria.org\/jovenesymemoria\/wp-content\/uploads\/sites\/21\/2018\/10\/Autorizacion.doc\"><span style=\"background-color: #ffffff\">Autorizaciones de lxs padres de lxs j\u00f3vene<\/span>s<\/a>\u00a0(<span style=\"color: #000cff\"><a style=\"color: #000cff\" href=\"https:\/\/www.comisionporlamemoria.org\/jovenesymemoria\/wp-content\/uploads\/sites\/21\/2018\/10\/Autorizacion.doc\">DESCARGAR<\/a><\/span>)<\/span><\/p>\n<p><span style=\"font-size: 15px\">3) Planilla m\u00e9dica de todxs lxs integrantes del contingente (<\/span><span style=\"font-size: 15px;color: #0015ff\"><a style=\"color: #0015ff\" href=\"https:\/\/www.comisionporlamemoria.org\/jovenesymemoria\/wp-content\/uploads\/sites\/21\/2018\/10\/Ficha-Medica.xls\">DESCARGAR<\/a><\/span><span style=\"font-size: 15px\">)<\/span><\/p>\n<p><span style=\"font-size: 15px\">4) DNI de todo el contingente, ordenados seg\u00fan listado.<\/span><\/p>\n<p><em style=\"font-size: 15px\">La asignaci\u00f3n del Hotel y de las habitaciones depende exclusivamente de la Administraci\u00f3n del Complejo.<\/em><\/p>\n<p>&nbsp;<\/p>\n<h1><span style=\"color: #99cc00\">Acreditaci\u00f3n al Encuentro<\/span><\/h1>\n<p><span style=\"font-size: 15px\">El coordinador debe acreditarse al Encuentro acerc\u00e1ndose a la mesa que estar\u00e1 en la entrada del Hotel. Este momento es MUY IMPORTANTE para la organizaci\u00f3n del evento.<\/span><\/p>\n<p><span style=\"font-size: 15px\">En la acreditaci\u00f3n al Encuentro:<\/span><\/p>\n<p><strong style=\"font-size: 15px\">1) Recibir\u00e1n los cronogramas<\/strong><span style=\"font-size: 15px\">;<\/span><\/p>\n<p><strong style=\"font-size: 15px\">2) Entregar\u00e1n 2 copias de la producci\u00f3n realizada<\/strong><span style=\"font-size: 15px\">;<\/span><\/p>\n<p><strong style=\"font-size: 15px\">3) Podr\u00e1n coordinar el horario para el reconocimiento de espacio en el caso de presentar una obra de teatro, y los espacios disponibles para instalar la muestra fotogr\u00e1fica y los afiches para promocionar el producto.<\/strong><\/p>\n<p>&nbsp;<\/p>\n<h1><span style=\"color: #ff0000\">PRODUCCIONES<\/span><\/h1>\n<ul>\n<li>Las producciones que requieran de soporte t\u00e9cnico (sonido, escenograf\u00eda, iluminaci\u00f3n, etc.) para su proyecci\u00f3n deber\u00e1n entregarse en la acreditaci\u00f3n del Encuentro para coordinar su puesta en escena.<\/li>\n<li>Todas los equipos deber\u00e1n dejar copia de su producci\u00f3n <span style=\"color: #33cccc\"><strong>en soporte digital<\/strong><\/span>.<\/li>\n<li>Todas las copias deber\u00e1n estar debidamente<span style=\"color: #33cccc\"><strong> rotuladas con nombre completo de la grupo, localidad, distrito y t\u00edtulo de la producci\u00f3n.\u00a0<\/strong><\/span><\/li>\n<\/ul>\n<p>&nbsp;<\/p>\n<h1><span style=\"color: #3366ff\">Presentaci\u00f3n del Producto Final<\/span><\/h1>\n<p><span style=\"font-size: 15px;color: #33cccc\"><strong>IMPORTANTE:<\/strong><\/span><span style=\"font-size: 15px\"> NING\u00daN EQUIPO PODR\u00c1 PRESENTAR MAS DE UN PRODUCTO FINAL<\/span><\/p>\n<p><span style=\"font-size: 15px\">Cada equipo tiene asignado un momento en el cronograma para presentar los resultados de su investigaci\u00f3n. Ning\u00fan equipo podr\u00e1 presentar m\u00e1s de una producci\u00f3n final.<\/span><\/p>\n<p><strong style=\"font-size: 15px\">La presentaci\u00f3n implica:<\/strong><\/p>\n<p>1.\u00a0<span style=\"font-size: 15px\">Exposici\u00f3n oral por parte de<\/span><strong style=\"font-size: 15px\"> los j\u00f3venes\u00a0<\/strong><span style=\"font-size: 15px\">del trabajo realizado, dando cuenta del proceso <\/span><strong style=\"font-size: 15px\">(logros, dificultades, agradecimientos, reflexiones a compartir, etc.).<\/strong><\/p>\n<p><span style=\"font-size: 15px\">2. Exhibici\u00f3n del producto final en sus distintos formatos: v\u00eddeos, power point, afiches, lectura de informes, obras de teatro, etc. <\/span><strong style=\"font-size: 15px\">(respetando el tiempo m\u00e1ximo de exposici\u00f3n pautado en cada caso).\u00a0<\/strong><\/p>\n<p><strong style=\"color: #33cccc;font-size: 15px\">Tiempo m\u00e1ximo de exposici\u00f3n seg\u00fan producci\u00f3n:<\/strong><\/p>\n<ul>\n<li>\u00a0<span style=\"font-size: 15px\">V\u00cdDEO Y RADIO: 10 minutos<\/span><\/li>\n<li>OBRA DE TEATRO Y MURGA: 12\u00a0minutos<\/li>\n<li>MURAL, POWER POINT, M\u00daSICA, PAGINA WEB, PRODUCCI\u00d3N GR\u00c1FICA, FOTOGRAF\u00cdA: 10\u00a0minutos<\/li>\n<\/ul>\n<p><span style=\"color: #33cccc\"><strong>IMPORTANTE:<\/strong><\/span><span style=\"font-size: 15px\"><em> Seremos precisos en la administraci\u00f3n del tiempo. Las producciones que excedan los tiempos m\u00e1ximos establecidos <\/em><\/span><strong style=\"font-size: 15px\"><em>ser\u00e1n exhibidas fuera del cronograma<\/em>.<\/strong><br \/>\n[\/et_pb_text][\/et_pb_column][\/et_pb_row][\/et_pb_section][et_pb_section fb_built=\u00bb1&#8243; _builder_version=\u00bb3.22&#8243; custom_padding=\u00bb40px||0px|\u00bb][et_pb_row use_custom_gutter=\u00bbon\u00bb gutter_width=\u00bb2&#8243; make_equal=\u00bbon\u00bb _builder_version=\u00bb3.25&#8243; background_size=\u00bbinitial\u00bb background_position=\u00bbtop_left\u00bb background_repeat=\u00bbrepeat\u00bb custom_margin=\u00bb0px||0px|\u00bb custom_padding=\u00bb0px||0px|\u00bb column_structure=\u00bb1_2,1_2&#8243;][et_pb_column type=\u00bb1_2&#8243; _builder_version=\u00bb3.25&#8243; background_color=\u00bb#0eb5b5&#8243; custom_padding=\u00bb30px|30px|30px|30px\u00bb custom_padding__hover=\u00bb|||\u00bb][et_pb_text _builder_version=\u00bb3.8&#8243; background_size=\u00bbinitial\u00bb background_position=\u00bbtop_left\u00bb background_repeat=\u00bbrepeat\u00bb background_layout=\u00bbdark\u00bb module_alignment=\u00bbleft\u00bb custom_margin=\u00bb0px||0px|\u00bb custom_padding=\u00bb0px||0px|\u00bb]<\/p>\n<h3 style=\"text-align: center\"><a href=\"http:\/\/cpm-aec3.kxcdn.com\/wp-content\/uploads\/sites\/21\/2018\/10\/Preguntas-frecuentes-2018.pdf\">PREGUNTAS FRECUENTES<\/a><\/h3>\n<p>&nbsp;<br \/>\n[\/et_pb_text][\/et_pb_column][et_pb_column type=\u00bb1_2&#8243; _builder_version=\u00bb3.25&#8243; custom_padding=\u00bb30px|30px|30px|30px\u00bb custom_padding__hover=\u00bb|||\u00bb][\/et_pb_column][\/et_pb_row][\/et_pb_section][et_pb_section fb_built=\u00bb1&#8243; _builder_version=\u00bb3.22&#8243; custom_padding=\u00bb40px||0px|\u00bb][et_pb_row _builder_version=\u00bb3.25&#8243; background_size=\u00bbinitial\u00bb background_position=\u00bbtop_left\u00bb background_repeat=\u00bbrepeat\u00bb custom_padding=\u00bb0px||0px|\u00bb][et_pb_column type=\u00bb4_4&#8243; _builder_version=\u00bb3.25&#8243; custom_padding=\u00bb|||\u00bb custom_padding__hover=\u00bb|||\u00bb][et_pb_image src=\u00bbhttps:\/\/www.comisionporlamemoria.org\/jym-nuevo\/wp-content\/uploads\/sites\/21\/2017\/02\/separador7.jpg\u00bb align_tablet=\u00bbcenter\u00bb align_last_edited=\u00bbon|desktop\u00bb _builder_version=\u00bb3.23&#8243; custom_margin=\u00bb0px||0px|\u00bb custom_css_main_element=\u00bbheight: 7px !important;\u00bb animation=\u00bboff\u00bb]&nbsp;<br \/>\n[\/et_pb_image][\/et_pb_column][\/et_pb_row][\/et_pb_section]<\/p>\n","protected":false},"excerpt":{"rendered":"<p>&nbsp; Este a\u00f1o, durante 42 d\u00edas se realizar\u00e1 el\u00a0Encuentro final del Programa J\u00f3venes y Memoria. Recordamos para el futuro\u00a0en el Complejo Tur\u00edstico de Chapadmalal, partido de General Pueyrred\u00f3n. El evento convoca a los equipos de trabajo, que participaron del Programa durante todo el a\u00f1o, a mostrar el producto de sus investigaciones y construir un relato [&hellip;]<\/p>\n","protected":false},"author":8,"featured_media":0,"parent":0,"menu_order":0,"comment_status":"closed","ping_status":"closed","template":"","meta":{"_et_pb_use_builder":"on","_et_pb_old_content":"","_et_gb_content_width":"","jetpack_post_was_ever_published":false,"footnotes":""},"class_list":["post-31261","page","type-page","status-publish","hentry"],"jetpack_sharing_enabled":true,"jetpack_shortlink":"https:\/\/wp.me\/P8ryIF-88d","jetpack-related-posts":[],"_links":{"self":[{"href":"https:\/\/www.comisionporlamemoria.org\/jovenesymemoria\/wp-json\/wp\/v2\/pages\/31261","targetHints":{"allow":["GET"]}}],"collection":[{"href":"https:\/\/www.comisionporlamemoria.org\/jovenesymemoria\/wp-json\/wp\/v2\/pages"}],"about":[{"href":"https:\/\/www.comisionporlamemoria.org\/jovenesymemoria\/wp-json\/wp\/v2\/types\/page"}],"author":[{"embeddable":true,"href":"https:\/\/www.comisionporlamemoria.org\/jovenesymemoria\/wp-json\/wp\/v2\/users\/8"}],"replies":[{"embeddable":true,"href":"https:\/\/www.comisionporlamemoria.org\/jovenesymemoria\/wp-json\/wp\/v2\/comments?post=31261"}],"version-history":[{"count":0,"href":"https:\/\/www.comisionporlamemoria.org\/jovenesymemoria\/wp-json\/wp\/v2\/pages\/31261\/revisions"}],"wp:attachment":[{"href":"https:\/\/www.comisionporlamemoria.org\/jovenesymemoria\/wp-json\/wp\/v2\/media?parent=31261"}],"curies":[{"name":"wp","href":"https:\/\/api.w.org\/{rel}","templated":true}]}}