{"id":31674,"date":"2017-08-08T14:15:17","date_gmt":"2017-08-08T14:15:17","guid":{"rendered":"http:\/\/www.comisionporlamemoria.org\/jym-nuevo\/?page_id=31674"},"modified":"2026-08-27T14:25:39","modified_gmt":"2026-08-27T17:25:39","slug":"voluntariado","status":"publish","type":"page","link":"https:\/\/www.comisionporlamemoria.org\/jovenesymemoria\/voluntariado\/","title":{"rendered":"Voluntariado"},"content":{"rendered":"<p>[et_pb_section fb_built=\u00bb1&#8243; _builder_version=\u00bb4.16&#8243; background_image=\u00bbhttps:\/\/www.comisionporlamemoria.org\/jym-nuevo\/wp-content\/uploads\/sites\/21\/2017\/02\/bg-cabeceras-1.jpg\u00bb custom_padding=\u00bb0px||0px|\u00bb global_colors_info=\u00bb{}\u00bb][et_pb_row column_structure=\u00bb1_2,1_2&#8243; _builder_version=\u00bb4.16&#8243; background_size=\u00bbinitial\u00bb background_position=\u00bbtop_left\u00bb background_repeat=\u00bbrepeat\u00bb custom_padding=\u00bb27px|0px|0px|0px\u00bb global_colors_info=\u00bb{}\u00bb][et_pb_column type=\u00bb1_2&#8243; _builder_version=\u00bb4.16&#8243; custom_padding=\u00bb|||\u00bb global_colors_info=\u00bb{}\u00bb custom_padding__hover=\u00bb|||\u00bb][et_pb_post_title meta=\u00bboff\u00bb featured_image=\u00bboff\u00bb _builder_version=\u00bb4.16&#8243; title_font=\u00bb|on||on|\u00bb title_text_color=\u00bb#ff770e\u00bb title_font_size=\u00bb40&#8243; background_color=\u00bb#424242&#8243; custom_margin=\u00bb80px||10px|\u00bb custom_padding=\u00bb13px|10px||15px\u00bb module_bg_color=\u00bb#424242&#8243; global_colors_info=\u00bb{}\u00bb]<br \/>\n[\/et_pb_post_title][\/et_pb_column][et_pb_column type=\u00bb1_2&#8243; _builder_version=\u00bb4.16&#8243; custom_padding=\u00bb|||\u00bb global_colors_info=\u00bb{}\u00bb custom_padding__hover=\u00bb|||\u00bb][\/et_pb_column][\/et_pb_row][\/et_pb_section][et_pb_section fb_built=\u00bb1&#8243; _builder_version=\u00bb4.16&#8243; custom_padding=\u00bb40px|0px|0px|0px\u00bb global_colors_info=\u00bb{}\u00bb][et_pb_row _builder_version=\u00bb4.16&#8243; background_size=\u00bbinitial\u00bb background_position=\u00bbtop_left\u00bb background_repeat=\u00bbrepeat\u00bb custom_padding=\u00bb0px|0px|0px|0px\u00bb global_colors_info=\u00bb{}\u00bb][et_pb_column type=\u00bb4_4&#8243; _builder_version=\u00bb4.16&#8243; custom_padding=\u00bb|||\u00bb global_colors_info=\u00bb{}\u00bb custom_padding__hover=\u00bb|||\u00bb][et_pb_text _builder_version=\u00bb4.18.0&#8243; background_size=\u00bbinitial\u00bb background_position=\u00bbtop_left\u00bb background_repeat=\u00bbrepeat\u00bb text_orientation=\u00bbjustified\u00bb custom_margin=\u00bb0px|10%|0px|10%\u00bb custom_padding=\u00bb0px||0px|\u00bb global_colors_info=\u00bb{}\u00bb]<\/p>\n<h3><span style=\"color: #00d5eb;\"><strong>PROGRAMA DE VOLUNTARIADO\u00a0<\/strong><\/span><\/h3>\n<p><span style=\"color: #000000;\"><span style=\"font-weight: 400;\">Desde 2008, el voluntariado del programa <\/span><b>J\u00f3venes y Memoria<\/b><span style=\"font-weight: 400;\"> constituye un espacio de formaci\u00f3n continua y militancia por los derechos humanos, que acompa\u00f1a el trabajo del programa mediante talleres, actividades de capacitaci\u00f3n y acciones de difusi\u00f3n. Esta propuesta est\u00e1 dirigida a j\u00f3venes mayores de 18 a\u00f1os, interesados en vincularse con otros pares mediante el juego, el debate cr\u00edtico y la libre circulaci\u00f3n de la palabra.<\/span><\/span><\/p>\n<p><span style=\"color: #000000;\"><span style=\"font-weight: 400;\">El voluntariado representa un punto de encuentro, una reafirmaci\u00f3n de la <\/span><b>construcci\u00f3n colectiva<\/b><span style=\"font-weight: 400;\"> y un proceso constante de aprendizaje compartido. Las y los voluntarios asumen un rol activo en la <\/span><b>planificaci\u00f3n, coordinaci\u00f3n y dinamizaci\u00f3n de talleres y actividades<\/b><span style=\"font-weight: 400;\"> tanto en los encuentros distritales como en el encuentro de cierre. De este modo, el espacio funciona como un puente de formaci\u00f3n ciudadana y militancia social que facilita la sistematizaci\u00f3n de experiencias, promoviendo <\/span><b>que las juventudes asuman el protagonismo en la toma de la palabra y la defensa de los derechos humanos.<\/b><\/span><\/p>\n<p><a href=\"mailto:voluntariadojym@gmail.com\"><span style=\"font-weight: 400;\"><span style=\"color: #000000;\">Si queres ser parte podes escribirnos <\/span>a<\/span> voluntariadojym@gmail.com<\/a>\u00a0<\/p>\n<p>[\/et_pb_text][\/et_pb_column][\/et_pb_row][\/et_pb_section][et_pb_section fb_built=\u00bb1&#8243; _builder_version=\u00bb4.16&#8243; custom_padding=\u00bb40px||0px|\u00bb global_colors_info=\u00bb{}\u00bb][et_pb_row use_custom_gutter=\u00bbon\u00bb gutter_width=\u00bb1&#8243; _builder_version=\u00bb4.16&#8243; custom_margin=\u00bb0px||0px|\u00bb custom_padding=\u00bb0px||0px|\u00bb global_colors_info=\u00bb{}\u00bb][et_pb_column type=\u00bb4_4&#8243; _builder_version=\u00bb4.16&#8243; background_position=\u00bbtop_left\u00bb custom_padding=\u00bb|||\u00bb global_colors_info=\u00bb{}\u00bb custom_padding__hover=\u00bb|||\u00bb][et_pb_gallery gallery_ids=\u00bb31696,31697,31702,31703,31704,31705,31710,31715,31699,31711,31712,31714&#8243; posts_number=\u00bb16&#8243; orientation=\u00bbportrait\u00bb show_title_and_caption=\u00bboff\u00bb show_pagination=\u00bboff\u00bb zoom_icon_color=\u00bb#e09900&#8243; hover_overlay_color=\u00bbrgba(0,106,193,0.44)\u00bb hover_icon=\u00bb&#x50;||divi||400&#8243; _builder_version=\u00bb4.27.3&#8243; border_style=\u00bbsolid\u00bb global_colors_info=\u00bb{}\u00bb]<br \/>\n[\/et_pb_gallery][\/et_pb_column][\/et_pb_row][\/et_pb_section][et_pb_section fb_built=\u00bb1&#8243; _builder_version=\u00bb4.16&#8243; custom_padding=\u00bb40px||0px|\u00bb global_colors_info=\u00bb{}\u00bb][et_pb_row _builder_version=\u00bb4.16&#8243; background_size=\u00bbinitial\u00bb background_position=\u00bbtop_left\u00bb background_repeat=\u00bbrepeat\u00bb custom_padding=\u00bb0px||0px|\u00bb global_colors_info=\u00bb{}\u00bb][et_pb_column type=\u00bb4_4&#8243; _builder_version=\u00bb4.16&#8243; background_position=\u00bbtop_left\u00bb custom_padding=\u00bb|||\u00bb global_colors_info=\u00bb{}\u00bb custom_padding__hover=\u00bb|||\u00bb][et_pb_image src=\u00bbhttps:\/\/www.comisionporlamemoria.org\/jym-nuevo\/wp-content\/uploads\/sites\/21\/2017\/02\/separador7.jpg\u00bb align_tablet=\u00bbcenter\u00bb align_phone=\u00bb\u00bb align_last_edited=\u00bbon|desktop\u00bb _builder_version=\u00bb4.16&#8243; custom_margin=\u00bb0px||0px|\u00bb custom_css_main_element=\u00bbheight: 7px !important;\u00bb animation=\u00bboff\u00bb global_colors_info=\u00bb{}\u00bb]<br \/>\n[\/et_pb_image][\/et_pb_column][\/et_pb_row][\/et_pb_section]<\/p>\n","protected":false},"excerpt":{"rendered":"<p>PROGRAMA DE VOLUNTARIADO\u00a0 Desde 2008, el voluntariado del programa J\u00f3venes y Memoria constituye un espacio de formaci\u00f3n continua y militancia por los derechos humanos, que acompa\u00f1a el trabajo del programa mediante talleres, actividades de capacitaci\u00f3n y acciones de difusi\u00f3n. Esta propuesta est\u00e1 dirigida a j\u00f3venes mayores de 18 a\u00f1os, interesados en vincularse con otros pares [&hellip;]<\/p>\n","protected":false},"author":52,"featured_media":0,"parent":0,"menu_order":0,"comment_status":"closed","ping_status":"closed","template":"","meta":{"_et_pb_use_builder":"on","_et_pb_old_content":"","_et_gb_content_width":"","footnotes":""},"class_list":["post-31674","page","type-page","status-publish","hentry"],"jetpack_sharing_enabled":true,"jetpack_shortlink":"https:\/\/wp.me\/P8ryIF-8eS","jetpack-related-posts":[],"_links":{"self":[{"href":"https:\/\/www.comisionporlamemoria.org\/jovenesymemoria\/wp-json\/wp\/v2\/pages\/31674","targetHints":{"allow":["GET"]}}],"collection":[{"href":"https:\/\/www.comisionporlamemoria.org\/jovenesymemoria\/wp-json\/wp\/v2\/pages"}],"about":[{"href":"https:\/\/www.comisionporlamemoria.org\/jovenesymemoria\/wp-json\/wp\/v2\/types\/page"}],"author":[{"embeddable":true,"href":"https:\/\/www.comisionporlamemoria.org\/jovenesymemoria\/wp-json\/wp\/v2\/users\/52"}],"replies":[{"embeddable":true,"href":"https:\/\/www.comisionporlamemoria.org\/jovenesymemoria\/wp-json\/wp\/v2\/comments?post=31674"}],"version-history":[{"count":19,"href":"https:\/\/www.comisionporlamemoria.org\/jovenesymemoria\/wp-json\/wp\/v2\/pages\/31674\/revisions"}],"predecessor-version":[{"id":54588,"href":"https:\/\/www.comisionporlamemoria.org\/jovenesymemoria\/wp-json\/wp\/v2\/pages\/31674\/revisions\/54588"}],"wp:attachment":[{"href":"https:\/\/www.comisionporlamemoria.org\/jovenesymemoria\/wp-json\/wp\/v2\/media?parent=31674"}],"curies":[{"name":"wp","href":"https:\/\/api.w.org\/{rel}","templated":true}]}}

<p>[et_pb_section fb_built=»1&#8243; _builder_version=»4.16&#8243; background_image=»https://www.comisionporlamemoria.org/jym-nuevo/wp-content/uploads/sites/21/2017/02/bg-cabeceras-1.jpg» custom_padding=»0px||0px|» global_colors_info=»{}»][et_pb_row column_structure=»1_2,1_2&#8243; _builder_version=»4.16&#8243; background_size=»initial» background_position=»top_left» background_repeat=»repeat» custom_padding=»27px|0px|0px|0px» global_colors_info=»{}»][et_pb_column type=»1_2&#8243; _builder_version=»4.16&#8243; custom_padding=»|||» global_colors_info=»{}» custom_padding__hover=»|||»][et_pb_post_title meta=»off» featured_image=»off» _builder_version=»4.16&#8243; title_font=»|on||on|» title_text_color=»#ff770e» title_font_size=»40&#8243; background_color=»#424242&#8243; custom_margin=»80px||10px|» custom_padding=»13px|10px||15px» module_bg_color=»#424242&#8243; global_colors_info=»{}»]<br />
[/et_pb_post_title][/et_pb_column][et_pb_column type=»1_2&#8243; _builder_version=»4.16&#8243; custom_padding=»|||» global_colors_info=»{}» custom_padding__hover=»|||»][/et_pb_column][/et_pb_row][/et_pb_section][et_pb_section fb_built=»1&#8243; _builder_version=»4.16&#8243; custom_padding=»40px|0px|0px|0px» global_colors_info=»{}»][et_pb_row _builder_version=»4.16&#8243; background_size=»initial» background_position=»top_left» background_repeat=»repeat» custom_padding=»0px|0px|0px|0px» global_colors_info=»{}»][et_pb_column type=»4_4&#8243; _builder_version=»4.16&#8243; custom_padding=»|||» global_colors_info=»{}» custom_padding__hover=»|||»][et_pb_text _builder_version=»4.18.0&#8243; background_size=»initial» background_position=»top_left» background_repeat=»repeat» text_orientation=»justified» custom_margin=»0px|10%|0px|10%» custom_padding=»0px||0px|» global_colors_info=»{}»]</p>
<h3><span style="color: #00d5eb;"><strong>PROGRAMA DE VOLUNTARIADO </strong></span></h3>
<p><span style="color: #000000;"><span style="font-weight: 400;">Desde 2008, el voluntariado del programa </span><b>Jóvenes y Memoria</b><span style="font-weight: 400;"> constituye un espacio de formación continua y militancia por los derechos humanos, que acompaña el trabajo del programa mediante talleres, actividades de capacitación y acciones de difusión. Esta propuesta está dirigida a jóvenes mayores de 18 años, interesados en vincularse con otros pares mediante el juego, el debate crítico y la libre circulación de la palabra.</span></span></p>
<p><span style="color: #000000;"><span style="font-weight: 400;">El voluntariado representa un punto de encuentro, una reafirmación de la </span><b>construcción colectiva</b><span style="font-weight: 400;"> y un proceso constante de aprendizaje compartido. Las y los voluntarios asumen un rol activo en la </span><b>planificación, coordinación y dinamización de talleres y actividades</b><span style="font-weight: 400;"> tanto en los encuentros distritales como en el encuentro de cierre. De este modo, el espacio funciona como un puente de formación ciudadana y militancia social que facilita la sistematización de experiencias, promoviendo </span><b>que las juventudes asuman el protagonismo en la toma de la palabra y la defensa de los derechos humanos.</b></span></p>
<p><a href="mailto:voluntariadojym@gmail.com"><span style="font-weight: 400;"><span style="color: #000000;">Si queres ser parte podes escribirnos </span>a</span> voluntariadojym@gmail.com</a> </p>
<p>[/et_pb_text][/et_pb_column][/et_pb_row][/et_pb_section][et_pb_section fb_built=»1&#8243; _builder_version=»4.16&#8243; custom_padding=»40px||0px|» global_colors_info=»{}»][et_pb_row use_custom_gutter=»on» gutter_width=»1&#8243; _builder_version=»4.16&#8243; custom_margin=»0px||0px|» custom_padding=»0px||0px|» global_colors_info=»{}»][et_pb_column type=»4_4&#8243; _builder_version=»4.16&#8243; background_position=»top_left» custom_padding=»|||» global_colors_info=»{}» custom_padding__hover=»|||»][et_pb_gallery gallery_ids=»31696,31697,31702,31703,31704,31705,31710,31715,31699,31711,31712,31714&#8243; posts_number=»16&#8243; orientation=»portrait» show_title_and_caption=»off» show_pagination=»off» zoom_icon_color=»#e09900&#8243; hover_overlay_color=»rgba(0,106,193,0.44)» hover_icon=»&#x50;||divi||400&#8243; _builder_version=»4.27.3&#8243; border_style=»solid» global_colors_info=»{}»]<br />
[/et_pb_gallery][/et_pb_column][/et_pb_row][/et_pb_section][et_pb_section fb_built=»1&#8243; _builder_version=»4.16&#8243; custom_padding=»40px||0px|» global_colors_info=»{}»][et_pb_row _builder_version=»4.16&#8243; background_size=»initial» background_position=»top_left» background_repeat=»repeat» custom_padding=»0px||0px|» global_colors_info=»{}»][et_pb_column type=»4_4&#8243; _builder_version=»4.16&#8243; background_position=»top_left» custom_padding=»|||» global_colors_info=»{}» custom_padding__hover=»|||»][et_pb_image src=»https://www.comisionporlamemoria.org/jym-nuevo/wp-content/uploads/sites/21/2017/02/separador7.jpg» align_tablet=»center» align_phone=»» align_last_edited=»on|desktop» _builder_version=»4.16&#8243; custom_margin=»0px||0px|» custom_css_main_element=»height: 7px !important;» animation=»off» global_colors_info=»{}»]<br />
[/et_pb_image][/et_pb_column][/et_pb_row][/et_pb_section]</p>

<p>PROGRAMA DE VOLUNTARIADO  Desde 2008, el voluntariado del programa Jóvenes y Memoria constituye un espacio de formación continua y militancia por los derechos humanos, que acompaña el trabajo del programa mediante talleres, actividades de capacitación y acciones de difusión. Esta propuesta está dirigida a jóvenes mayores de 18 años, interesados en vincularse con otros pares [&hellip;]</p>
