{"id":4205,"date":"2017-02-15T20:08:36","date_gmt":"2017-02-15T20:08:36","guid":{"rendered":"http:\/\/www.comisionporlamemoria.org\/justiciayseguridad\/?page_id=4205"},"modified":"2018-04-06T13:29:41","modified_gmt":"2018-04-06T13:29:41","slug":"seguridad-democratica-analisis-y-diagnosticos","status":"publish","type":"page","link":"https:\/\/www.comisionporlamemoria.org\/justiciayseguridad\/seguridad-democratica-analisis-y-diagnosticos\/","title":{"rendered":"An\u00e1lisis y diagn\u00f3sticos"},"content":{"rendered":"<p>[et_pb_section fb_built=\u00bb1&#8243; _builder_version=\u00bb3.0.47&#8243; background_image=\u00bbhttps:\/\/www.comisionporlamemoria.org\/justiciayseguridad\/wp-content\/uploads\/sites\/11\/2017\/05\/bg-cabeceras.jpg\u00bb custom_padding=\u00bb0px||0px|\u00bb][et_pb_row custom_padding=\u00bb27px|0px|0px|0px\u00bb _builder_version=\u00bb3.0.47&#8243; background_size=\u00bbinitial\u00bb background_position=\u00bbtop_left\u00bb background_repeat=\u00bbrepeat\u00bb][et_pb_column type=\u00bb4_4&#8243; _builder_version=\u00bb3.0.47&#8243; parallax=\u00bboff\u00bb parallax_method=\u00bbon\u00bb][et_pb_post_title meta=\u00bboff\u00bb featured_image=\u00bboff\u00bb _builder_version=\u00bb3.0.47&#8243; title_font=\u00bb|on||on|\u00bb title_font_size=\u00bb40&#8243; title_text_color=\u00bb#ffffff\u00bb background_color=\u00bb#424242&#8243; custom_margin=\u00bb80px||10px|\u00bb custom_padding=\u00bb13px|10px||15px\u00bb module_bg_color=\u00bb#424242&#8243;][\/et_pb_post_title][\/et_pb_column][\/et_pb_row][\/et_pb_section][et_pb_section fb_built=\u00bb1&#8243; _builder_version=\u00bb3.0.47&#8243; custom_padding=\u00bb40px|0px|0px|0px\u00bb][et_pb_row custom_padding=\u00bb0px|0px|0px|0px\u00bb parallax_method_1=\u00bboff\u00bb _builder_version=\u00bb3.0.47&#8243; background_size=\u00bbinitial\u00bb background_position=\u00bbtop_left\u00bb background_repeat=\u00bbrepeat\u00bb][et_pb_column type=\u00bb4_4&#8243; _builder_version=\u00bb3.0.47&#8243; parallax=\u00bboff\u00bb parallax_method=\u00bboff\u00bb][et_pb_text _builder_version=\u00bb3.0.71&#8243; text_line_height=\u00bb1.8em\u00bb background_size=\u00bbinitial\u00bb background_position=\u00bbtop_left\u00bb background_repeat=\u00bbrepeat\u00bb text_orientation=\u00bbjustified\u00bb custom_margin=\u00bb0px|10%|0px|10%\u00bb custom_padding=\u00bb0px||0px|\u00bb]<\/p>\n<p><span style=\"color: #666699\"><strong>El programa est\u00e1 orientado a generar insumos estad\u00edsticos y diagn\u00f3sticos que permitan impulsar reformas democr\u00e1ticas en el sistema judicial y las pol\u00edticas de seguridad en la provincia de Buenos Aires.<\/strong><\/span> Por tal motivo, articula con diversos actores y organizaciones sociales, judiciales y de derechos humanos en la elaboraci\u00f3n y desarrollo de propuestas, proyectos e investigaciones para evaluar el impacto de las distintas pol\u00edticas, analizar la relaci\u00f3n entre la violencia y otras variables y establecer diagn\u00f3sticos certeros sobre la seguridad p\u00fablica en la provincia.<\/p>\n<p>En esta secci\u00f3n podr\u00e1s consultar algunas de las propuestas, an\u00e1lisis y diagn\u00f3sticos realizados por el programa hasta el momento.<\/p>\n<p>[\/et_pb_text][\/et_pb_column][\/et_pb_row][et_pb_row use_custom_gutter=\u00bbon\u00bb gutter_width=\u00bb1&#8243; custom_padding=\u00bb27px|0px|0px|0px\u00bb make_equal=\u00bbon\u00bb background_color_1=\u00bb#424242&#8243; background_color_2=\u00bb#e5e5e5&#8243; padding_top_1=\u00bb30px\u00bb padding_left_1=\u00bbNaNpx\u00bb padding_top_2=\u00bb30px\u00bb padding_right_2=\u00bb20px\u00bb padding_left_2=\u00bb20px\u00bb disabled_on=\u00bbon|on|on\u00bb _builder_version=\u00bb3.0.106&#8243; background_size=\u00bbinitial\u00bb background_position=\u00bbtop_left\u00bb background_repeat=\u00bbrepeat\u00bb][et_pb_column type=\u00bb1_3&#8243; _builder_version=\u00bb3.0.47&#8243; padding_left=\u00bbNaNpx\u00bb padding_top=\u00bb30px\u00bb background_color=\u00bb#424242&#8243; parallax=\u00bboff\u00bb parallax_method=\u00bbon\u00bb][et_pb_text background_layout=\u00bbdark\u00bb _builder_version=\u00bb3.0.71&#8243; text_font=\u00bb|||on|\u00bb header_font=\u00bb|||on|\u00bb header_line_height=\u00bb1.7em\u00bb text_orientation=\u00bbcenter\u00bb module_alignment=\u00bbcenter\u00bb]<\/p>\n<h4>DETENCI\u00d3N POR AVERIGUACI\u00d3N DE IDENTIDAD &#8211; DAI<\/h4>\n<p>\u00a0<\/p>\n<p>[\/et_pb_text][\/et_pb_column][et_pb_column type=\u00bb2_3&#8243; _builder_version=\u00bb3.0.47&#8243; padding_left=\u00bb20px\u00bb padding_right=\u00bb20px\u00bb padding_top=\u00bb30px\u00bb background_color=\u00bb#e5e5e5&#8243; parallax=\u00bboff\u00bb parallax_method=\u00bbon\u00bb][et_pb_text _builder_version=\u00bb3.0.76&#8243;][\/et_pb_text][et_pb_button button_text=\u00bbDESCARGAR\u00bb button_alignment=\u00bbright\u00bb background_layout=\u00bbdark\u00bb _builder_version=\u00bb3.0.71&#8243; custom_button=\u00bbon\u00bb button_text_size=\u00bb14px\u00bb button_bg_color=\u00bb#666699&#8243; button_border_width=\u00bb0px\u00bb button_border_radius=\u00bb0px\u00bb][\/et_pb_button][\/et_pb_column][\/et_pb_row][et_pb_row use_custom_gutter=\u00bbon\u00bb gutter_width=\u00bb1&#8243; custom_padding=\u00bb27px|0px|0px|0px\u00bb make_equal=\u00bbon\u00bb background_color_1=\u00bb#424242&#8243; background_color_2=\u00bb#e5e5e5&#8243; padding_top_1=\u00bb30px\u00bb padding_left_1=\u00bbNaNpx\u00bb padding_top_2=\u00bb30px\u00bb padding_right_2=\u00bb20px\u00bb padding_left_2=\u00bb20px\u00bb disabled_on=\u00bbon|on|on\u00bb _builder_version=\u00bb3.0.106&#8243; background_size=\u00bbinitial\u00bb background_position=\u00bbtop_left\u00bb background_repeat=\u00bbrepeat\u00bb][et_pb_column type=\u00bb1_3&#8243; _builder_version=\u00bb3.0.47&#8243; padding_left=\u00bbNaNpx\u00bb padding_top=\u00bb30px\u00bb background_color=\u00bb#424242&#8243; parallax=\u00bboff\u00bb parallax_method=\u00bbon\u00bb][et_pb_text background_layout=\u00bbdark\u00bb _builder_version=\u00bb3.0.71&#8243; text_font=\u00bb|||on|\u00bb header_font=\u00bb|||on|\u00bb header_line_height=\u00bb1.7em\u00bb text_orientation=\u00bbcenter\u00bb module_alignment=\u00bbcenter\u00bb]<\/p>\n<h4>ACUERDO DE SEGURIDAD DEMOCR\u00c1TICA<\/h4>\n<p>\u00a0<\/p>\n<p>[\/et_pb_text][\/et_pb_column][et_pb_column type=\u00bb2_3&#8243; _builder_version=\u00bb3.0.47&#8243; padding_left=\u00bb20px\u00bb padding_right=\u00bb20px\u00bb padding_top=\u00bb30px\u00bb background_color=\u00bb#e5e5e5&#8243; parallax=\u00bboff\u00bb parallax_method=\u00bbon\u00bb][et_pb_text _builder_version=\u00bb3.0.76&#8243;][\/et_pb_text][et_pb_button button_text=\u00bbDESCARGAR\u00bb button_alignment=\u00bbright\u00bb background_layout=\u00bbdark\u00bb _builder_version=\u00bb3.0.71&#8243; custom_button=\u00bbon\u00bb button_text_size=\u00bb14px\u00bb button_bg_color=\u00bb#666699&#8243; button_border_width=\u00bb0px\u00bb button_border_radius=\u00bb0px\u00bb][\/et_pb_button][\/et_pb_column][\/et_pb_row][et_pb_row use_custom_gutter=\u00bbon\u00bb gutter_width=\u00bb1&#8243; custom_padding=\u00bb27px|0px|0px|0px\u00bb make_equal=\u00bbon\u00bb background_color_1=\u00bb#424242&#8243; background_color_2=\u00bb#e5e5e5&#8243; padding_top_1=\u00bb30px\u00bb padding_left_1=\u00bbNaNpx\u00bb padding_top_2=\u00bb30px\u00bb padding_right_2=\u00bb20px\u00bb padding_left_2=\u00bb20px\u00bb disabled_on=\u00bbon|on|on\u00bb _builder_version=\u00bb3.0.106&#8243; background_size=\u00bbinitial\u00bb background_position=\u00bbtop_left\u00bb background_repeat=\u00bbrepeat\u00bb][et_pb_column type=\u00bb1_3&#8243; _builder_version=\u00bb3.0.47&#8243; padding_left=\u00bbNaNpx\u00bb padding_top=\u00bb30px\u00bb background_color=\u00bb#424242&#8243; parallax=\u00bboff\u00bb parallax_method=\u00bbon\u00bb][et_pb_text background_layout=\u00bbdark\u00bb _builder_version=\u00bb3.0.71&#8243; text_font=\u00bb|||on|\u00bb header_font=\u00bb|||on|\u00bb header_line_height=\u00bb1.7em\u00bb text_orientation=\u00bbcenter\u00bb module_alignment=\u00bbcenter\u00bb]<\/p>\n<h4>POLIC\u00cdA JUDICIAL<\/h4>\n<p>\u00a0<\/p>\n<p>[\/et_pb_text][\/et_pb_column][et_pb_column type=\u00bb2_3&#8243; _builder_version=\u00bb3.0.47&#8243; padding_left=\u00bb20px\u00bb padding_right=\u00bb20px\u00bb padding_top=\u00bb30px\u00bb background_color=\u00bb#e5e5e5&#8243; parallax=\u00bboff\u00bb parallax_method=\u00bbon\u00bb][et_pb_text _builder_version=\u00bb3.0.71&#8243;][\/et_pb_text][et_pb_button button_text=\u00bbDESCARGAR\u00bb button_alignment=\u00bbright\u00bb background_layout=\u00bbdark\u00bb _builder_version=\u00bb3.0.71&#8243; custom_button=\u00bbon\u00bb button_text_size=\u00bb14px\u00bb button_bg_color=\u00bb#666699&#8243; button_border_width=\u00bb0px\u00bb button_border_radius=\u00bb0px\u00bb][\/et_pb_button][\/et_pb_column][\/et_pb_row][et_pb_row use_custom_gutter=\u00bbon\u00bb gutter_width=\u00bb1&#8243; custom_padding=\u00bb27px|0px|3px|0px\u00bb make_equal=\u00bbon\u00bb background_color_1=\u00bb#424242&#8243; background_color_2=\u00bb#e5e5e5&#8243; padding_top_1=\u00bb30px\u00bb padding_left_1=\u00bbNaNpx\u00bb padding_top_2=\u00bb30px\u00bb padding_right_2=\u00bb20px\u00bb padding_left_2=\u00bb20px\u00bb disabled_on=\u00bbon|on|on\u00bb _builder_version=\u00bb3.0.106&#8243; background_size=\u00bbinitial\u00bb background_position=\u00bbtop_left\u00bb background_repeat=\u00bbrepeat\u00bb][et_pb_column type=\u00bb1_3&#8243; _builder_version=\u00bb3.0.47&#8243; padding_left=\u00bbNaNpx\u00bb padding_top=\u00bb30px\u00bb background_color=\u00bb#424242&#8243; parallax=\u00bboff\u00bb parallax_method=\u00bbon\u00bb][et_pb_text background_layout=\u00bbdark\u00bb _builder_version=\u00bb3.0.71&#8243; text_font=\u00bb|||on|\u00bb header_font=\u00bb|||on|\u00bb header_line_height=\u00bb1.7em\u00bb text_orientation=\u00bbcenter\u00bb module_alignment=\u00bbcenter\u00bb]<\/p>\n<h4>DEFENSA P\u00daBLICA<\/h4>\n<p>\u00a0<\/p>\n<p>[\/et_pb_text][\/et_pb_column][et_pb_column type=\u00bb2_3&#8243; _builder_version=\u00bb3.0.47&#8243; padding_left=\u00bb20px\u00bb padding_right=\u00bb20px\u00bb padding_top=\u00bb30px\u00bb background_color=\u00bb#e5e5e5&#8243; parallax=\u00bboff\u00bb parallax_method=\u00bbon\u00bb][et_pb_text _builder_version=\u00bb3.0.71&#8243;][\/et_pb_text][et_pb_button button_text=\u00bbDESCARGAR\u00bb button_alignment=\u00bbright\u00bb background_layout=\u00bbdark\u00bb _builder_version=\u00bb3.0.71&#8243; custom_button=\u00bbon\u00bb button_text_size=\u00bb14px\u00bb button_bg_color=\u00bb#666699&#8243; button_border_width=\u00bb0px\u00bb button_border_radius=\u00bb0px\u00bb][\/et_pb_button][\/et_pb_column][\/et_pb_row][et_pb_row use_custom_gutter=\u00bbon\u00bb gutter_width=\u00bb1&#8243; custom_padding=\u00bb27px|0px|0px|0px\u00bb make_equal=\u00bbon\u00bb background_color_1=\u00bb#424242&#8243; background_color_2=\u00bb#e5e5e5&#8243; padding_top_1=\u00bb30px\u00bb padding_right_1=\u00bb20px\u00bb padding_bottom_1=\u00bb30px\u00bb padding_left_1=\u00bb20px\u00bb padding_top_2=\u00bb30px\u00bb padding_right_2=\u00bb20px\u00bb padding_bottom_2=\u00bbNaNpx\u00bb padding_left_2=\u00bb20px\u00bb _builder_version=\u00bb3.0.71&#8243; background_size=\u00bbinitial\u00bb background_position=\u00bbtop_left\u00bb background_repeat=\u00bbrepeat\u00bb][et_pb_column type=\u00bb1_3&#8243; _builder_version=\u00bb3.0.47&#8243; padding_bottom=\u00bb30px\u00bb padding_left=\u00bb20px\u00bb padding_right=\u00bb20px\u00bb padding_top=\u00bb30px\u00bb background_color=\u00bb#424242&#8243; parallax=\u00bboff\u00bb parallax_method=\u00bbon\u00bb][et_pb_text background_layout=\u00bbdark\u00bb _builder_version=\u00bb3.0.71&#8243; text_font=\u00bb|||on|\u00bb header_font=\u00bb|||on|\u00bb header_line_height=\u00bb1.7em\u00bb text_orientation=\u00bbcenter\u00bb module_alignment=\u00bbcenter\u00bb]<\/p>\n<h3><\/h3>\n<h3><\/h3>\n<h4>ACUERDO PARA LA PREVENCI\u00d3N DE LA VIOLENCIA ARMADA\u00a0<\/h4>\n<p>\u00a0<\/p>\n<p>[\/et_pb_text][\/et_pb_column][et_pb_column type=\u00bb2_3&#8243; _builder_version=\u00bb3.0.47&#8243; padding_bottom=\u00bbNaNpx\u00bb padding_left=\u00bb20px\u00bb padding_right=\u00bb20px\u00bb padding_top=\u00bb30px\u00bb background_color=\u00bb#e5e5e5&#8243; parallax=\u00bboff\u00bb parallax_method=\u00bbon\u00bb][et_pb_text _builder_version=\u00bb3.0.71&#8243;]<\/p>\n<p>Siete acciones prioritarias y urgentes para el dise\u00f1o de una pol\u00edtica de estado en la provincia de Buenos Aires.<\/p>\n<p style=\"text-align: justify\">Las armas de fuego agravan las consecuencias de los conflictos que existen en la vida social. El acuerdo para la prevenci\u00f3n de la violencia armada requiere regulaci\u00f3n, registro, monitoreo, custodia y control de armas en poder del estado provincial y armas en custodia judicial; requiere adem\u00e1s el abordaje de un eficiente desarme civil y del mercado ilegal.<\/p>\n<p>[\/et_pb_text][et_pb_button button_url=\u00bb\/archivos\/justiciayseguridad\/regimen-provincial-armas-de-fuego.pdf\u00bb button_text=\u00bbDESCARGAR\u00bb button_alignment=\u00bbright\u00bb background_layout=\u00bbdark\u00bb _builder_version=\u00bb3.0.106&#8243; custom_button=\u00bbon\u00bb button_text_size=\u00bb14px\u00bb button_bg_color=\u00bb#666699&#8243; button_border_width=\u00bb0px\u00bb button_border_radius=\u00bb0px\u00bb][\/et_pb_button][\/et_pb_column][\/et_pb_row][et_pb_row use_custom_gutter=\u00bbon\u00bb gutter_width=\u00bb1&#8243; custom_padding=\u00bb27px|0px|0px|0px\u00bb make_equal=\u00bbon\u00bb background_color_1=\u00bb#424242&#8243; background_color_2=\u00bb#e5e5e5&#8243; padding_top_1=\u00bb30px\u00bb padding_left_1=\u00bbNaNpx\u00bb padding_top_2=\u00bb30px\u00bb padding_right_2=\u00bb20px\u00bb padding_left_2=\u00bb20px\u00bb disabled_on=\u00bbon|on|on\u00bb _builder_version=\u00bb3.0.106&#8243; background_size=\u00bbinitial\u00bb background_position=\u00bbtop_left\u00bb background_repeat=\u00bbrepeat\u00bb][et_pb_column type=\u00bb1_3&#8243; _builder_version=\u00bb3.0.47&#8243; padding_left=\u00bbNaNpx\u00bb padding_top=\u00bb30px\u00bb background_color=\u00bb#424242&#8243; parallax=\u00bboff\u00bb parallax_method=\u00bbon\u00bb][et_pb_text background_layout=\u00bbdark\u00bb _builder_version=\u00bb3.0.71&#8243; text_font=\u00bb|||on|\u00bb header_font=\u00bb|||on|\u00bb header_line_height=\u00bb1.7em\u00bb text_orientation=\u00bbcenter\u00bb module_alignment=\u00bbcenter\u00bb]<\/p>\n<p>\u00a0<span style=\"font-size: 18px;font-weight: bold\">POLIC\u00cdAS LOCALES<\/span><\/p>\n<p>\u00a0<\/p>\n<p><a href=\"\/static\/prensa\/jusysegdemocratica\/regimen-provincial-armas-de-fuego.pdf\"><\/a><\/p>\n<p>[\/et_pb_text][\/et_pb_column][et_pb_column type=\u00bb2_3&#8243; _builder_version=\u00bb3.0.47&#8243; padding_left=\u00bb20px\u00bb padding_right=\u00bb20px\u00bb padding_top=\u00bb30px\u00bb background_color=\u00bb#e5e5e5&#8243; parallax=\u00bboff\u00bb parallax_method=\u00bbon\u00bb][et_pb_text _builder_version=\u00bb3.0.71&#8243;]<\/p>\n<p>\u00a0<\/p>\n<p>\u00a0<\/p>\n<p><a href=\"\/static\/prensa\/jusysegdemocratica\/regimen-provincial-armas-de-fuego.pdf\"><\/a><\/p>\n<p>[\/et_pb_text][et_pb_button button_text=\u00bbDESCARGAR\u00bb button_alignment=\u00bbright\u00bb background_layout=\u00bbdark\u00bb _builder_version=\u00bb3.0.71&#8243; custom_button=\u00bbon\u00bb button_text_size=\u00bb14px\u00bb button_bg_color=\u00bb#666699&#8243; button_border_width=\u00bb0px\u00bb button_border_radius=\u00bb0px\u00bb][\/et_pb_button][\/et_pb_column][\/et_pb_row][et_pb_row use_custom_gutter=\u00bbon\u00bb gutter_width=\u00bb1&#8243; custom_padding=\u00bb27px|0px|3px|0px\u00bb make_equal=\u00bbon\u00bb background_color_1=\u00bb#424242&#8243; background_color_2=\u00bb#e5e5e5&#8243; padding_top_1=\u00bb30px\u00bb padding_left_1=\u00bbNaNpx\u00bb padding_top_2=\u00bb30px\u00bb padding_right_2=\u00bb20px\u00bb padding_left_2=\u00bb20px\u00bb _builder_version=\u00bb3.0.71&#8243; background_size=\u00bbinitial\u00bb background_position=\u00bbtop_left\u00bb background_repeat=\u00bbrepeat\u00bb][et_pb_column type=\u00bb1_3&#8243; _builder_version=\u00bb3.0.47&#8243; padding_left=\u00bbNaNpx\u00bb padding_top=\u00bb30px\u00bb background_color=\u00bb#424242&#8243; parallax=\u00bboff\u00bb parallax_method=\u00bbon\u00bb][et_pb_text background_layout=\u00bbdark\u00bb _builder_version=\u00bb3.0.71&#8243; text_font=\u00bb|||on|\u00bb header_font=\u00bb|||on|\u00bb header_line_height=\u00bb1.7em\u00bb text_orientation=\u00bbcenter\u00bb module_alignment=\u00bbcenter\u00bb]<\/p>\n<p style=\"text-align: justify\">\n<h4>EMERGENCIA DE SEGURIDAD<\/h4>\n<p>\u00a0<\/p>\n<p><a href=\"\/static\/prensa\/jusysegdemocratica\/regimen-provincial-armas-de-fuego.pdf\"><\/a><\/p>\n<p>[\/et_pb_text][\/et_pb_column][et_pb_column type=\u00bb2_3&#8243; _builder_version=\u00bb3.0.47&#8243; padding_left=\u00bb20px\u00bb padding_right=\u00bb20px\u00bb padding_top=\u00bb30px\u00bb background_color=\u00bb#e5e5e5&#8243; parallax=\u00bboff\u00bb parallax_method=\u00bbon\u00bb][et_pb_text _builder_version=\u00bb3.0.71&#8243;]<\/p>\n<p style=\"text-align: justify\">A 120 D\u00cdAS DE LA DECLARACI\u00d3N DE EMERGENCIA EN SEGURIDAD EN LA PROVINCIA DE BUENOS AIRES<\/p>\n<p style=\"text-align: justify\">La declaraci\u00f3n de emergencia en seguridad vulnera los derechos de las personas privadas de su libertad porque profundiza la crisis carcelaria e incrementa la violencia estatal: torturas, hacinamiento, rehabilitaci\u00f3n de calabozos de comisar\u00edas.<\/p>\n<p>[\/et_pb_text][et_pb_button button_url=\u00bbhttps:\/\/www.comisionporlamemoria.org\/archivos\/justiciayseguridad\/emergencia-seguridad-2014.pdf\u00bb button_text=\u00bbDESCARGAR\u00bb button_alignment=\u00bbright\u00bb background_layout=\u00bbdark\u00bb _builder_version=\u00bb3.0.106&#8243; custom_button=\u00bbon\u00bb button_text_size=\u00bb14px\u00bb button_bg_color=\u00bb#666699&#8243; button_border_width=\u00bb0px\u00bb button_border_radius=\u00bb0px\u00bb][\/et_pb_button][\/et_pb_column][\/et_pb_row][et_pb_row use_custom_gutter=\u00bbon\u00bb gutter_width=\u00bb1&#8243; custom_padding=\u00bb27px|0px|2px|0px\u00bb make_equal=\u00bbon\u00bb background_color_1=\u00bb#424242&#8243; background_color_2=\u00bb#e5e5e5&#8243; padding_top_1=\u00bb30px\u00bb padding_left_1=\u00bbNaNpx\u00bb padding_top_2=\u00bb30px\u00bb padding_right_2=\u00bb20px\u00bb padding_left_2=\u00bb20px\u00bb _builder_version=\u00bb3.0.71&#8243; background_size=\u00bbinitial\u00bb background_position=\u00bbtop_left\u00bb background_repeat=\u00bbrepeat\u00bb][et_pb_column type=\u00bb1_3&#8243; _builder_version=\u00bb3.0.47&#8243; padding_left=\u00bbNaNpx\u00bb padding_top=\u00bb30px\u00bb background_color=\u00bb#424242&#8243; parallax=\u00bboff\u00bb parallax_method=\u00bbon\u00bb][et_pb_text background_layout=\u00bbdark\u00bb _builder_version=\u00bb3.0.71&#8243; text_font=\u00bb|||on|\u00bb header_font=\u00bb|||on|\u00bb header_line_height=\u00bb1.7em\u00bb text_orientation=\u00bbcenter\u00bb module_alignment=\u00bbcenter\u00bb]<\/p>\n<h4>PROYECTO PARA EL MECANISMO PROVINCIAL DE PREVENCI\u00d3N DE LA TORTURA\u00a0<\/h4>\n<h4><strong><\/strong><\/h4>\n<p>\u00a0<\/p>\n<p><a href=\"\/static\/prensa\/jusysegdemocratica\/regimen-provincial-armas-de-fuego.pdf\"><\/a><\/p>\n<p>[\/et_pb_text][\/et_pb_column][et_pb_column type=\u00bb2_3&#8243; _builder_version=\u00bb3.0.47&#8243; padding_left=\u00bb20px\u00bb padding_right=\u00bb20px\u00bb padding_top=\u00bb30px\u00bb background_color=\u00bb#e5e5e5&#8243; parallax=\u00bboff\u00bb parallax_method=\u00bbon\u00bb][et_pb_text _builder_version=\u00bb3.0.71&#8243;]<\/p>\n<p style=\"text-align: justify\"><span style=\"font-size: 14px\">Informe cr\u00edtico del proyecto del Poder Ejecutivo para la creaci\u00f3n de un mecanismo provincial de prevenci\u00f3n de la tortura. La Comisi\u00f3n Provincial por la Memoria como organismo de monitoreo en lugares de detenci\u00f3n a trav\u00e9s de su Comit\u00e9 contra la Tortura.<\/span><\/p>\n<p><a href=\"\/static\/prensa\/jusysegdemocratica\/regimen-provincial-armas-de-fuego.pdf\"><\/a><\/p>\n<p>[\/et_pb_text][et_pb_button button_url=\u00bbhttps:\/\/www.comisionporlamemoria.org\/archivos\/justiciayseguridad\/proyecto-mecanismo-2014.pdf\u00bb button_text=\u00bbDESCARGAR\u00bb button_alignment=\u00bbright\u00bb background_layout=\u00bbdark\u00bb _builder_version=\u00bb3.0.106&#8243; custom_button=\u00bbon\u00bb button_text_size=\u00bb14px\u00bb button_bg_color=\u00bb#666699&#8243; button_border_width=\u00bb0px\u00bb button_border_radius=\u00bb0px\u00bb][\/et_pb_button][\/et_pb_column][\/et_pb_row][et_pb_row use_custom_gutter=\u00bbon\u00bb gutter_width=\u00bb1&#8243; custom_padding=\u00bb27px|0px|2px|0px\u00bb make_equal=\u00bbon\u00bb background_color_1=\u00bb#424242&#8243; background_color_2=\u00bb#e5e5e5&#8243; padding_top_1=\u00bb30px\u00bb padding_left_1=\u00bbNaNpx\u00bb padding_top_2=\u00bb30px\u00bb padding_right_2=\u00bb20px\u00bb padding_left_2=\u00bb20px\u00bb disabled_on=\u00bbon|on|on\u00bb _builder_version=\u00bb3.0.106&#8243; background_size=\u00bbinitial\u00bb background_position=\u00bbtop_left\u00bb background_repeat=\u00bbrepeat\u00bb][et_pb_column type=\u00bb1_3&#8243; _builder_version=\u00bb3.0.47&#8243; padding_left=\u00bbNaNpx\u00bb padding_top=\u00bb30px\u00bb background_color=\u00bb#424242&#8243; parallax=\u00bboff\u00bb parallax_method=\u00bbon\u00bb][et_pb_text background_layout=\u00bbdark\u00bb _builder_version=\u00bb3.0.71&#8243; text_font=\u00bb|||on|\u00bb header_font=\u00bb|||on|\u00bb header_line_height=\u00bb1.7em\u00bb text_orientation=\u00bbcenter\u00bb module_alignment=\u00bbcenter\u00bb]<\/p>\n<p><span style=\"font-size: 18px;font-weight: bold\">AUTONOM\u00cdA DE LA DEFENSA<\/span><\/p>\n<p>\u00a0<\/p>\n<p><a href=\"\/static\/prensa\/jusysegdemocratica\/regimen-provincial-armas-de-fuego.pdf\"><\/a><\/p>\n<p>[\/et_pb_text][\/et_pb_column][et_pb_column type=\u00bb2_3&#8243; _builder_version=\u00bb3.0.47&#8243; padding_left=\u00bb20px\u00bb padding_right=\u00bb20px\u00bb padding_top=\u00bb30px\u00bb background_color=\u00bb#e5e5e5&#8243; parallax=\u00bboff\u00bb parallax_method=\u00bbon\u00bb][et_pb_text _builder_version=\u00bb3.0.71&#8243;]<\/p>\n<p>\u00a0<\/p>\n<p>\u00a0<\/p>\n<p><a href=\"\/static\/prensa\/jusysegdemocratica\/regimen-provincial-armas-de-fuego.pdf\"><\/a><\/p>\n<p>[\/et_pb_text][et_pb_button button_text=\u00bbDESCARGAR\u00bb button_alignment=\u00bbright\u00bb background_layout=\u00bbdark\u00bb _builder_version=\u00bb3.0.71&#8243; custom_button=\u00bbon\u00bb button_text_size=\u00bb14px\u00bb button_bg_color=\u00bb#666699&#8243; button_border_width=\u00bb0px\u00bb button_border_radius=\u00bb0px\u00bb][\/et_pb_button][\/et_pb_column][\/et_pb_row][et_pb_row use_custom_gutter=\u00bbon\u00bb gutter_width=\u00bb1&#8243; custom_padding=\u00bb27px|0px|0px|0px\u00bb make_equal=\u00bbon\u00bb background_color_1=\u00bb#424242&#8243; background_color_2=\u00bb#e5e5e5&#8243; padding_top_1=\u00bb30px\u00bb padding_left_1=\u00bbNaNpx\u00bb padding_top_2=\u00bb30px\u00bb padding_right_2=\u00bb20px\u00bb padding_left_2=\u00bb20px\u00bb disabled_on=\u00bbon|on|on\u00bb _builder_version=\u00bb3.0.106&#8243; background_size=\u00bbinitial\u00bb background_position=\u00bbtop_left\u00bb background_repeat=\u00bbrepeat\u00bb][et_pb_column type=\u00bb1_3&#8243; _builder_version=\u00bb3.0.47&#8243; padding_left=\u00bbNaNpx\u00bb padding_top=\u00bb30px\u00bb background_color=\u00bb#424242&#8243; parallax=\u00bboff\u00bb parallax_method=\u00bbon\u00bb][et_pb_text background_layout=\u00bbdark\u00bb _builder_version=\u00bb3.0.71&#8243; text_font=\u00bb|||on|\u00bb header_font=\u00bb|||on|\u00bb header_line_height=\u00bb1.7em\u00bb text_orientation=\u00bbcenter\u00bb module_alignment=\u00bbcenter\u00bb]<\/p>\n<p>\u00a0<span style=\"font-size: 18px;font-weight: bold\">FISCAL\u00cdAS ESPECIALIZADAS<\/span><\/p>\n<p>\u00a0<\/p>\n<p><a href=\"\/static\/prensa\/jusysegdemocratica\/regimen-provincial-armas-de-fuego.pdf\"><\/a><\/p>\n<p>[\/et_pb_text][\/et_pb_column][et_pb_column type=\u00bb2_3&#8243; _builder_version=\u00bb3.0.47&#8243; padding_left=\u00bb20px\u00bb padding_right=\u00bb20px\u00bb padding_top=\u00bb30px\u00bb background_color=\u00bb#e5e5e5&#8243; parallax=\u00bboff\u00bb parallax_method=\u00bbon\u00bb][et_pb_text _builder_version=\u00bb3.0.71&#8243;]<\/p>\n<p>\u00a0<\/p>\n<p>\u00a0<\/p>\n<p><a href=\"\/static\/prensa\/jusysegdemocratica\/regimen-provincial-armas-de-fuego.pdf\"><\/a><\/p>\n<p>[\/et_pb_text][et_pb_button button_text=\u00bbDESCARGAR\u00bb button_alignment=\u00bbright\u00bb background_layout=\u00bbdark\u00bb _builder_version=\u00bb3.0.71&#8243; custom_button=\u00bbon\u00bb button_text_size=\u00bb14px\u00bb button_bg_color=\u00bb#666699&#8243; button_border_width=\u00bb0px\u00bb button_border_radius=\u00bb0px\u00bb][\/et_pb_button][\/et_pb_column][\/et_pb_row][\/et_pb_section][et_pb_section fb_built=\u00bb1&#8243; _builder_version=\u00bb3.0.47&#8243; custom_padding=\u00bb40px||0px|\u00bb][et_pb_row custom_padding=\u00bb0px||0px|\u00bb parallax_method_1=\u00bboff\u00bb _builder_version=\u00bb3.0.47&#8243; background_size=\u00bbinitial\u00bb background_position=\u00bbtop_left\u00bb background_repeat=\u00bbrepeat\u00bb][et_pb_column type=\u00bb4_4&#8243; _builder_version=\u00bb3.0.47&#8243; parallax=\u00bboff\u00bb parallax_method=\u00bboff\u00bb][et_pb_image src=\u00bbhttps:\/\/www.comisionporlamemoria.org\/justiciayseguridad\/wp-content\/uploads\/sites\/11\/2017\/02\/SEPARADOR2.jpg\u00bb _builder_version=\u00bb3.0.47&#8243; custom_margin=\u00bb0px||0px|\u00bb custom_css_main_element=\u00bbheight: 15px !important;\u00bb animation=\u00bboff\u00bb][\/et_pb_image][\/et_pb_column][\/et_pb_row][\/et_pb_section]<\/p>\n","protected":false},"excerpt":{"rendered":"<p>El programa est\u00e1 orientado a generar insumos estad\u00edsticos y diagn\u00f3sticos que permitan impulsar reformas democr\u00e1ticas en el sistema judicial y las pol\u00edticas de seguridad en la provincia de Buenos Aires. Por tal motivo, articula con diversos actores y organizaciones sociales, judiciales y de derechos humanos en la elaboraci\u00f3n y desarrollo de propuestas, proyectos e investigaciones [&hellip;]<\/p>\n","protected":false},"author":8,"featured_media":0,"parent":0,"menu_order":0,"comment_status":"closed","ping_status":"closed","template":"","meta":{"_et_pb_use_builder":"on","_et_pb_old_content":"","_et_gb_content_width":"","footnotes":""},"class_list":["post-4205","page","type-page","status-publish","hentry"],"jetpack_sharing_enabled":true,"_links":{"self":[{"href":"https:\/\/www.comisionporlamemoria.org\/justiciayseguridad\/wp-json\/wp\/v2\/pages\/4205","targetHints":{"allow":["GET"]}}],"collection":[{"href":"https:\/\/www.comisionporlamemoria.org\/justiciayseguridad\/wp-json\/wp\/v2\/pages"}],"about":[{"href":"https:\/\/www.comisionporlamemoria.org\/justiciayseguridad\/wp-json\/wp\/v2\/types\/page"}],"author":[{"embeddable":true,"href":"https:\/\/www.comisionporlamemoria.org\/justiciayseguridad\/wp-json\/wp\/v2\/users\/8"}],"replies":[{"embeddable":true,"href":"https:\/\/www.comisionporlamemoria.org\/justiciayseguridad\/wp-json\/wp\/v2\/comments?post=4205"}],"version-history":[{"count":0,"href":"https:\/\/www.comisionporlamemoria.org\/justiciayseguridad\/wp-json\/wp\/v2\/pages\/4205\/revisions"}],"wp:attachment":[{"href":"https:\/\/www.comisionporlamemoria.org\/justiciayseguridad\/wp-json\/wp\/v2\/media?parent=4205"}],"curies":[{"name":"wp","href":"https:\/\/api.w.org\/{rel}","templated":true}]}}