{"id":17,"date":"2022-03-22T12:25:32","date_gmt":"2022-03-22T12:25:32","guid":{"rendered":"https:\/\/www.comisionporlamemoria.org\/memoriamalvinas\/?page_id=17"},"modified":"2022-03-28T22:23:48","modified_gmt":"2022-03-28T22:23:48","slug":"presentacion","status":"publish","type":"page","link":"https:\/\/www.comisionporlamemoria.org\/memoriamalvinas\/presentacion\/","title":{"rendered":"40 a\u00f1os de la Guerra de Malvinas"},"content":{"rendered":"<div class=\"fusion-fullwidth fullwidth-box fusion-builder-row-1 fusion-flex-container nonhundred-percent-fullwidth non-hundred-percent-height-scrolling\" style=\"--awb-border-radius-top-left:0px;--awb-border-radius-top-right:0px;--awb-border-radius-bottom-right:0px;--awb-border-radius-bottom-left:0px;--awb-padding-right:60px;--awb-padding-left:60px;--awb-flex-wrap:wrap;\" ><div class=\"fusion-builder-row fusion-row fusion-flex-align-items-flex-start fusion-flex-content-wrap\" style=\"max-width:1248px;margin-left: calc(-4% \/ 2 );margin-right: calc(-4% \/ 2 );\"><div class=\"fusion-layout-column fusion_builder_column fusion-builder-column-0 fusion_builder_column_1_1 1_1 fusion-flex-column\" style=\"--awb-bg-size:cover;--awb-width-large:100%;--awb-margin-top-large:30PX;--awb-spacing-right-large:1.92%;--awb-margin-bottom-large:20px;--awb-spacing-left-large:1.92%;--awb-width-medium:100%;--awb-order-medium:0;--awb-spacing-right-medium:1.92%;--awb-spacing-left-medium:1.92%;--awb-width-small:100%;--awb-order-small:0;--awb-spacing-right-small:1.92%;--awb-spacing-left-small:1.92%;\"><div class=\"fusion-column-wrapper fusion-column-has-shadow fusion-flex-justify-content-flex-start fusion-content-layout-column\"><div class=\"fusion-text fusion-text-1\"><p style=\"text-align: justify;\"><span style=\"font-weight: 400;\">A 40 a\u00f1os de la Guerra de Malvinas, sus memorias y sentidos dis\u00edmiles -el repudio o la legitimaci\u00f3n-\u00a0constituyen un territorio en constante disputa: \u00bfQu\u00e9 deber\u00eda plantearse en la conmemoraci\u00f3n del 2 de abril? \u00bfEl recuerdo de la guerra y sus dramas? \u00bfEl repudio a la dictadura militar? \u00bfLa reivindicaci\u00f3n de la soberan\u00eda argentina sobre las Islas?<\/span><\/p>\n<p style=\"text-align: justify;\"><span style=\"font-weight: 400;\">Inscribir la guerra en el marco de la dictadura implica desarticular construcciones discursivas que eluden diferenciar a los protagonistas de la conflagraci\u00f3n. Amparadas en este discurso, ciertas memorias buscan la legitimaci\u00f3n de la dictadura y consideran h\u00e9roes a todos los que participaron en ella, incluidos oficiales que actuaron directamente en la represi\u00f3n y fueron condenados por violaciones a los derechos humanos.<\/span><\/p>\n<p style=\"text-align: justify;\"><span style=\"font-weight: 400;\">Los oficiales, que condujeron la guerra, disciplinaron a los soldados con la misma metodolog\u00eda del horror que aplicaron en los centros clandestinos de detenci\u00f3n durante la \u00faltima dictadura. Ni bien termin\u00f3 el conflicto b\u00e9lico, los combatientes se organizaron para desafiar el silencio y denunciar las violaciones a los derechos humanos. Sin embargo, a 40 a\u00f1os de la guerra, estos cr\u00edmenes siguen impunes.<\/span><\/p>\n<p style=\"text-align: justify;\"><span style=\"font-weight: 400;\">La disputa de soberan\u00eda debe y puede resolverse fuera de toda opci\u00f3n b\u00e9lica, en el camino de la paz. Es imperioso que Gran Breta\u00f1a respete las resoluciones de la ONU y que se abran las v\u00edas del di\u00e1logo. Por eso, es importante cuestionar las acciones de Gran Breta\u00f1a que a\u00fan hoy niegan nuestra soberan\u00eda y reclamar la desmilitarizaci\u00f3n del Atl\u00e1ntico Sur porque el enclave militar brit\u00e1nico en las islas vulnera los derechos de los pueblos latinoamericanos a vivir en paz.<\/span><\/p>\n<p style=\"text-align: justify;\"><span style=\"font-weight: 400;\">A 40 a\u00f1os de la guerra, les invitamos a recorrer la cuesti\u00f3n Malvinas desde los principios de justicia, soberan\u00eda y derechos humanos.<\/span><\/p>\n<\/div><\/div><\/div><\/div><\/div>\n","protected":false},"excerpt":{"rendered":"","protected":false},"author":32,"featured_media":0,"parent":0,"menu_order":0,"comment_status":"closed","ping_status":"closed","template":"","meta":{"inline_featured_image":false,"footnotes":""},"class_list":["post-17","page","type-page","status-publish","hentry"],"jetpack_sharing_enabled":true,"_links":{"self":[{"href":"https:\/\/www.comisionporlamemoria.org\/memoriamalvinas\/wp-json\/wp\/v2\/pages\/17","targetHints":{"allow":["GET"]}}],"collection":[{"href":"https:\/\/www.comisionporlamemoria.org\/memoriamalvinas\/wp-json\/wp\/v2\/pages"}],"about":[{"href":"https:\/\/www.comisionporlamemoria.org\/memoriamalvinas\/wp-json\/wp\/v2\/types\/page"}],"author":[{"embeddable":true,"href":"https:\/\/www.comisionporlamemoria.org\/memoriamalvinas\/wp-json\/wp\/v2\/users\/32"}],"replies":[{"embeddable":true,"href":"https:\/\/www.comisionporlamemoria.org\/memoriamalvinas\/wp-json\/wp\/v2\/comments?post=17"}],"version-history":[{"count":0,"href":"https:\/\/www.comisionporlamemoria.org\/memoriamalvinas\/wp-json\/wp\/v2\/pages\/17\/revisions"}],"wp:attachment":[{"href":"https:\/\/www.comisionporlamemoria.org\/memoriamalvinas\/wp-json\/wp\/v2\/media?parent=17"}],"curies":[{"name":"wp","href":"https:\/\/api.w.org\/{rel}","templated":true}]}}