{"id":567,"date":"2017-02-02T13:28:23","date_gmt":"2017-02-02T13:28:23","guid":{"rendered":"http:\/\/www.comisionporlamemoria.org\/museo-nuevo\/?page_id=567"},"modified":"2022-11-07T21:51:20","modified_gmt":"2022-11-07T21:51:20","slug":"patrimonio","status":"publish","type":"page","link":"https:\/\/www.comisionporlamemoria.org\/museo\/patrimonio\/","title":{"rendered":"Patrimonio"},"content":{"rendered":"<p>[et_pb_section fb_built=\u00bb1&#8243; _builder_version=\u00bb4.16&#8243; background_image=\u00bbhttps:\/\/www.comisionporlamemoria.org\/museo-nuevo\/wp-content\/uploads\/sites\/18\/2017\/02\/bg_cab_verde.jpg\u00bb custom_padding=\u00bb0px||0px|\u00bb global_colors_info=\u00bb{}\u00bb][et_pb_row column_structure=\u00bb1_2,1_2&#8243; _builder_version=\u00bb4.16&#8243; background_size=\u00bbinitial\u00bb background_position=\u00bbtop_left\u00bb background_repeat=\u00bbrepeat\u00bb custom_padding=\u00bb27px|0px|6px|0px\u00bb global_colors_info=\u00bb{}\u00bb][et_pb_column type=\u00bb1_2&#8243; _builder_version=\u00bb4.16&#8243; custom_padding=\u00bb|||\u00bb global_colors_info=\u00bb{}\u00bb custom_padding__hover=\u00bb|||\u00bb][et_pb_post_title meta=\u00bboff\u00bb featured_image=\u00bboff\u00bb _builder_version=\u00bb4.16&#8243; title_text_color=\u00bb#ffffff\u00bb title_font_size=\u00bb40&#8243; background_color=\u00bb#424242&#8243; custom_margin=\u00bb80px||10px|\u00bb custom_padding=\u00bb13px|10px||15px\u00bb module_bg_color=\u00bb#424242&#8243; global_colors_info=\u00bb{}\u00bb][\/et_pb_post_title][\/et_pb_column][et_pb_column type=\u00bb1_2&#8243; _builder_version=\u00bb4.16&#8243; custom_padding=\u00bb|||\u00bb global_colors_info=\u00bb{}\u00bb custom_padding__hover=\u00bb|||\u00bb][\/et_pb_column][\/et_pb_row][\/et_pb_section][et_pb_section fb_built=\u00bb1&#8243; _builder_version=\u00bb4.16&#8243; background_color=\u00bb#ffffff\u00bb custom_padding=\u00bb34px|0px|54px|0px\u00bb global_colors_info=\u00bb{}\u00bb][et_pb_row column_structure=\u00bb1_2,1_2&#8243; use_custom_gutter=\u00bbon\u00bb gutter_width=\u00bb2&#8243; make_equal=\u00bbon\u00bb _builder_version=\u00bb4.18.0&#8243; background_color=\u00bb#ff4290&#8243; custom_padding=\u00bb27px|27px|27px|27px\u00bb custom_css_main_element=\u00bbalign-items: center;\u00bb global_colors_info=\u00bb{}\u00bb][et_pb_column type=\u00bb1_2&#8243; _builder_version=\u00bb4.16&#8243; custom_padding=\u00bb|||\u00bb global_colors_info=\u00bb{}\u00bb custom_padding__hover=\u00bb|||\u00bb][et_pb_text admin_label=\u00bbTexto A-B\u00bb _builder_version=\u00bb4.18.0&#8243; background_layout=\u00bbdark\u00bb hover_enabled=\u00bb0&#8243; border_style=\u00bbsolid\u00bb global_colors_info=\u00bb{}\u00bb sticky_enabled=\u00bb0&#8243;]<\/p>\n<h2><b>A-B<\/b><\/h2>\n<p><b>Adand\u00eda Marcos.<\/b><span style=\"font-weight: 400;\"> Serie: Madre de desaparecidos, entre el cielo y la tierra. 1998\/2013. Fotograf\u00eda en blanco y negro. 90 x 90 cm. Adelia. Elvira. Lilia (Donaci\u00f3n 2011)<\/span><\/p>\n<p><b style=\"font-size: 16px;\">Aisenberg Diana. <\/b><span style=\"font-size: 16px;\">Mi amigo Jos\u00e9. 2005. Videoinstalaci\u00f3n. (Donaci\u00f3n 2005)<\/span><\/p>\n<p><b>Alonso, Carlos. <\/b><span style=\"font-weight: 400;\">Dibujo de la serie Manos an\u00f3nimas. 1982. Dibujo. Sepia y tinta sobre papel. 53 x 68 cm. (Donaci\u00f3n 2015) <\/span><\/p>\n<p><b>Alzugaray Miguel.<\/b><span style=\"font-weight: 400;\"> La camisa de Juan. Juan Pueblo, homenaje silvestre. 1984. Pintura. Acr\u00edlico sobre tela. 80 x 120 cm. (Donaci\u00f3n 2003)<\/span><\/p>\n<p><b>Andreotti M. Rosa.<\/b><span style=\"font-weight: 400;\"> Uno de Treintamil. 2005. Microfibra negra sobre calco. 75 x 95 cm. (Donaci\u00f3n 2011)<\/span><\/p>\n<p><b>Arreseygor Eduardo.<\/b><span style=\"font-weight: 400;\"> Plano de La Plata, 1976. 2008. Foto a color intervenida digitalmente. 77 x 77 cm. (Donaci\u00f3n 2008)<\/span><\/p>\n<p><b>Barrios Mart\u00edn. <\/b><span style=\"font-weight: 400;\">Sin t\u00edtulo. Dibujo. Aguada. 29,5 x 24 cm. (Donaci\u00f3n 2007)<\/span><\/p>\n<p><b>Bianchedi Remo. <\/b><span style=\"font-weight: 400;\">\u00c1ngel y demonio. 1979. Litograf\u00eda. 50 x 40 cm. (Donaci\u00f3n 2008)<\/span><\/p>\n<p><b>Brodsky Marcelo<\/b><span style=\"font-weight: 400;\">. Serie: Buena Memoria. 1996. Fotograf\u00eda. Serie de 24 fotos de dimensiones variables. (Donaci\u00f3n 2004)<\/span><\/p>\n<p><b>Brodsky Marcelo<\/b><span style=\"font-weight: 400;\">. Serie: Nexo. 2001. Fotograf\u00eda a color. Serie de 22 fotos de 60 x 40 cm. (Donaci\u00f3n 2005)<\/span><\/p>\n<p>[\/et_pb_text][\/et_pb_column][et_pb_column type=\u00bb1_2&#8243; _builder_version=\u00bb4.16&#8243; custom_padding=\u00bb|||\u00bb global_colors_info=\u00bb{}\u00bb custom_padding__hover=\u00bb|||\u00bb][et_pb_gallery gallery_ids=\u00bb45939,45940,45941,45942,32702&#8243; fullwidth=\u00bbon\u00bb _builder_version=\u00bb4.18.0&#8243; background_layout=\u00bbdark\u00bb border_style=\u00bbsolid\u00bb global_colors_info=\u00bb{}\u00bb][\/et_pb_gallery][\/et_pb_column][\/et_pb_row][\/et_pb_section][et_pb_section fb_built=\u00bb1&#8243; _builder_version=\u00bb4.16&#8243; background_color=\u00bb#ffffff\u00bb custom_padding=\u00bb24px|0px|54px|0px\u00bb global_colors_info=\u00bb{}\u00bb][et_pb_row column_structure=\u00bb1_2,1_2&#8243; use_custom_gutter=\u00bbon\u00bb gutter_width=\u00bb1&#8243; make_equal=\u00bbon\u00bb _builder_version=\u00bb4.18.0&#8243; custom_padding=\u00bb27px|27px|27px|26px\u00bb custom_css_main_element=\u00bbalign-items: center;\u00bb global_colors_info=\u00bb{}\u00bb][et_pb_column type=\u00bb1_2&#8243; _builder_version=\u00bb4.16&#8243; custom_padding=\u00bb|||\u00bb global_colors_info=\u00bb{}\u00bb custom_padding__hover=\u00bb|||\u00bb][et_pb_text admin_label=\u00bbTexto C-D\u00bb _builder_version=\u00bb4.18.0&#8243; hover_enabled=\u00bb0&#8243; border_style=\u00bbsolid\u00bb global_colors_info=\u00bb{}\u00bb sticky_enabled=\u00bb0&#8243;]<\/p>\n<h2><strong>C-D<\/strong><\/h2>\n<p><strong>Carpani Ricardo.<\/strong> 1990. Pintura. Acr\u00edlico sobre tela. 100 x 100 cm. (Donaci\u00f3n 2003)<\/p>\n<p><strong>Caterbetti Jorge.<\/strong> Pilatos-pelotas. 2001. T\u00e9cnica Mixta. 70 x 50 cm. (Donaci\u00f3n 2017)<\/p>\n<p><strong>Cohen Ricardo. <\/strong>Como no sentirme as\u00ed. 2005. Pintura. Acr\u00edlico sobre tela. 180 x 180 cm. (Donaci\u00f3n 2005)<\/p>\n<p><strong>Contreras Claudia. <\/strong>Remover cielo y tierra. 2001. Objeto. Abaco de acr\u00edlico, papel impreso con listas de personas desaparecidas publicado por la CONADEP, cola vin\u00edlica y caja de luz. 42 x 52 x 0, 7 cm. (Donaci\u00f3n temporal. 21\/05\/2003).<\/p>\n<p><strong>Costa Estela<\/strong>. Serie exilios: Nosotros los mismos. 2005. Pintura. Acr\u00edlico sobre tela. 100 x 100 cm. (Donaci\u00f3n 2006)<\/p>\n<p><strong>De Gracia Isabel. <\/strong>C\u00e1rceles (I)(II)(III). Fotograf\u00eda a color. 30 x 40 cm. (Donaci\u00f3n 2005)<\/p>\n<p><strong>Del Olmo, Javier. <\/strong>Desaparecidos en democracia. 2011. Collage. Sellos sobre tela. 198 x 128 cm. (Donaci\u00f3n 2011)<\/p>\n<p><strong>Dell\u00b4Oro Gerardo. <\/strong>Che Guevara. Fotograf\u00eda a color. 146 x 120 cm. (Donaci\u00f3n 2009)<\/p>\n<p><strong>Diaz Gabriel. <\/strong>Serie: Ni\u00f1os en riesgo (I)(II)(III)(IV). Fotograf\u00eda. 90 x 60 cm. (Donaci\u00f3n 2011)<\/p>\n<p><strong>Domenech Ernesto. <\/strong>Etc\u2026 Fotograf\u00eda a color intervenida. 150 x 30 cm. (Donaci\u00f3n 2004)<\/p>\n<p><strong>Dowek Diana.<\/strong> No olvidar, no perdonar. 1994. Pintura. Acr\u00edlico sobre tela. 130 x 110 cm. (Donaci\u00f3n 2003)<\/p>\n<p>[\/et_pb_text][\/et_pb_column][et_pb_column type=\u00bb1_2&#8243; _builder_version=\u00bb4.16&#8243; custom_padding=\u00bb|||\u00bb global_colors_info=\u00bb{}\u00bb custom_padding__hover=\u00bb|||\u00bb][et_pb_gallery gallery_ids=\u00bb32709,45945,45946,45947,45948&#8243; fullwidth=\u00bbon\u00bb _builder_version=\u00bb4.18.0&#8243; background_layout=\u00bbdark\u00bb border_style=\u00bbsolid\u00bb global_colors_info=\u00bb{}\u00bb][\/et_pb_gallery][\/et_pb_column][\/et_pb_row][\/et_pb_section][et_pb_section fb_built=\u00bb1&#8243; _builder_version=\u00bb4.16&#8243; custom_padding=\u00bb34px|0px|54px|0px\u00bb global_colors_info=\u00bb{}\u00bb][et_pb_row column_structure=\u00bb1_2,1_2&#8243; use_custom_gutter=\u00bbon\u00bb gutter_width=\u00bb2&#8243; make_equal=\u00bbon\u00bb _builder_version=\u00bb4.18.0&#8243; background_color=\u00bb#32dbbf\u00bb custom_padding=\u00bb27px|27px|27px|27px\u00bb custom_css_main_element=\u00bbalign-items: center;\u00bb global_colors_info=\u00bb{}\u00bb][et_pb_column type=\u00bb1_2&#8243; _builder_version=\u00bb4.16&#8243; custom_padding=\u00bb|||\u00bb global_colors_info=\u00bb{}\u00bb custom_padding__hover=\u00bb|||\u00bb][et_pb_text admin_label=\u00bbTexto E-G\u00bb _builder_version=\u00bb4.18.0&#8243; background_color=\u00bb#32dbbf\u00bb background_layout=\u00bbdark\u00bb hover_enabled=\u00bb0&#8243; border_style=\u00bbsolid\u00bb global_colors_info=\u00bb{}\u00bb sticky_enabled=\u00bb0&#8243;]<\/p>\n<h2><b>E-G<\/b><\/h2>\n<p><strong>Fasani Andrea.<\/strong> Bloqueadores\/La Resistencia. 2004\/2005. Instalaci\u00f3n: 4 piezas en gres, 4 dibujos a la tinta. Medidas variables. (Donaci\u00f3n 2005)<\/p>\n<p><strong>Fern\u00e1ndez Pinola Leonel. <\/strong><span style=\"font-weight: 400;\">Albiceleste <\/span><span style=\"font-weight: 400;\">(Donaci\u00f3n 2020)<\/span><\/p>\n<p><strong>Fern\u00e1ndez Pinola Leonel. <\/strong><span style=\"font-weight: 400;\">Bandera de Berna 79. Pintura s\/tela <\/span><span style=\"font-weight: 400;\">(Donaci\u00f3n 2020)<\/span><\/p>\n<p><strong>Fern\u00e1ndez Pinola Leonel. <\/strong><span style=\"font-weight: 400;\">Maip\u00fa 78. <\/span><span style=\"font-weight: 400;\">Serigraf\u00eda. (Donaci\u00f3n 2020)<\/span><\/p>\n<p><strong>Fern\u00e1ndez Pinola Leonel. <\/strong><span style=\"font-weight: 400;\">Wankdorf-Stadion<\/span><span style=\"font-weight: 400;\"> (Donaci\u00f3n 2020)<\/span><\/p>\n<p><strong>Ferrari Le\u00f3n<\/strong>. Serie: Nunca M\u00e1s. Collage digital\/Serigraf\u00eda. (Donaci\u00f3n 2005)<\/p>\n<p><strong>Fuertes Rosana y Daniel Ontiveros. <\/strong><span style=\"font-weight: 400;\">Fracci\u00f3n 30.000<\/span><span style=\"font-weight: 400;\">. (1994-contin\u00faa) Impresi\u00f3n s\/cart\u00f3n.(Donaci\u00f3n 2022)<\/span><\/p>\n<p><span style=\"font-weight: 400;\"> <strong>Fuertes Rosana y Daniel Ontiveros. <\/strong><\/span><span style=\"font-weight: 400;\">Las Malvinas son argentinas &#8230; tambi\u00e9n<\/span><span style=\"font-weight: 400;\">, 1994, Acr\u00edlico s\/cart\u00f3n. (Donaci\u00f3n 2022)<\/span><\/p>\n<p><strong>Funes Luj\u00e1n y Jitrik Magdalena.<\/strong> Serie: Ovnis en la Naci\u00f3n. Panel I, II, III, IV, V. \u00a02005. Collages sobre madera. 85 x 128 cm. (Donaci\u00f3n 2005)<\/p>\n<p><strong>Gil Eduardo.<\/strong> Sin t\u00edtulo. 2005. Fotograf\u00eda. Mural Fotogr\u00e1fico. (Donaci\u00f3n 2005)<\/p>\n<p><strong>Gomez Norberto.<\/strong> Sin T\u00edtulo. Fotograf\u00eda en blanco y negro. 50 x 50 cm. (Donaci\u00f3n 2014)<\/p>\n<p><strong>Gonzalez Perr\u00edn Jorge. <\/strong>La ola de mayo. Pintura. Acr\u00edlico sobre tela y corrector. 100 x 100 cm. (Donaci\u00f3n 2017)<\/p>\n<p><strong>Gutierrez Fernando<\/strong>. Falcon (2). Fotograf\u00eda blanco y negro. 30 x 60 cm. y 70 x 100 cm.\u00a0(Donaci\u00f3n 2006)<\/p>\n<p><strong>Gutierrez Marx Graciela<\/strong>. Sin t\u00edtulo. Grabado. 20 x 25, 5 cm. (Donaci\u00f3n 2003)<\/p>\n<p>[\/et_pb_text][\/et_pb_column][et_pb_column type=\u00bb1_2&#8243; _builder_version=\u00bb4.16&#8243; custom_padding=\u00bb|||\u00bb global_colors_info=\u00bb{}\u00bb custom_padding__hover=\u00bb|||\u00bb][et_pb_gallery gallery_ids=\u00bb32724,45951,45952,45953,45954&#8243; fullwidth=\u00bbon\u00bb _builder_version=\u00bb4.18.0&#8243; background_layout=\u00bbdark\u00bb border_style=\u00bbsolid\u00bb global_colors_info=\u00bb{}\u00bb][\/et_pb_gallery][\/et_pb_column][\/et_pb_row][\/et_pb_section][et_pb_section fb_built=\u00bb1&#8243; _builder_version=\u00bb4.16&#8243; background_color=\u00bb#ffffff\u00bb custom_padding=\u00bb24px|0px|54px|0px\u00bb global_colors_info=\u00bb{}\u00bb][et_pb_row column_structure=\u00bb1_2,1_2&#8243; use_custom_gutter=\u00bbon\u00bb gutter_width=\u00bb1&#8243; make_equal=\u00bbon\u00bb _builder_version=\u00bb4.18.0&#8243; custom_padding=\u00bb27px|27px|27px|26px\u00bb custom_css_main_element=\u00bbalign-items: center;\u00bb global_colors_info=\u00bb{}\u00bb][et_pb_column type=\u00bb1_2&#8243; _builder_version=\u00bb4.16&#8243; custom_padding=\u00bb|||\u00bb global_colors_info=\u00bb{}\u00bb custom_padding__hover=\u00bb|||\u00bb][et_pb_text admin_label=\u00bbTexto H-L\u00bb _builder_version=\u00bb4.18.0&#8243; border_style=\u00bbsolid\u00bb global_colors_info=\u00bb{}\u00bb]<\/p>\n<h2><strong>H-L<\/strong><\/h2>\n<p><strong>Hafford Santiago. <\/strong>C\u00e1rceles (I) (II) (III) (IV) . Fotograf\u00edas. 40 x 60 cm. (Donaci\u00f3n 2004)<\/p>\n<p><strong>Hafford Santiago. <\/strong>Serie Juicios. Juicio Von Wernich. 2003. Juicio Berg\u00e9s. 2003. Juicio Etchecolatz. 2006. Fotograf\u00edas a color. 52 x 33 cm. (Donaci\u00f3n 2011)<\/p>\n<p><strong>La Spina Mart\u00edn.<\/strong> La cena est\u00e1 servida. 2014. Ilustraci\u00f3n. (Donaci\u00f3n 2021)<\/p>\n<p><strong>Landea Rafael<\/strong>. Robinsones. Un tributo a H. G. Oesterheld. Videoarte. (Donaci\u00f3n 2007)<\/p>\n<p><strong>Lestido Adriana.<\/strong> Marcha por la vida. 1982\/ copia 2010. Fotograf\u00eda en blanco y negro. 27 x 34 cm. (Donaci\u00f3n 2010)<\/p>\n<p><strong>L\u00f3pez Osornio C\u00e9sar<\/strong>. In memorian. 2003 Pintura. Acr\u00edlico sobre tela. 110 x 167 cm. (Donaci\u00f3n 2004)<\/p>\n<p>[\/et_pb_text][\/et_pb_column][et_pb_column type=\u00bb1_2&#8243; _builder_version=\u00bb4.16&#8243; custom_padding=\u00bb|||\u00bb global_colors_info=\u00bb{}\u00bb custom_padding__hover=\u00bb|||\u00bb][et_pb_gallery gallery_ids=\u00bb32728,45957,45958,45959,45960,45961,45962&#8243; fullwidth=\u00bbon\u00bb _builder_version=\u00bb4.18.0&#8243; background_layout=\u00bbdark\u00bb border_style=\u00bbsolid\u00bb global_colors_info=\u00bb{}\u00bb][\/et_pb_gallery][\/et_pb_column][\/et_pb_row][\/et_pb_section][et_pb_section fb_built=\u00bb1&#8243; _builder_version=\u00bb4.16&#8243; background_color=\u00bb#ffffff\u00bb custom_padding=\u00bb34px|0px|54px|0px\u00bb global_colors_info=\u00bb{}\u00bb][et_pb_row column_structure=\u00bb1_2,1_2&#8243; use_custom_gutter=\u00bbon\u00bb gutter_width=\u00bb2&#8243; make_equal=\u00bbon\u00bb _builder_version=\u00bb4.18.0&#8243; background_color=\u00bb#ff4290&#8243; custom_padding=\u00bb27px|27px|27px|27px\u00bb custom_css_main_element=\u00bbalign-items: center;\u00bb global_colors_info=\u00bb{}\u00bb][et_pb_column type=\u00bb1_2&#8243; _builder_version=\u00bb4.16&#8243; custom_padding=\u00bb|||\u00bb global_colors_info=\u00bb{}\u00bb custom_padding__hover=\u00bb|||\u00bb][et_pb_text admin_label=\u00bbTexto M-O\u00bb _builder_version=\u00bb4.16&#8243; background_layout=\u00bbdark\u00bb border_style=\u00bbsolid\u00bb global_colors_info=\u00bb{}\u00bb]<\/p>\n<h2><b>M-O<\/b><\/h2>\n<p><strong>Maldonado Ana. <\/strong> 2009. Dibujo. L\u00e1piz sobre papel. 48 x 33 cm. (Donaci\u00f3n 2011)<\/p>\n<p><strong>Maradei Eduardo.<\/strong> Derechos Humanos II. 2015. T\u00e9cnica mixta sobre papel. 31,5 x 38,3 cm. (Donaci\u00f3n 2017)<\/p>\n<p><strong>Minelli Gian Paolo.<\/strong> C\u00e1rcel de caseros. Fotograf\u00eda a color. (Donaci\u00f3n 2007)<\/p>\n<p><strong>Nieto Estela<\/strong>. (I) (II)\u00a0Serie En la b\u00fasqueda. 1976. Pintura. Acr\u00edlico sobre madera. 87 x 117 cm. (Donaci\u00f3n 2003)<\/p>\n<p><strong>Nigro Adolfo<\/strong>. 24 de marzo de 1976. Dibujo. Tinta sobre papel. 45 x 54 cm. (Donaci\u00f3n 2009)<\/p>\n<p><strong>Nigro Adolfo. <\/strong>Carta del exilio. Collage. 100 x 70 cm. (Donaci\u00f3n 2009)<\/p>\n<p><strong>Nigro Adolfo.<\/strong> Serie Madres (I) (II) (III). Dibujo. Tinta sobre papel. Medidas 29,5 x 23, 5 cm. (Donaci\u00f3n 2003)<\/p>\n<p><strong>No\u00e9 Luis Felipe. <\/strong>Aqu\u00ed no pas\u00f3 nada. 1997. T\u00e9cnica Mixta. 60 x 90 cm. (Donaci\u00f3n 2003)<\/p>\n<p><strong>Ontiveros Daniel. <\/strong>La casa de Juan J\u00e1uregui. 2008. Pintura. Acr\u00edlico sobre tela. 120 x 140 cm. (Donaci\u00f3n 2017)<br \/>\n[\/et_pb_text][\/et_pb_column][et_pb_column type=\u00bb1_2&#8243; _builder_version=\u00bb4.16&#8243; custom_padding=\u00bb|||\u00bb global_colors_info=\u00bb{}\u00bb custom_padding__hover=\u00bb|||\u00bb][et_pb_gallery gallery_ids=\u00bb45998,45999,46000,46001,46002&#8243; fullwidth=\u00bbon\u00bb _builder_version=\u00bb4.18.0&#8243; background_layout=\u00bbdark\u00bb border_style=\u00bbsolid\u00bb global_colors_info=\u00bb{}\u00bb][\/et_pb_gallery][\/et_pb_column][\/et_pb_row][\/et_pb_section][et_pb_section fb_built=\u00bb1&#8243; _builder_version=\u00bb4.16&#8243; background_color=\u00bb#ffffff\u00bb custom_padding=\u00bb24px|0px|54px|0px\u00bb global_colors_info=\u00bb{}\u00bb][et_pb_row column_structure=\u00bb1_2,1_2&#8243; use_custom_gutter=\u00bbon\u00bb gutter_width=\u00bb1&#8243; make_equal=\u00bbon\u00bb _builder_version=\u00bb4.18.0&#8243; custom_padding=\u00bb27px|27px|27px|26px\u00bb custom_css_main_element=\u00bbalign-items: center;\u00bb global_colors_info=\u00bb{}\u00bb][et_pb_column type=\u00bb1_2&#8243; _builder_version=\u00bb4.16&#8243; custom_padding=\u00bb|||\u00bb global_colors_info=\u00bb{}\u00bb custom_padding__hover=\u00bb|||\u00bb][et_pb_text admin_label=\u00bbTexto P-R\u00bb _builder_version=\u00bb4.16&#8243; border_style=\u00bbsolid\u00bb global_colors_info=\u00bb{}\u00bb]<\/p>\n<h2><strong>P-R<\/strong><\/h2>\n<p>&nbsp;<\/p>\n<p><strong>P\u00e1ez Pablo. <\/strong>La casa del confort 2004. Tinta de grabado sobre pl\u00e1stico transparente. 195 x 177 cm. (Donaci\u00f3n 2005)<\/p>\n<p><strong>P\u00e1ez Roberto. <\/strong>Compro oro. Grabado. 84 x 54 cm. (Donaci\u00f3n 2006)<\/p>\n<p><strong>Pardo Marta.<\/strong> A la vuelta de la esquina. Bajorrelieve de cer\u00e1mica montado sobre vidrio. 40 x 105 cm. (Donaci\u00f3n 2009)<\/p>\n<p><strong>Parra Liliana. <\/strong>Hermosura viva, negritos extramuros. 2005. Fotograf\u00eda en blanco y negro. 31 x 48,5 cm. (Donaci\u00f3n 2007)<\/p>\n<p><strong>Parra Liliana.<\/strong> Invasi\u00f3n I. 2004. Fotograf\u00eda en blanco y negro y l\u00e1piz. 25,5 x 36 cm. (Donaci\u00f3n 2007)<\/p>\n<p><strong>Parra Liliana. <\/strong>Sin t\u00edtulo, de la Serie Conurbano. 2000. Fotograf\u00eda en blanco y negro y tinta. 31 x 48,5 cm. (Donaci\u00f3n 2007)<\/p>\n<p><strong>Parra Liliana.<\/strong> Violencia de g\u00e9nero. 2011. Fotograf\u00eda a color intervenida. 60 x 45 cm. (Donaci\u00f3n 2011)<\/p>\n<p><strong>Parra Liliana.<\/strong> Madre dolor. Fotograf\u00eda. 110 x 78 cm. (Donaci\u00f3n 2006)<\/p>\n<p><strong>Perez Esquivel Adolfo.<\/strong> Tras las rejas. 2012. Pintura. Acr\u00edlico sobre tela. 196 x 176 cm. (Donaci\u00f3n 2013)<\/p>\n<p><strong>Pons Ricardo. <\/strong> 2005. Videoinstalaci\u00f3n. (Donaci\u00f3n 2005)<\/p>\n<p><strong>Porter Santiago.<\/strong> Esma I. Fotograf\u00eda a color. 56 x 45 cm. (Donaci\u00f3n 2010)<\/p>\n<p><strong>Quieto Lucila.<\/strong> Serie Arqueolog\u00eda de una ausencia. (35 fotos) Fotograf\u00eda. 20 x 30 cm. (Donaci\u00f3n 2004)<\/p>\n<p><strong>Redoano Hebe.\u00a0<\/strong>Parir\u00e1s con dolor. 1985. Grabados 24 x 35 cm. (Donaci\u00f3n 2003)<\/p>\n<p><strong>Romero Juan Carlos. <\/strong>Cr\u00edmenes de Estado. 90 x 70 cm. (Donaci\u00f3n 2010)<\/p>\n<p><strong>Romero Juan Carlos. <\/strong>Fluye caliente la sangre. T\u00e9cnica Mixta. 50 x 70 cm.( Donaci\u00f3n 2014)<\/p>\n<p><strong>Romero Juan Carlos. <\/strong>La larga noche. 1985. Grabado- Serigraf\u00eda. 60 x 47 cm. (Donaci\u00f3n 2003)<br \/>\n[\/et_pb_text][\/et_pb_column][et_pb_column type=\u00bb1_2&#8243; _builder_version=\u00bb4.16&#8243; custom_padding=\u00bb|||\u00bb global_colors_info=\u00bb{}\u00bb custom_padding__hover=\u00bb|||\u00bb][et_pb_gallery gallery_ids=\u00bb45987,45988,45989,45990,45991,45992&#8243; gallery_captions=\u00bb,,,,,,,,,,,\u00bb fullwidth=\u00bbon\u00bb _builder_version=\u00bb4.18.0&#8243; background_layout=\u00bbdark\u00bb global_colors_info=\u00bb{}\u00bb][\/et_pb_gallery][\/et_pb_column][\/et_pb_row][\/et_pb_section][et_pb_section fb_built=\u00bb1&#8243; _builder_version=\u00bb4.16&#8243; custom_padding=\u00bb34px|0px|54px|0px\u00bb global_colors_info=\u00bb{}\u00bb][et_pb_row column_structure=\u00bb1_2,1_2&#8243; use_custom_gutter=\u00bbon\u00bb gutter_width=\u00bb2&#8243; make_equal=\u00bbon\u00bb _builder_version=\u00bb4.18.0&#8243; background_color=\u00bb#32dbbf\u00bb custom_padding=\u00bb27px|27px|27px|27px\u00bb custom_css_main_element=\u00bbalign-items: center;\u00bb global_colors_info=\u00bb{}\u00bb][et_pb_column type=\u00bb1_2&#8243; _builder_version=\u00bb4.16&#8243; custom_padding=\u00bb|||\u00bb global_colors_info=\u00bb{}\u00bb custom_padding__hover=\u00bb|||\u00bb][et_pb_text admin_label=\u00bbTexto S-Z\u00bb _builder_version=\u00bb4.18.0&#8243; background_color=\u00bb#32dbbf\u00bb background_layout=\u00bbdark\u00bb hover_enabled=\u00bb0&#8243; border_style=\u00bbsolid\u00bb global_colors_info=\u00bb{}\u00bb sticky_enabled=\u00bb0&#8243;]<\/p>\n<h2><b>S-Z<\/b><\/h2>\n<p><strong>Sapia Armando <\/strong>\u00bfQui\u00e9nes, d\u00f3nde, cu\u00e1ndo? 2005. Tinta sobre papel. (Donaci\u00f3n 2015)<\/p>\n<p><strong>Sapia Mariano<\/strong>. Palermo 2013. Dibujo. Carbonilla sobre papel. 58 x 76 cm. (Donaci\u00f3n 2015)<\/p>\n<p><strong>Sapia Mariano <\/strong> 1992. Pintura. Oleo sobre tela. 65 x 87 cm. (Donaci\u00f3n 2013)<\/p>\n<p><strong>Serra Irene. <\/strong>Saqueo. <span style=\"font-weight: 400;\">2017-2019. <\/span><span style=\"font-weight: 400;\">Replicas de muyunas, como testimonio del genocidio de nativos en la regi\u00f3n central de Argentina. <\/span><i><span style=\"font-weight: 400;\">Proyecto Memoria colectiva en tiempos de genocidio. <\/span><\/i><span style=\"font-weight: 400;\">(Donaci\u00f3n 2019)<\/span><\/p>\n<p><strong>Soubielle Hugo. <\/strong>11 de septiembre de 1973. 1999. T\u00e9cnica mixta. 65 x 45 cm. (Donaci\u00f3n 2003)<\/p>\n<p><strong>Soubielle Hugo. <\/strong>M\u00e1s penas y olvidos. 1982. T\u00e9cnica mixta. 63 x 43 cm. (Donaci\u00f3n 2003)<\/p>\n<p><strong>Taquini Graciela<\/strong>. Resonancia 2005. Videoinstalaci\u00f3n. (Donaci\u00f3n 2005)<\/p>\n<p><strong>Travnik Juan. <\/strong>Retrato de Luis Alberto G\u00f3mez de Buenos Aires. Soldado conscripto (1962) Regimiento de Infanter\u00eda mecanizado 12. 1994. Fotograf\u00eda en blanco y negro. 44 x 44 cm. (Donaci\u00f3n 2011)<\/p>\n<p><strong>Vigo Eduardo <\/strong>Serie: Grafiti. (7 obras) 1984. Grabado. Xilograf\u00eda. 44 x 60 cm. (Donaci\u00f3n 2009)<\/p>\n<p><strong>Zabala Horacio<\/strong>. Diario Censurado Im II y III. Serie: Peri\u00f3dicos. 1985. Dibujos. Pastel sobre papel. 35 x 50 cm. (Donaci\u00f3n 2003)<\/p>\n<p><strong style=\"font-size: 16px;\">Zout Helen. <\/strong><span style=\"font-size: 16px;\">Juicios por la verdad (I) (II) (III) (IV). Fotograf\u00eda blanco y negro. 52 x 52 cm. (Donaci\u00f3n 2006)<\/span><\/p>\n<p>&nbsp;<\/p>\n<p>[\/et_pb_text][\/et_pb_column][et_pb_column type=\u00bb1_2&#8243; _builder_version=\u00bb4.16&#8243; custom_padding=\u00bb|||\u00bb global_colors_info=\u00bb{}\u00bb custom_padding__hover=\u00bb|||\u00bb][et_pb_gallery gallery_ids=\u00bb45993,45994,45995,45996,45997&#8243; gallery_captions=\u00bb,,,,,,,,,,,\u00bb fullwidth=\u00bbon\u00bb _builder_version=\u00bb4.18.0&#8243; background_layout=\u00bbdark\u00bb border_style=\u00bbsolid\u00bb global_colors_info=\u00bb{}\u00bb][\/et_pb_gallery][\/et_pb_column][\/et_pb_row][\/et_pb_section][et_pb_section fb_built=\u00bb1&#8243; _builder_version=\u00bb4.16&#8243; custom_padding=\u00bb0px||0px|\u00bb global_colors_info=\u00bb{}\u00bb][et_pb_row _builder_version=\u00bb4.16&#8243; background_size=\u00bbinitial\u00bb background_position=\u00bbtop_left\u00bb background_repeat=\u00bbrepeat\u00bb custom_padding=\u00bb0px||0px|\u00bb global_colors_info=\u00bb{}\u00bb][et_pb_column type=\u00bb4_4&#8243; _builder_version=\u00bb4.16&#8243; custom_padding=\u00bb|||\u00bb global_colors_info=\u00bb{}\u00bb custom_padding__hover=\u00bb|||\u00bb][et_pb_image src=\u00bbhttps:\/\/www.comisionporlamemoria.org\/museo-nuevo\/wp-content\/uploads\/sites\/18\/2017\/01\/linea_rayada-1.jpg\u00bb align_tablet=\u00bbcenter\u00bb align_phone=\u00bbcenter\u00bb align_last_edited=\u00bbon|desktop\u00bb _builder_version=\u00bb4.16&#8243; custom_margin=\u00bb0px||0px|\u00bb custom_css_main_element=\u00bbheight: 15px !important;\u00bb animation=\u00bboff\u00bb global_colors_info=\u00bb{}\u00bb][\/et_pb_image][\/et_pb_column][\/et_pb_row][\/et_pb_section]<\/p>\n","protected":false},"excerpt":{"rendered":"<p>A-B Adand\u00eda Marcos. Serie: Madre de desaparecidos, entre el cielo y la tierra. 1998\/2013. Fotograf\u00eda en blanco y negro. 90 x 90 cm. Adelia. Elvira. Lilia (Donaci\u00f3n 2011) Aisenberg Diana. Mi amigo Jos\u00e9. 2005. Videoinstalaci\u00f3n. (Donaci\u00f3n 2005) Alonso, Carlos. Dibujo de la serie Manos an\u00f3nimas. 1982. Dibujo. Sepia y tinta sobre papel. 53 x 68 [&hellip;]<\/p>\n","protected":false},"author":8,"featured_media":0,"parent":0,"menu_order":0,"comment_status":"closed","ping_status":"closed","template":"","meta":{"_et_pb_use_builder":"on","_et_pb_old_content":"","_et_gb_content_width":"","jetpack_post_was_ever_published":false,"footnotes":""},"class_list":["post-567","page","type-page","status-publish","hentry"],"jetpack_sharing_enabled":true,"jetpack_shortlink":"https:\/\/wp.me\/P8lS8U-99","_links":{"self":[{"href":"https:\/\/www.comisionporlamemoria.org\/museo\/wp-json\/wp\/v2\/pages\/567","targetHints":{"allow":["GET"]}}],"collection":[{"href":"https:\/\/www.comisionporlamemoria.org\/museo\/wp-json\/wp\/v2\/pages"}],"about":[{"href":"https:\/\/www.comisionporlamemoria.org\/museo\/wp-json\/wp\/v2\/types\/page"}],"author":[{"embeddable":true,"href":"https:\/\/www.comisionporlamemoria.org\/museo\/wp-json\/wp\/v2\/users\/8"}],"replies":[{"embeddable":true,"href":"https:\/\/www.comisionporlamemoria.org\/museo\/wp-json\/wp\/v2\/comments?post=567"}],"version-history":[{"count":0,"href":"https:\/\/www.comisionporlamemoria.org\/museo\/wp-json\/wp\/v2\/pages\/567\/revisions"}],"wp:attachment":[{"href":"https:\/\/www.comisionporlamemoria.org\/museo\/wp-json\/wp\/v2\/media?parent=567"}],"curies":[{"name":"wp","href":"https:\/\/api.w.org\/{rel}","templated":true}]}}