{"id":31454,"date":"2017-05-08T08:59:49","date_gmt":"2017-05-08T08:59:49","guid":{"rendered":"http:\/\/www.comisionporlamemoria.org\/museo-nuevo\/?post_type=project&#038;p=31454"},"modified":"2025-10-09T19:47:01","modified_gmt":"2025-10-09T19:47:01","slug":"paisajes-de-la-memoria","status":"publish","type":"project","link":"https:\/\/www.comisionporlamemoria.org\/museo\/project\/paisajes-de-la-memoria\/","title":{"rendered":"Paisajes de la memoria"},"content":{"rendered":"\n[et_pb_section fb_built=\u00bb1&#8243; admin_label=\u00bbsection\u00bb _builder_version=\u00bb4.16&#8243; background_image=\u00bbhttps:\/\/www.comisionporlamemoria.org\/museo-nuevo\/wp-content\/uploads\/sites\/18\/2017\/01\/COLOURlovers.com-Thin_lines_2.png\u00bb custom_padding=\u00bb0px||0px|\u00bb global_colors_info=\u00bb{}\u00bb][et_pb_row column_structure=\u00bb1_2,1_2&#8243; admin_label=\u00bbrow\u00bb _builder_version=\u00bb4.16&#8243; background_size=\u00bbinitial\u00bb background_position=\u00bbtop_left\u00bb background_repeat=\u00bbrepeat\u00bb custom_margin=\u00bb0px||0px|\u00bb custom_padding=\u00bb0px||0px|\u00bb global_colors_info=\u00bb{}\u00bb][et_pb_column type=\u00bb1_2&#8243; _builder_version=\u00bb4.16&#8243; custom_padding=\u00bb|||\u00bb global_colors_info=\u00bb{}\u00bb custom_padding__hover=\u00bb|||\u00bb][et_pb_post_title meta=\u00bboff\u00bb featured_image=\u00bboff\u00bb text_color=\u00bblight\u00bb admin_label=\u00bbT\u00edtulo de publicaci\u00f3n\u00bb _builder_version=\u00bb4.16&#8243; title_font=\u00bb|on||on|\u00bb background_color=\u00bb#00cf9c\u00bb custom_margin=\u00bb70px||0px|\u00bb custom_padding=\u00bb13px||0px|13px\u00bb module_bg_color=\u00bb#00cf9c\u00bb global_colors_info=\u00bb{}\u00bb][\/et_pb_post_title][\/et_pb_column][et_pb_column type=\u00bb1_2&#8243; _builder_version=\u00bb4.16&#8243; custom_padding=\u00bb|||\u00bb global_colors_info=\u00bb{}\u00bb custom_padding__hover=\u00bb|||\u00bb][\/et_pb_column][\/et_pb_row][\/et_pb_section][et_pb_section fb_built=\u00bb1&#8243; admin_label=\u00bbSecci\u00f3n\u00bb _builder_version=\u00bb4.16&#8243; custom_padding=\u00bb30px||30px|\u00bb global_colors_info=\u00bb{}\u00bb][et_pb_row column_structure=\u00bb2_3,1_3&#8243; use_custom_gutter=\u00bbon\u00bb gutter_width=\u00bb2&#8243; admin_label=\u00bbFila\u00bb _builder_version=\u00bb4.16&#8243; background_size=\u00bbinitial\u00bb background_position=\u00bbtop_left\u00bb background_repeat=\u00bbrepeat\u00bb custom_padding=\u00bb0px||0px|\u00bb global_colors_info=\u00bb{}\u00bb][et_pb_column type=\u00bb2_3&#8243; _builder_version=\u00bb4.16&#8243; custom_padding=\u00bb|||\u00bb global_colors_info=\u00bb{}\u00bb custom_padding__hover=\u00bb|||\u00bb][et_pb_text admin_label=\u00bbTexto\u00bb _builder_version=\u00bb4.16&#8243; text_font_size=\u00bb16&#8243; background_size=\u00bbinitial\u00bb background_position=\u00bbtop_left\u00bb background_repeat=\u00bbrepeat\u00bb text_orientation=\u00bbjustified\u00bb custom_margin=\u00bb0px||0px|\u00bb custom_padding=\u00bb0px|0px|0px|0px\u00bb global_colors_info=\u00bb{}\u00bb]<p>Son fotograf\u00edas que muestran las diferentes marcas urbanas en la provincia de Buenos Aires y que se\u00f1alan los lugares del horror, marcas inevitables de la dictadura m\u00e1s atroz que asol\u00f3 al pa\u00eds. Fotos de un registro que visibiliza las ausencias en los espacios p\u00fablicos.<\/p>\n<p><span style=\"color: #00cf9c\"><strong>CONTIENE:<\/strong> <\/span>Cuadros con vidrio de 20 x 30. Alrededor de 30. Treinta fotograf\u00edas que muestran las diferentes marcas urbanas en la provincia de Buenos Aires. Producci\u00f3n colectiva: Ana Paula Far Puharre, Diego Sandstede, Alejo Garganta Berm\u00fadez, Alfredo Srur, Helen Zout, Grupo SADO, M. Adhermar y Sergio Pirola. 13 metros lineales aproximadamente.<br \/>(Hay 3 juegos de muestras para solicitar)<\/p>\n<p>\u00a0<\/p>[\/et_pb_text][\/et_pb_column][et_pb_column type=\u00bb1_3&#8243; _builder_version=\u00bb4.16&#8243; custom_padding=\u00bb|||\u00bb global_colors_info=\u00bb{}\u00bb custom_padding__hover=\u00bb|||\u00bb][et_pb_image src=\u00bbhttps:\/\/www.comisionporlamemoria.org\/museo-nuevo\/wp-content\/uploads\/sites\/18\/2017\/05\/paisajes.jpg\u00bb align=\u00bbcenter\u00bb force_fullwidth=\u00bbon\u00bb align_tablet=\u00bbcenter\u00bb align_phone=\u00bbcenter\u00bb align_last_edited=\u00bbon|desktop\u00bb admin_label=\u00bbImagen\u00bb _builder_version=\u00bb4.16&#8243; custom_margin=\u00bb||0px|\u00bb animation=\u00bboff\u00bb global_colors_info=\u00bb{}\u00bb][\/et_pb_image][et_pb_button button_url=\u00bbhttps:\/\/www.comisionporlamemoria.org\/archivos\/mam\/itinerantes\/paisajes.pdf\u00bb url_new_window=\u00bbon\u00bb button_text=\u00bbAcerca de la muestra\u00bb button_alignment=\u00bbleft\u00bb admin_label=\u00bbBot\u00f3n\u00bb _builder_version=\u00bb4.16&#8243; custom_button=\u00bbon\u00bb button_text_size=\u00bb16&#8243; button_text_color=\u00bb#ffffff\u00bb button_bg_color=\u00bb#00cf9c\u00bb button_border_width=\u00bb0&#8243; button_border_radius=\u00bb0&#8243; button_font=\u00bb|||on|\u00bb button_icon=\u00bb&#x3d;||divi||400&#8243; button_icon_color=\u00bb#ffffff\u00bb global_colors_info=\u00bb{}\u00bb button_text_size__hover_enabled=\u00bboff\u00bb button_one_text_size__hover_enabled=\u00bboff\u00bb button_two_text_size__hover_enabled=\u00bboff\u00bb button_text_color__hover_enabled=\u00bboff\u00bb button_one_text_color__hover_enabled=\u00bboff\u00bb button_two_text_color__hover_enabled=\u00bboff\u00bb button_border_width__hover_enabled=\u00bboff\u00bb button_one_border_width__hover_enabled=\u00bboff\u00bb button_two_border_width__hover_enabled=\u00bboff\u00bb button_border_color__hover_enabled=\u00bboff\u00bb button_one_border_color__hover_enabled=\u00bboff\u00bb button_two_border_color__hover_enabled=\u00bboff\u00bb button_border_radius__hover_enabled=\u00bboff\u00bb button_one_border_radius__hover_enabled=\u00bboff\u00bb button_two_border_radius__hover_enabled=\u00bboff\u00bb button_letter_spacing__hover_enabled=\u00bboff\u00bb button_one_letter_spacing__hover_enabled=\u00bboff\u00bb button_two_letter_spacing__hover_enabled=\u00bboff\u00bb button_bg_color__hover_enabled=\u00bboff\u00bb button_one_bg_color__hover_enabled=\u00bboff\u00bb button_two_bg_color__hover_enabled=\u00bboff\u00bb][\/et_pb_button][\/et_pb_column][\/et_pb_row][\/et_pb_section][et_pb_section fb_built=\u00bb1&#8243; disabled_on=\u00bboff|off|off\u00bb _builder_version=\u00bb4.16&#8243; custom_padding=\u00bb0px|0px|0px|0px\u00bb global_colors_info=\u00bb{}\u00bb global_module=\u00bb45896&#8243; theme_builder_area=\u00bbpost_content\u00bb][et_pb_row column_structure=\u00bb2_3,1_3&#8243; _builder_version=\u00bb4.16&#8243; background_color=\u00bb#eeeeee\u00bb background_size=\u00bbinitial\u00bb background_position=\u00bbtop_left\u00bb background_repeat=\u00bbrepeat\u00bb custom_padding=\u00bb27px|0px|13px|0px\u00bb global_colors_info=\u00bb{}\u00bb theme_builder_area=\u00bbpost_content\u00bb][et_pb_column type=\u00bb2_3&#8243; _builder_version=\u00bb4.16&#8243; custom_padding=\u00bb|||\u00bb global_colors_info=\u00bb{}\u00bb custom_padding__hover=\u00bb|||\u00bb theme_builder_area=\u00bbpost_content\u00bb][et_pb_button button_url=\u00bbmailto:museo@comisionporlamemoria.org\u00bb url_new_window=\u00bbon\u00bb button_text=\u00bbSolicit\u00e1 la muestra\u00bb button_alignment=\u00bbleft\u00bb _builder_version=\u00bb4.16&#8243; custom_button=\u00bbon\u00bb button_text_size=\u00bb16&#8243; button_text_color=\u00bb#ffffff\u00bb button_bg_color=\u00bb#ff3f8e\u00bb button_border_width=\u00bb0&#8243; button_border_radius=\u00bb0&#8243; button_font=\u00bb|||on|||||\u00bb button_icon=\u00bb&#x3d;||divi||400&#8243; button_icon_color=\u00bb#ffffff\u00bb custom_margin=\u00bb|||\u00bb custom_padding=\u00bb|||\u00bb global_colors_info=\u00bb{}\u00bb button_text_size__hover_enabled=\u00bboff\u00bb button_text_size__hover=\u00bbnull\u00bb button_one_text_size__hover_enabled=\u00bboff\u00bb button_one_text_size__hover=\u00bbnull\u00bb button_two_text_size__hover_enabled=\u00bboff\u00bb button_two_text_size__hover=\u00bbnull\u00bb button_text_color__hover_enabled=\u00bboff\u00bb button_text_color__hover=\u00bbnull\u00bb button_one_text_color__hover_enabled=\u00bboff\u00bb button_one_text_color__hover=\u00bbnull\u00bb button_two_text_color__hover_enabled=\u00bboff\u00bb button_two_text_color__hover=\u00bbnull\u00bb button_border_width__hover_enabled=\u00bboff\u00bb button_border_width__hover=\u00bbnull\u00bb button_one_border_width__hover_enabled=\u00bboff\u00bb button_one_border_width__hover=\u00bbnull\u00bb button_two_border_width__hover_enabled=\u00bboff\u00bb button_two_border_width__hover=\u00bbnull\u00bb button_border_color__hover_enabled=\u00bboff\u00bb button_border_color__hover=\u00bbnull\u00bb button_one_border_color__hover_enabled=\u00bboff\u00bb button_one_border_color__hover=\u00bbnull\u00bb button_two_border_color__hover_enabled=\u00bboff\u00bb button_two_border_color__hover=\u00bbnull\u00bb button_border_radius__hover_enabled=\u00bboff\u00bb button_border_radius__hover=\u00bbnull\u00bb button_one_border_radius__hover_enabled=\u00bboff\u00bb button_one_border_radius__hover=\u00bbnull\u00bb button_two_border_radius__hover_enabled=\u00bboff\u00bb button_two_border_radius__hover=\u00bbnull\u00bb button_letter_spacing__hover_enabled=\u00bboff\u00bb button_letter_spacing__hover=\u00bbnull\u00bb button_one_letter_spacing__hover_enabled=\u00bboff\u00bb button_one_letter_spacing__hover=\u00bbnull\u00bb button_two_letter_spacing__hover_enabled=\u00bboff\u00bb button_two_letter_spacing__hover=\u00bbnull\u00bb button_bg_color__hover_enabled=\u00bboff\u00bb button_bg_color__hover=\u00bbnull\u00bb button_one_bg_color__hover_enabled=\u00bboff\u00bb button_one_bg_color__hover=\u00bbnull\u00bb button_two_bg_color__hover_enabled=\u00bboff\u00bb button_two_bg_color__hover=\u00bbnull\u00bb theme_builder_area=\u00bbpost_content\u00bb]<p>&nbsp;<\/p>\r[\/et_pb_button][et_pb_text _builder_version=\u00bb4.17.6&#8243; custom_margin=\u00bb|||20px\u00bb global_colors_info=\u00bb{}\u00bb theme_builder_area=\u00bbpost_content\u00bb]<blockquote>\n<p>Para m\u00e1s informaci\u00f3n comunicate con el MAM:<\/p>\n<p>Tel.: <span style=\"font-size: medium;\">(0221) 426-2984<\/span><\/p>\n<p>E-mail:\u00a0<a href=\"mailto:museo@comisionporlamemoria.org\">museo@comisionporlamemoria.org<\/a><\/p>\n<\/blockquote>[\/et_pb_text][\/et_pb_column][et_pb_column type=\u00bb1_3&#8243; _builder_version=\u00bb4.16&#8243; custom_padding=\u00bb|||\u00bb global_colors_info=\u00bb{}\u00bb custom_padding__hover=\u00bb|||\u00bb theme_builder_area=\u00bbpost_content\u00bb][\/et_pb_column][\/et_pb_row][\/et_pb_section][et_pb_section fb_built=\u00bb1&#8243; admin_label=\u00bbSecci\u00f3n\u00bb _builder_version=\u00bb4.16&#8243; custom_padding=\u00bb0px||0px|\u00bb global_colors_info=\u00bb{}\u00bb][et_pb_row admin_label=\u00bbFila\u00bb _builder_version=\u00bb4.16&#8243; background_size=\u00bbinitial\u00bb background_position=\u00bbtop_left\u00bb background_repeat=\u00bbrepeat\u00bb custom_margin=\u00bb0px||0px|\u00bb custom_padding=\u00bb0px||0px|\u00bb global_colors_info=\u00bb{}\u00bb][et_pb_column type=\u00bb4_4&#8243; _builder_version=\u00bb4.16&#8243; custom_padding=\u00bb|||\u00bb global_colors_info=\u00bb{}\u00bb custom_padding__hover=\u00bb|||\u00bb][et_pb_divider color=\u00bb#00cf9c\u00bb divider_position=\u00bbcenter\u00bb disabled_on=\u00bbon|on|off\u00bb admin_label=\u00bbSeparador\u00bb _builder_version=\u00bb4.16&#8243; global_colors_info=\u00bb{}\u00bb][\/et_pb_divider][\/et_pb_column][\/et_pb_row][\/et_pb_section]\n","protected":false},"excerpt":{"rendered":"<p>Son fotograf\u00edas que muestran las diferentes marcas urbanas en la provincia de Buenos Aires y que se\u00f1alan los lugares del horror, marcas inevitables de la dictadura m\u00e1s atroz que asol\u00f3 al pa\u00eds. Fotos de un registro que visibiliza las ausencias en los espacios p\u00fablicos. CONTIENE: Cuadros con vidrio de 20 x 30. Alrededor de 30. [&hellip;]<\/p>\n","protected":false},"author":8,"featured_media":31457,"comment_status":"open","ping_status":"closed","template":"","meta":{"_et_pb_use_builder":"on","_et_pb_old_content":"","_et_gb_content_width":"","jetpack_post_was_ever_published":false,"footnotes":""},"project_category":[],"project_tag":[],"class_list":["post-31454","project","type-project","status-publish","has-post-thumbnail","hentry"],"jetpack_sharing_enabled":true,"_links":{"self":[{"href":"https:\/\/www.comisionporlamemoria.org\/museo\/wp-json\/wp\/v2\/project\/31454","targetHints":{"allow":["GET"]}}],"collection":[{"href":"https:\/\/www.comisionporlamemoria.org\/museo\/wp-json\/wp\/v2\/project"}],"about":[{"href":"https:\/\/www.comisionporlamemoria.org\/museo\/wp-json\/wp\/v2\/types\/project"}],"author":[{"embeddable":true,"href":"https:\/\/www.comisionporlamemoria.org\/museo\/wp-json\/wp\/v2\/users\/8"}],"replies":[{"embeddable":true,"href":"https:\/\/www.comisionporlamemoria.org\/museo\/wp-json\/wp\/v2\/comments?post=31454"}],"version-history":[{"count":0,"href":"https:\/\/www.comisionporlamemoria.org\/museo\/wp-json\/wp\/v2\/project\/31454\/revisions"}],"wp:featuredmedia":[{"embeddable":true,"href":"https:\/\/www.comisionporlamemoria.org\/museo\/wp-json\/wp\/v2\/media\/31457"}],"wp:attachment":[{"href":"https:\/\/www.comisionporlamemoria.org\/museo\/wp-json\/wp\/v2\/media?parent=31454"}],"wp:term":[{"taxonomy":"project_category","embeddable":true,"href":"https:\/\/www.comisionporlamemoria.org\/museo\/wp-json\/wp\/v2\/project_category?post=31454"},{"taxonomy":"project_tag","embeddable":true,"href":"https:\/\/www.comisionporlamemoria.org\/museo\/wp-json\/wp\/v2\/project_tag?post=31454"}],"curies":[{"name":"wp","href":"https:\/\/api.w.org\/{rel}","templated":true}]}}

[et_pb_section fb_built=»1&#8243; admin_label=»section» _builder_version=»4.16&#8243; background_image=»https://www.comisionporlamemoria.org/museo-nuevo/wp-content/uploads/sites/18/2017/01/COLOURlovers.com-Thin_lines_2.png» custom_padding=»0px||0px|» global_colors_info=»{}»][et_pb_row column_structure=»1_2,1_2&#8243; admin_label=»row» _builder_version=»4.16&#8243; background_size=»initial» background_position=»top_left» background_repeat=»repeat» custom_margin=»0px||0px|» custom_padding=»0px||0px|» global_colors_info=»{}»][et_pb_column type=»1_2&#8243; _builder_version=»4.16&#8243; custom_padding=»|||» global_colors_info=»{}» custom_padding__hover=»|||»][et_pb_post_title meta=»off» featured_image=»off» text_color=»light» admin_label=»Título de publicación» _builder_version=»4.16&#8243; title_font=»|on||on|» background_color=»#00cf9c» custom_margin=»70px||0px|» custom_padding=»13px||0px|13px» module_bg_color=»#00cf9c» global_colors_info=»{}»][/et_pb_post_title][/et_pb_column][et_pb_column type=»1_2&#8243; _builder_version=»4.16&#8243; custom_padding=»|||» global_colors_info=»{}» custom_padding__hover=»|||»][/et_pb_column][/et_pb_row][/et_pb_section][et_pb_section fb_built=»1&#8243; admin_label=»Sección» _builder_version=»4.16&#8243; custom_padding=»30px||30px|» global_colors_info=»{}»][et_pb_row column_structure=»2_3,1_3&#8243; use_custom_gutter=»on» gutter_width=»2&#8243; admin_label=»Fila» _builder_version=»4.16&#8243; background_size=»initial» background_position=»top_left» background_repeat=»repeat» custom_padding=»0px||0px|» global_colors_info=»{}»][et_pb_column type=»2_3&#8243; _builder_version=»4.16&#8243; custom_padding=»|||» global_colors_info=»{}» custom_padding__hover=»|||»][et_pb_text admin_label=»Texto» _builder_version=»4.16&#8243; text_font_size=»16&#8243; background_size=»initial» background_position=»top_left» background_repeat=»repeat» text_orientation=»justified» custom_margin=»0px||0px|» custom_padding=»0px|0px|0px|0px» global_colors_info=»{}»]<p>Son fotografías que muestran las diferentes marcas urbanas en la provincia de Buenos Aires y que señalan los lugares del horror, marcas inevitables de la dictadura más atroz que asoló al país. Fotos de un registro que visibiliza las ausencias en los espacios públicos.</p>
<p><span style="color: #00cf9c"><strong>CONTIENE:</strong> </span>Cuadros con vidrio de 20 x 30. Alrededor de 30. Treinta fotografías que muestran las diferentes marcas urbanas en la provincia de Buenos Aires. Producción colectiva: Ana Paula Far Puharre, Diego Sandstede, Alejo Garganta Bermúdez, Alfredo Srur, Helen Zout, Grupo SADO, M. Adhermar y Sergio Pirola. 13 metros lineales aproximadamente.<br />(Hay 3 juegos de muestras para solicitar)</p>
<p> </p>[/et_pb_text][/et_pb_column][et_pb_column type=»1_3&#8243; _builder_version=»4.16&#8243; custom_padding=»|||» global_colors_info=»{}» custom_padding__hover=»|||»][et_pb_image src=»https://www.comisionporlamemoria.org/museo-nuevo/wp-content/uploads/sites/18/2017/05/paisajes.jpg» align=»center» force_fullwidth=»on» align_tablet=»center» align_phone=»center» align_last_edited=»on|desktop» admin_label=»Imagen» _builder_version=»4.16&#8243; custom_margin=»||0px|» animation=»off» global_colors_info=»{}»][/et_pb_image][et_pb_button button_url=»https://www.comisionporlamemoria.org/archivos/mam/itinerantes/paisajes.pdf» url_new_window=»on» button_text=»Acerca de la muestra» button_alignment=»left» admin_label=»Botón» _builder_version=»4.16&#8243; custom_button=»on» button_text_size=»16&#8243; button_text_color=»#ffffff» button_bg_color=»#00cf9c» button_border_width=»0&#8243; button_border_radius=»0&#8243; button_font=»|||on|» button_icon=»&#x3d;||divi||400&#8243; button_icon_color=»#ffffff» global_colors_info=»{}» button_text_size__hover_enabled=»off» button_one_text_size__hover_enabled=»off» button_two_text_size__hover_enabled=»off» button_text_color__hover_enabled=»off» button_one_text_color__hover_enabled=»off» button_two_text_color__hover_enabled=»off» button_border_width__hover_enabled=»off» button_one_border_width__hover_enabled=»off» button_two_border_width__hover_enabled=»off» button_border_color__hover_enabled=»off» button_one_border_color__hover_enabled=»off» button_two_border_color__hover_enabled=»off» button_border_radius__hover_enabled=»off» button_one_border_radius__hover_enabled=»off» button_two_border_radius__hover_enabled=»off» button_letter_spacing__hover_enabled=»off» button_one_letter_spacing__hover_enabled=»off» button_two_letter_spacing__hover_enabled=»off» button_bg_color__hover_enabled=»off» button_one_bg_color__hover_enabled=»off» button_two_bg_color__hover_enabled=»off»][/et_pb_button][/et_pb_column][/et_pb_row][/et_pb_section][et_pb_section fb_built=»1&#8243; disabled_on=»off|off|off» _builder_version=»4.16&#8243; custom_padding=»0px|0px|0px|0px» global_colors_info=»{}» global_module=»45896&#8243; theme_builder_area=»post_content»][et_pb_row column_structure=»2_3,1_3&#8243; _builder_version=»4.16&#8243; background_color=»#eeeeee» background_size=»initial» background_position=»top_left» background_repeat=»repeat» custom_padding=»27px|0px|13px|0px» global_colors_info=»{}» theme_builder_area=»post_content»][et_pb_column type=»2_3&#8243; _builder_version=»4.16&#8243; custom_padding=»|||» global_colors_info=»{}» custom_padding__hover=»|||» theme_builder_area=»post_content»][et_pb_button button_url=»mailto:museo@comisionporlamemoria.org» url_new_window=»on» button_text=»Solicitá la muestra» button_alignment=»left» _builder_version=»4.16&#8243; custom_button=»on» button_text_size=»16&#8243; button_text_color=»#ffffff» button_bg_color=»#ff3f8e» button_border_width=»0&#8243; button_border_radius=»0&#8243; button_font=»|||on|||||» button_icon=»&#x3d;||divi||400&#8243; button_icon_color=»#ffffff» custom_margin=»|||» custom_padding=»|||» global_colors_info=»{}» button_text_size__hover_enabled=»off» button_text_size__hover=»null» button_one_text_size__hover_enabled=»off» button_one_text_size__hover=»null» button_two_text_size__hover_enabled=»off» button_two_text_size__hover=»null» button_text_color__hover_enabled=»off» button_text_color__hover=»null» button_one_text_color__hover_enabled=»off» button_one_text_color__hover=»null» button_two_text_color__hover_enabled=»off» button_two_text_color__hover=»null» button_border_width__hover_enabled=»off» button_border_width__hover=»null» button_one_border_width__hover_enabled=»off» button_one_border_width__hover=»null» button_two_border_width__hover_enabled=»off» button_two_border_width__hover=»null» button_border_color__hover_enabled=»off» button_border_color__hover=»null» button_one_border_color__hover_enabled=»off» button_one_border_color__hover=»null» button_two_border_color__hover_enabled=»off» button_two_border_color__hover=»null» button_border_radius__hover_enabled=»off» button_border_radius__hover=»null» button_one_border_radius__hover_enabled=»off» button_one_border_radius__hover=»null» button_two_border_radius__hover_enabled=»off» button_two_border_radius__hover=»null» button_letter_spacing__hover_enabled=»off» button_letter_spacing__hover=»null» button_one_letter_spacing__hover_enabled=»off» button_one_letter_spacing__hover=»null» button_two_letter_spacing__hover_enabled=»off» button_two_letter_spacing__hover=»null» button_bg_color__hover_enabled=»off» button_bg_color__hover=»null» button_one_bg_color__hover_enabled=»off» button_one_bg_color__hover=»null» button_two_bg_color__hover_enabled=»off» button_two_bg_color__hover=»null» theme_builder_area=»post_content»]<p>&nbsp;</p>[/et_pb_button][et_pb_text _builder_version=»4.17.6&#8243; custom_margin=»|||20px» global_colors_info=»{}» theme_builder_area=»post_content»]<blockquote>
<p>Para más información comunicate con el MAM:</p>
<p>Tel.: <span style="font-size: medium;">(0221) 426-2984</span></p>
<p>E-mail: <a href="mailto:museo@comisionporlamemoria.org">museo@comisionporlamemoria.org</a></p>
</blockquote>[/et_pb_text][/et_pb_column][et_pb_column type=»1_3&#8243; _builder_version=»4.16&#8243; custom_padding=»|||» global_colors_info=»{}» custom_padding__hover=»|||» theme_builder_area=»post_content»][/et_pb_column][/et_pb_row][/et_pb_section][et_pb_section fb_built=»1&#8243; admin_label=»Sección» _builder_version=»4.16&#8243; custom_padding=»0px||0px|» global_colors_info=»{}»][et_pb_row admin_label=»Fila» _builder_version=»4.16&#8243; background_size=»initial» background_position=»top_left» background_repeat=»repeat» custom_margin=»0px||0px|» custom_padding=»0px||0px|» global_colors_info=»{}»][et_pb_column type=»4_4&#8243; _builder_version=»4.16&#8243; custom_padding=»|||» global_colors_info=»{}» custom_padding__hover=»|||»][et_pb_divider color=»#00cf9c» divider_position=»center» disabled_on=»on|on|off» admin_label=»Separador» _builder_version=»4.16&#8243; global_colors_info=»{}»][/et_pb_divider][/et_pb_column][/et_pb_row][/et_pb_section]

<p>Son fotografías que muestran las diferentes marcas urbanas en la provincia de Buenos Aires y que señalan los lugares del horror, marcas inevitables de la dictadura más atroz que asoló al país. Fotos de un registro que visibiliza las ausencias en los espacios públicos. CONTIENE: Cuadros con vidrio de 20 x 30. Alrededor de 30. [&hellip;]</p>
