{"id":31698,"date":"2017-08-10T14:31:18","date_gmt":"2017-08-10T14:31:18","guid":{"rendered":"http:\/\/www.comisionporlamemoria.org\/museo-nuevo\/?post_type=project&#038;p=31698"},"modified":"2017-08-10T14:36:20","modified_gmt":"2017-08-10T14:36:20","slug":"pasado-presente","status":"publish","type":"project","link":"https:\/\/www.comisionporlamemoria.org\/museo\/project\/pasado-presente\/","title":{"rendered":"Muestra colectiva Pasado Presente"},"content":{"rendered":"<p>[et_pb_section bb_built=\u00bb1&#8243; admin_label=\u00bbsection\u00bb background_image=\u00bbhttps:\/\/www.comisionporlamemoria.org\/museo-nuevo\/wp-content\/uploads\/sites\/18\/2017\/01\/COLOURlovers.com-Thin_lines_2.png\u00bb transparent_background=\u00bboff\u00bb allow_player_pause=\u00bboff\u00bb inner_shadow=\u00bboff\u00bb parallax=\u00bboff\u00bb parallax_method=\u00bbon\u00bb custom_padding=\u00bb0px||0px|\u00bb make_fullwidth=\u00bboff\u00bb use_custom_width=\u00bboff\u00bb width_unit=\u00bbon\u00bb make_equal=\u00bboff\u00bb use_custom_gutter=\u00bboff\u00bb][et_pb_row admin_label=\u00bbrow\u00bb make_fullwidth=\u00bboff\u00bb use_custom_width=\u00bboff\u00bb width_unit=\u00bbon\u00bb use_custom_gutter=\u00bboff\u00bb custom_padding=\u00bb0px||0px|\u00bb custom_margin=\u00bb0px||0px|\u00bb allow_player_pause=\u00bboff\u00bb parallax=\u00bboff\u00bb parallax_method=\u00bbon\u00bb make_equal=\u00bboff\u00bb][et_pb_column type=\u00bb1_2&#8243;][et_pb_post_title admin_label=\u00bbT\u00edtulo de publicaci\u00f3n\u00bb title=\u00bbon\u00bb meta=\u00bboff\u00bb author=\u00bbon\u00bb date=\u00bbon\u00bb categories=\u00bbon\u00bb comments=\u00bbon\u00bb featured_image=\u00bboff\u00bb featured_placement=\u00bbbelow\u00bb parallax_effect=\u00bboff\u00bb parallax_method=\u00bbon\u00bb text_orientation=\u00bbleft\u00bb text_color=\u00bblight\u00bb text_background=\u00bboff\u00bb text_bg_color=\u00bbrgba(255,255,255,0.9)\u00bb module_bg_color=\u00bb#424242&#8243; title_font=\u00bb|on||on|\u00bb use_border_color=\u00bboff\u00bb border_color=\u00bb#ffffff\u00bb border_style=\u00bbsolid\u00bb custom_margin=\u00bb70px||0px|\u00bb custom_padding=\u00bb13px||0px|13px\u00bb \/][\/et_pb_column][et_pb_column type=\u00bb1_2&#8243;][\/et_pb_column][\/et_pb_row][\/et_pb_section][et_pb_section bb_built=\u00bb1&#8243; admin_label=\u00bbSecci\u00f3n\u00bb fullwidth=\u00bboff\u00bb specialty=\u00bboff\u00bb transparent_background=\u00bboff\u00bb allow_player_pause=\u00bboff\u00bb inner_shadow=\u00bboff\u00bb parallax=\u00bboff\u00bb parallax_method=\u00bbon\u00bb custom_padding=\u00bb30px||30px|\u00bb make_fullwidth=\u00bboff\u00bb use_custom_width=\u00bboff\u00bb width_unit=\u00bbon\u00bb make_equal=\u00bboff\u00bb use_custom_gutter=\u00bboff\u00bb][et_pb_row admin_label=\u00bbFila\u00bb make_fullwidth=\u00bboff\u00bb use_custom_width=\u00bboff\u00bb width_unit=\u00bbon\u00bb use_custom_gutter=\u00bboff\u00bb custom_padding=\u00bb0px||0px|20px\u00bb allow_player_pause=\u00bboff\u00bb parallax=\u00bboff\u00bb parallax_method=\u00bbon\u00bb make_equal=\u00bboff\u00bb parallax_1=\u00bboff\u00bb parallax_method_1=\u00bboff\u00bb parallax_2=\u00bboff\u00bb parallax_method_2=\u00bboff\u00bb background_color=\u00bb#00cf9c\u00bb][et_pb_column type=\u00bb2_3&#8243;][et_pb_text admin_label=\u00bbTexto\u00bb background_layout=\u00bblight\u00bb text_orientation=\u00bbjustified\u00bb use_border_color=\u00bboff\u00bb border_color=\u00bb#ffffff\u00bb border_style=\u00bbsolid\u00bb custom_margin=\u00bb20px||20px|\u00bb custom_padding=\u00bb0px||0px|\u00bb text_font_size=\u00bb16&#8243; text_text_color=\u00bb#ffffff\u00bb]<\/p>\n<p><strong>Septiembre 2004 &#8211; Marzo 2005<\/strong><\/p>\n<p>Muestra Colectiva<\/p>\n<p>Muestra pl\u00e1stica y fotogr\u00e1fica en donde expusieron los fot\u00f3grafos: Ernesto Dom\u00e9nech, Lucila Quieto y Helen Zout, esta \u00faltima con su serie El agua como tumba. Tambi\u00e9n presentaron obra los pintores C\u00e9sar L\u00f3pez Osornio y Diana Dowek, como el grabador Roberto P\u00e1ez y el artista pl\u00e1stico Carlos Alonso.<\/p>\n<p>[\/et_pb_text][\/et_pb_column][et_pb_column type=\u00bb1_3&#8243;][et_pb_image admin_label=\u00bbImagen\u00bb src=\u00bbhttps:\/\/www.comisionporlamemoria.org\/museo-nuevo\/wp-content\/uploads\/sites\/18\/2017\/08\/muestra-colectiva-pasado-presente.jpg\u00bb show_in_lightbox=\u00bboff\u00bb url_new_window=\u00bboff\u00bb use_overlay=\u00bboff\u00bb animation=\u00bboff\u00bb sticky=\u00bboff\u00bb align=\u00bbcenter\u00bb force_fullwidth=\u00bbon\u00bb always_center_on_mobile=\u00bbon\u00bb use_border_color=\u00bboff\u00bb border_color=\u00bb#ffffff\u00bb border_style=\u00bbsolid\u00bb \/][\/et_pb_column][\/et_pb_row][et_pb_row admin_label=\u00bbFila\u00bb][et_pb_column type=\u00bb1_3&#8243;][et_pb_button admin_label=\u00bbBot\u00f3n\u00bb button_url=\u00bb<a href=\"\/static\/prensa\/mam\/exposiciones\/colectiva-pasado-presente.pdf\">\u00bb url_new_window=\u00bbon\u00bb button_text=\u00bbacerca de la muestra\u00bb button_alignment=\u00bbleft\u00bb background_layout=\u00bblight\u00bb custom_button=\u00bbon\u00bb button_text_color=\u00bb#ffffff\u00bb button_letter_spacing=\u00bb0&#8243; button_font=\u00bb|||on|\u00bb button_use_icon=\u00bbdefault\u00bb button_icon=\u00bb%%28%%\u00bb button_icon_color=\u00bb#ffffff\u00bb button_icon_placement=\u00bbright\u00bb button_on_hover=\u00bbon\u00bb button_letter_spacing_hover=\u00bb0&#8243; button_text_size=\u00bb16&#8243; button_bg_color=\u00bb#00cf9c\u00bb button_border_width=\u00bb0&#8243; button_border_radius=\u00bb0&#8243; saved_tabs=\u00bball\u00bb \/][\/et_pb_column][et_pb_column type=\u00bb1_3&#8243;][\/et_pb_column][et_pb_column type=\u00bb1_3&#8243;][\/et_pb_column][\/et_pb_row][\/et_pb_section][et_pb_section bb_built=\u00bb1&#8243; admin_label=\u00bbSecci\u00f3n\u00bb fullwidth=\u00bboff\u00bb specialty=\u00bboff\u00bb transparent_background=\u00bboff\u00bb allow_player_pause=\u00bboff\u00bb inner_shadow=\u00bboff\u00bb parallax=\u00bboff\u00bb parallax_method=\u00bbon\u00bb custom_padding=\u00bb0px||0px|\u00bb make_fullwidth=\u00bboff\u00bb use_custom_width=\u00bboff\u00bb width_unit=\u00bbon\u00bb make_equal=\u00bboff\u00bb use_custom_gutter=\u00bboff\u00bb][et_pb_row admin_label=\u00bbFila\u00bb make_fullwidth=\u00bboff\u00bb use_custom_width=\u00bboff\u00bb width_unit=\u00bbon\u00bb use_custom_gutter=\u00bboff\u00bb custom_padding=\u00bb0px||0px|\u00bb custom_margin=\u00bb0px||0px|\u00bb allow_player_pause=\u00bboff\u00bb parallax=\u00bboff\u00bb parallax_method=\u00bbon\u00bb make_equal=\u00bboff\u00bb parallax_1=\u00bboff\u00bb parallax_method_1=\u00bboff\u00bb][et_pb_column type=\u00bb4_4&#8243;][et_pb_divider admin_label=\u00bbSeparador\u00bb color=\u00bb#00cf9c\u00bb show_divider=\u00bbon\u00bb divider_style=\u00bbsolid\u00bb divider_position=\u00bbcenter\u00bb hide_on_mobile=\u00bbon\u00bb \/][\/et_pb_column][\/et_pb_row][\/et_pb_section]<\/a><\/p>\n","protected":false},"excerpt":{"rendered":"<p>Septiembre 2004 &#8211; Marzo 2005 Muestra Colectiva Muestra pl\u00e1stica y fotogr\u00e1fica en donde expusieron los fot\u00f3grafos: Ernesto Dom\u00e9nech, Lucila Quieto y Helen Zout, esta \u00faltima con su serie El agua como tumba. Tambi\u00e9n presentaron obra los pintores C\u00e9sar L\u00f3pez Osornio y Diana Dowek, como el grabador Roberto P\u00e1ez y el artista pl\u00e1stico Carlos Alonso.<\/p>\n","protected":false},"author":32,"featured_media":31699,"comment_status":"open","ping_status":"closed","template":"","meta":{"_et_pb_use_builder":"on","_et_pb_old_content":"","_et_gb_content_width":"","jetpack_post_was_ever_published":false,"footnotes":""},"project_category":[14],"project_tag":[],"class_list":["post-31698","project","type-project","status-publish","has-post-thumbnail","hentry","project_category-14"],"jetpack_sharing_enabled":true,"_links":{"self":[{"href":"https:\/\/www.comisionporlamemoria.org\/museo\/wp-json\/wp\/v2\/project\/31698","targetHints":{"allow":["GET"]}}],"collection":[{"href":"https:\/\/www.comisionporlamemoria.org\/museo\/wp-json\/wp\/v2\/project"}],"about":[{"href":"https:\/\/www.comisionporlamemoria.org\/museo\/wp-json\/wp\/v2\/types\/project"}],"author":[{"embeddable":true,"href":"https:\/\/www.comisionporlamemoria.org\/museo\/wp-json\/wp\/v2\/users\/32"}],"replies":[{"embeddable":true,"href":"https:\/\/www.comisionporlamemoria.org\/museo\/wp-json\/wp\/v2\/comments?post=31698"}],"version-history":[{"count":0,"href":"https:\/\/www.comisionporlamemoria.org\/museo\/wp-json\/wp\/v2\/project\/31698\/revisions"}],"wp:featuredmedia":[{"embeddable":true,"href":"https:\/\/www.comisionporlamemoria.org\/museo\/wp-json\/wp\/v2\/media\/31699"}],"wp:attachment":[{"href":"https:\/\/www.comisionporlamemoria.org\/museo\/wp-json\/wp\/v2\/media?parent=31698"}],"wp:term":[{"taxonomy":"project_category","embeddable":true,"href":"https:\/\/www.comisionporlamemoria.org\/museo\/wp-json\/wp\/v2\/project_category?post=31698"},{"taxonomy":"project_tag","embeddable":true,"href":"https:\/\/www.comisionporlamemoria.org\/museo\/wp-json\/wp\/v2\/project_tag?post=31698"}],"curies":[{"name":"wp","href":"https:\/\/api.w.org\/{rel}","templated":true}]}}

<p>[et_pb_section bb_built=»1&#8243; admin_label=»section» background_image=»https://www.comisionporlamemoria.org/museo-nuevo/wp-content/uploads/sites/18/2017/01/COLOURlovers.com-Thin_lines_2.png» transparent_background=»off» allow_player_pause=»off» inner_shadow=»off» parallax=»off» parallax_method=»on» custom_padding=»0px||0px|» make_fullwidth=»off» use_custom_width=»off» width_unit=»on» make_equal=»off» use_custom_gutter=»off»][et_pb_row admin_label=»row» make_fullwidth=»off» use_custom_width=»off» width_unit=»on» use_custom_gutter=»off» custom_padding=»0px||0px|» custom_margin=»0px||0px|» allow_player_pause=»off» parallax=»off» parallax_method=»on» make_equal=»off»][et_pb_column type=»1_2&#8243;][et_pb_post_title admin_label=»Título de publicación» title=»on» meta=»off» author=»on» date=»on» categories=»on» comments=»on» featured_image=»off» featured_placement=»below» parallax_effect=»off» parallax_method=»on» text_orientation=»left» text_color=»light» text_background=»off» text_bg_color=»rgba(255,255,255,0.9)» module_bg_color=»#424242&#8243; title_font=»|on||on|» use_border_color=»off» border_color=»#ffffff» border_style=»solid» custom_margin=»70px||0px|» custom_padding=»13px||0px|13px» /][/et_pb_column][et_pb_column type=»1_2&#8243;][/et_pb_column][/et_pb_row][/et_pb_section][et_pb_section bb_built=»1&#8243; admin_label=»Sección» fullwidth=»off» specialty=»off» transparent_background=»off» allow_player_pause=»off» inner_shadow=»off» parallax=»off» parallax_method=»on» custom_padding=»30px||30px|» make_fullwidth=»off» use_custom_width=»off» width_unit=»on» make_equal=»off» use_custom_gutter=»off»][et_pb_row admin_label=»Fila» make_fullwidth=»off» use_custom_width=»off» width_unit=»on» use_custom_gutter=»off» custom_padding=»0px||0px|20px» allow_player_pause=»off» parallax=»off» parallax_method=»on» make_equal=»off» parallax_1=»off» parallax_method_1=»off» parallax_2=»off» parallax_method_2=»off» background_color=»#00cf9c»][et_pb_column type=»2_3&#8243;][et_pb_text admin_label=»Texto» background_layout=»light» text_orientation=»justified» use_border_color=»off» border_color=»#ffffff» border_style=»solid» custom_margin=»20px||20px|» custom_padding=»0px||0px|» text_font_size=»16&#8243; text_text_color=»#ffffff»]</p>
<p><strong>Septiembre 2004 &#8211; Marzo 2005</strong></p>
<p>Muestra Colectiva</p>
<p>Muestra plástica y fotográfica en donde expusieron los fotógrafos: Ernesto Doménech, Lucila Quieto y Helen Zout, esta última con su serie El agua como tumba. También presentaron obra los pintores César López Osornio y Diana Dowek, como el grabador Roberto Páez y el artista plástico Carlos Alonso.</p>
<p>[/et_pb_text][/et_pb_column][et_pb_column type=»1_3&#8243;][et_pb_image admin_label=»Imagen» src=»https://www.comisionporlamemoria.org/museo-nuevo/wp-content/uploads/sites/18/2017/08/muestra-colectiva-pasado-presente.jpg» show_in_lightbox=»off» url_new_window=»off» use_overlay=»off» animation=»off» sticky=»off» align=»center» force_fullwidth=»on» always_center_on_mobile=»on» use_border_color=»off» border_color=»#ffffff» border_style=»solid» /][/et_pb_column][/et_pb_row][et_pb_row admin_label=»Fila»][et_pb_column type=»1_3&#8243;][et_pb_button admin_label=»Botón» button_url=»<a href="/static/prensa/mam/exposiciones/colectiva-pasado-presente.pdf">» url_new_window=»on» button_text=»acerca de la muestra» button_alignment=»left» background_layout=»light» custom_button=»on» button_text_color=»#ffffff» button_letter_spacing=»0&#8243; button_font=»|||on|» button_use_icon=»default» button_icon=»%%28%%» button_icon_color=»#ffffff» button_icon_placement=»right» button_on_hover=»on» button_letter_spacing_hover=»0&#8243; button_text_size=»16&#8243; button_bg_color=»#00cf9c» button_border_width=»0&#8243; button_border_radius=»0&#8243; saved_tabs=»all» /][/et_pb_column][et_pb_column type=»1_3&#8243;][/et_pb_column][et_pb_column type=»1_3&#8243;][/et_pb_column][/et_pb_row][/et_pb_section][et_pb_section bb_built=»1&#8243; admin_label=»Sección» fullwidth=»off» specialty=»off» transparent_background=»off» allow_player_pause=»off» inner_shadow=»off» parallax=»off» parallax_method=»on» custom_padding=»0px||0px|» make_fullwidth=»off» use_custom_width=»off» width_unit=»on» make_equal=»off» use_custom_gutter=»off»][et_pb_row admin_label=»Fila» make_fullwidth=»off» use_custom_width=»off» width_unit=»on» use_custom_gutter=»off» custom_padding=»0px||0px|» custom_margin=»0px||0px|» allow_player_pause=»off» parallax=»off» parallax_method=»on» make_equal=»off» parallax_1=»off» parallax_method_1=»off»][et_pb_column type=»4_4&#8243;][et_pb_divider admin_label=»Separador» color=»#00cf9c» show_divider=»on» divider_style=»solid» divider_position=»center» hide_on_mobile=»on» /][/et_pb_column][/et_pb_row][/et_pb_section]</a></p>

<p>Septiembre 2004 &#8211; Marzo 2005 Muestra Colectiva Muestra plástica y fotográfica en donde expusieron los fotógrafos: Ernesto Doménech, Lucila Quieto y Helen Zout, esta última con su serie El agua como tumba. También presentaron obra los pintores César López Osornio y Diana Dowek, como el grabador Roberto Páez y el artista plástico Carlos Alonso.</p>
