{"id":31742,"date":"2017-08-11T13:36:00","date_gmt":"2017-08-11T13:36:00","guid":{"rendered":"http:\/\/www.comisionporlamemoria.org\/museo-nuevo\/?post_type=project&#038;p=31742"},"modified":"2017-08-11T13:41:34","modified_gmt":"2017-08-11T13:41:34","slug":"cuatro-miradas-cuatro-fotografos","status":"publish","type":"project","link":"https:\/\/www.comisionporlamemoria.org\/museo\/project\/cuatro-miradas-cuatro-fotografos\/","title":{"rendered":"Cuatro Miradas, Cuatro Fot\u00f3grafos"},"content":{"rendered":"<p>[et_pb_section fb_built=\u00bb1&#8243; background_image=\u00bbhttps:\/\/www.comisionporlamemoria.org\/museo-nuevo\/wp-content\/uploads\/sites\/18\/2017\/01\/COLOURlovers.com-Thin_lines_2.png\u00bb custom_padding=\u00bb0px||0px|\u00bb admin_label=\u00bbsection\u00bb][et_pb_row custom_padding=\u00bb0px||0px|\u00bb custom_margin=\u00bb0px||0px|\u00bb admin_label=\u00bbrow\u00bb][et_pb_column type=\u00bb1_2&#8243; parallax=\u00bboff\u00bb parallax_method=\u00bbon\u00bb][et_pb_post_title meta=\u00bboff\u00bb featured_image=\u00bboff\u00bb text_color=\u00bblight\u00bb module_bg_color=\u00bb#424242&#8243; admin_label=\u00bbT\u00edtulo de publicaci\u00f3n\u00bb title_font=\u00bb|on||on|\u00bb custom_margin=\u00bb70px||0px|\u00bb custom_padding=\u00bb13px||0px|13px\u00bb][\/et_pb_post_title][\/et_pb_column][et_pb_column type=\u00bb1_2&#8243; parallax=\u00bboff\u00bb parallax_method=\u00bbon\u00bb][\/et_pb_column][\/et_pb_row][\/et_pb_section][et_pb_section fb_built=\u00bb1&#8243; custom_padding=\u00bb30px||0px|\u00bb admin_label=\u00bbSecci\u00f3n\u00bb][et_pb_row custom_padding=\u00bb0px||0px|20px\u00bb background_color=\u00bb#00cf9c\u00bb parallax_method_1=\u00bboff\u00bb parallax_method_2=\u00bboff\u00bb admin_label=\u00bbFila\u00bb][et_pb_column type=\u00bb2_3&#8243; parallax=\u00bboff\u00bb parallax_method=\u00bboff\u00bb][et_pb_text text_orientation=\u00bbjustified\u00bb admin_label=\u00bbTexto\u00bb text_font_size=\u00bb16&#8243; text_text_color=\u00bb#ffffff\u00bb custom_margin=\u00bb20px||20px|\u00bb custom_padding=\u00bb0px||0px|\u00bb]<\/p>\n<p>Diciembre 2005 &#8211; Marzo 2006<\/p>\n<p>Registros de la cotidianeidad carcelaria. Fotograf\u00edas de Adriana Lestido, Santiago Hafford, Isabel De Gracia, Gian Paolo Minelli, CPM Una muestra que recoge los registros de muros y arquitecturas, cuerpos y almas de la poblaci\u00f3n carcelaria. Testimonio producido por la Comisi\u00f3n por la Memoria que da cuenta de la cotidianeidad en las c\u00e1rceles de la provincia de Buenos Aires. Un recorrido fotogr\u00e1fico que incluye a las mujeres que permanecen presas con sus hijos y que se atreve a denunciar la situaci\u00f3n de superpoblaci\u00f3n, violencia y violaci\u00f3n a los derechos humanos que signa a las prisiones bonaerenses. La misma incluye obras de Gian Paolo Minelli, Adriana Lestido, Isabel De Gracia y Santiago Hafford. \u00a0Convocados por la CPM, estos 4 artistas prestaron sus obras para acompa\u00f1ar el V Encuentro Internacional denominado \u00abLa violaci\u00f3n a los derechos humanos en el mundo de hoy\u00bb y posteriormente exponer sus trabajos en la sede de nuestra instituci\u00f3n.<\/p>\n<p>[\/et_pb_text][\/et_pb_column][et_pb_column type=\u00bb1_3&#8243; parallax=\u00bboff\u00bb parallax_method=\u00bboff\u00bb][et_pb_image src=\u00bbhttps:\/\/www.comisionporlamemoria.org\/museo-nuevo\/wp-content\/uploads\/sites\/18\/2017\/08\/Mujeres-presas.-1991-1993.jpg\u00bb animation=\u00bboff\u00bb align=\u00bbcenter\u00bb force_fullwidth=\u00bbon\u00bb admin_label=\u00bbImagen\u00bb][\/et_pb_image][\/et_pb_column][\/et_pb_row][\/et_pb_section][et_pb_section fb_built=\u00bb1&#8243; background_image=\u00bbhttps:\/\/www.comisionporlamemoria.org\/museo-nuevo\/wp-content\/uploads\/sites\/18\/2017\/01\/COLOURlovers.com-Thin_lines_2.png\u00bb admin_label=\u00bbSecci\u00f3n\u00bb custom_padding=\u00bb0px|0px|0px|0px\u00bb][et_pb_row admin_label=\u00bbFila\u00bb][et_pb_column type=\u00bb4_4&#8243; parallax=\u00bboff\u00bb parallax_method=\u00bbon\u00bb][et_pb_image src=\u00bbhttps:\/\/www.comisionporlamemoria.org\/museo-nuevo\/wp-content\/uploads\/sites\/18\/2017\/08\/bg_cuatromiradas.jpg\u00bb admin_label=\u00bbImagen\u00bb][\/et_pb_image][\/et_pb_column][\/et_pb_row][\/et_pb_section][et_pb_section fb_built=\u00bb1&#8243; custom_padding=\u00bb0px||0px|\u00bb admin_label=\u00bbSecci\u00f3n\u00bb][et_pb_row custom_padding=\u00bb0px||0px|\u00bb custom_margin=\u00bb0px||0px|\u00bb parallax_method_1=\u00bboff\u00bb admin_label=\u00bbFila\u00bb][et_pb_column type=\u00bb4_4&#8243; parallax=\u00bboff\u00bb parallax_method=\u00bboff\u00bb][et_pb_divider color=\u00bb#00cf9c\u00bb show_divider=\u00bbon\u00bb divider_style=\u00bbsolid\u00bb divider_position=\u00bbcenter\u00bb admin_label=\u00bbSeparador\u00bb][\/et_pb_divider][\/et_pb_column][\/et_pb_row][\/et_pb_section]<\/p>\n","protected":false},"excerpt":{"rendered":"<p>Diciembre 2005 &#8211; Marzo 2006 Registros de la cotidianeidad carcelaria. Fotograf\u00edas de Adriana Lestido, Santiago Hafford, Isabel De Gracia, Gian Paolo Minelli, CPM Una muestra que recoge los registros de muros y arquitecturas, cuerpos y almas de la poblaci\u00f3n carcelaria. Testimonio producido por la Comisi\u00f3n por la Memoria que da cuenta de la cotidianeidad en [&hellip;]<\/p>\n","protected":false},"author":32,"featured_media":31744,"comment_status":"open","ping_status":"closed","template":"","meta":{"_et_pb_use_builder":"on","_et_pb_old_content":"","_et_gb_content_width":"","jetpack_post_was_ever_published":false,"footnotes":""},"project_category":[15],"project_tag":[],"class_list":["post-31742","project","type-project","status-publish","has-post-thumbnail","hentry","project_category-15"],"jetpack_sharing_enabled":true,"_links":{"self":[{"href":"https:\/\/www.comisionporlamemoria.org\/museo\/wp-json\/wp\/v2\/project\/31742","targetHints":{"allow":["GET"]}}],"collection":[{"href":"https:\/\/www.comisionporlamemoria.org\/museo\/wp-json\/wp\/v2\/project"}],"about":[{"href":"https:\/\/www.comisionporlamemoria.org\/museo\/wp-json\/wp\/v2\/types\/project"}],"author":[{"embeddable":true,"href":"https:\/\/www.comisionporlamemoria.org\/museo\/wp-json\/wp\/v2\/users\/32"}],"replies":[{"embeddable":true,"href":"https:\/\/www.comisionporlamemoria.org\/museo\/wp-json\/wp\/v2\/comments?post=31742"}],"version-history":[{"count":0,"href":"https:\/\/www.comisionporlamemoria.org\/museo\/wp-json\/wp\/v2\/project\/31742\/revisions"}],"wp:featuredmedia":[{"embeddable":true,"href":"https:\/\/www.comisionporlamemoria.org\/museo\/wp-json\/wp\/v2\/media\/31744"}],"wp:attachment":[{"href":"https:\/\/www.comisionporlamemoria.org\/museo\/wp-json\/wp\/v2\/media?parent=31742"}],"wp:term":[{"taxonomy":"project_category","embeddable":true,"href":"https:\/\/www.comisionporlamemoria.org\/museo\/wp-json\/wp\/v2\/project_category?post=31742"},{"taxonomy":"project_tag","embeddable":true,"href":"https:\/\/www.comisionporlamemoria.org\/museo\/wp-json\/wp\/v2\/project_tag?post=31742"}],"curies":[{"name":"wp","href":"https:\/\/api.w.org\/{rel}","templated":true}]}}

Cuatro Miradas, Cuatro Fotógrafos

<p>[et_pb_section fb_built=»1&#8243; background_image=»https://www.comisionporlamemoria.org/museo-nuevo/wp-content/uploads/sites/18/2017/01/COLOURlovers.com-Thin_lines_2.png» custom_padding=»0px||0px|» admin_label=»section»][et_pb_row custom_padding=»0px||0px|» custom_margin=»0px||0px|» admin_label=»row»][et_pb_column type=»1_2&#8243; parallax=»off» parallax_method=»on»][et_pb_post_title meta=»off» featured_image=»off» text_color=»light» module_bg_color=»#424242&#8243; admin_label=»Título de publicación» title_font=»|on||on|» custom_margin=»70px||0px|» custom_padding=»13px||0px|13px»][/et_pb_post_title][/et_pb_column][et_pb_column type=»1_2&#8243; parallax=»off» parallax_method=»on»][/et_pb_column][/et_pb_row][/et_pb_section][et_pb_section fb_built=»1&#8243; custom_padding=»30px||0px|» admin_label=»Sección»][et_pb_row custom_padding=»0px||0px|20px» background_color=»#00cf9c» parallax_method_1=»off» parallax_method_2=»off» admin_label=»Fila»][et_pb_column type=»2_3&#8243; parallax=»off» parallax_method=»off»][et_pb_text text_orientation=»justified» admin_label=»Texto» text_font_size=»16&#8243; text_text_color=»#ffffff» custom_margin=»20px||20px|» custom_padding=»0px||0px|»]</p>
<p>Diciembre 2005 &#8211; Marzo 2006</p>
<p>Registros de la cotidianeidad carcelaria. Fotografías de Adriana Lestido, Santiago Hafford, Isabel De Gracia, Gian Paolo Minelli, CPM Una muestra que recoge los registros de muros y arquitecturas, cuerpos y almas de la población carcelaria. Testimonio producido por la Comisión por la Memoria que da cuenta de la cotidianeidad en las cárceles de la provincia de Buenos Aires. Un recorrido fotográfico que incluye a las mujeres que permanecen presas con sus hijos y que se atreve a denunciar la situación de superpoblación, violencia y violación a los derechos humanos que signa a las prisiones bonaerenses. La misma incluye obras de Gian Paolo Minelli, Adriana Lestido, Isabel De Gracia y Santiago Hafford.  Convocados por la CPM, estos 4 artistas prestaron sus obras para acompañar el V Encuentro Internacional denominado «La violación a los derechos humanos en el mundo de hoy» y posteriormente exponer sus trabajos en la sede de nuestra institución.</p>
<p>[/et_pb_text][/et_pb_column][et_pb_column type=»1_3&#8243; parallax=»off» parallax_method=»off»][et_pb_image src=»https://www.comisionporlamemoria.org/museo-nuevo/wp-content/uploads/sites/18/2017/08/Mujeres-presas.-1991-1993.jpg» animation=»off» align=»center» force_fullwidth=»on» admin_label=»Imagen»][/et_pb_image][/et_pb_column][/et_pb_row][/et_pb_section][et_pb_section fb_built=»1&#8243; background_image=»https://www.comisionporlamemoria.org/museo-nuevo/wp-content/uploads/sites/18/2017/01/COLOURlovers.com-Thin_lines_2.png» admin_label=»Sección» custom_padding=»0px|0px|0px|0px»][et_pb_row admin_label=»Fila»][et_pb_column type=»4_4&#8243; parallax=»off» parallax_method=»on»][et_pb_image src=»https://www.comisionporlamemoria.org/museo-nuevo/wp-content/uploads/sites/18/2017/08/bg_cuatromiradas.jpg» admin_label=»Imagen»][/et_pb_image][/et_pb_column][/et_pb_row][/et_pb_section][et_pb_section fb_built=»1&#8243; custom_padding=»0px||0px|» admin_label=»Sección»][et_pb_row custom_padding=»0px||0px|» custom_margin=»0px||0px|» parallax_method_1=»off» admin_label=»Fila»][et_pb_column type=»4_4&#8243; parallax=»off» parallax_method=»off»][et_pb_divider color=»#00cf9c» show_divider=»on» divider_style=»solid» divider_position=»center» admin_label=»Separador»][/et_pb_divider][/et_pb_column][/et_pb_row][/et_pb_section]</p>

<p>Diciembre 2005 &#8211; Marzo 2006 Registros de la cotidianeidad carcelaria. Fotografías de Adriana Lestido, Santiago Hafford, Isabel De Gracia, Gian Paolo Minelli, CPM Una muestra que recoge los registros de muros y arquitecturas, cuerpos y almas de la población carcelaria. Testimonio producido por la Comisión por la Memoria que da cuenta de la cotidianeidad en [&hellip;]</p>
