{"id":31932,"date":"2017-08-14T16:32:41","date_gmt":"2017-08-14T16:32:41","guid":{"rendered":"http:\/\/www.comisionporlamemoria.org\/museo-nuevo\/?post_type=project&#038;p=31932"},"modified":"2017-08-14T16:36:02","modified_gmt":"2017-08-14T16:36:02","slug":"85-ausencias-amia","status":"publish","type":"project","link":"https:\/\/www.comisionporlamemoria.org\/museo\/project\/85-ausencias-amia\/","title":{"rendered":"85 ausencias. AMIA"},"content":{"rendered":"<p>[et_pb_section fb_built=\u00bb1&#8243; custom_padding=\u00bb0px||0px|\u00bb admin_label=\u00bbsection\u00bb _builder_version=\u00bb3.0.47&#8243; background_image=\u00bbhttps:\/\/www.comisionporlamemoria.org\/museo-nuevo\/wp-content\/uploads\/sites\/18\/2017\/01\/COLOURlovers.com-Thin_lines_2.png\u00bb][et_pb_row custom_padding=\u00bb0px||0px|\u00bb custom_margin=\u00bb0px||0px|\u00bb admin_label=\u00bbrow\u00bb _builder_version=\u00bb3.0.47&#8243; background_size=\u00bbinitial\u00bb background_position=\u00bbtop_left\u00bb background_repeat=\u00bbrepeat\u00bb][et_pb_column type=\u00bb1_2&#8243; _builder_version=\u00bb3.0.47&#8243; parallax=\u00bboff\u00bb parallax_method=\u00bbon\u00bb][et_pb_post_title meta=\u00bboff\u00bb featured_image=\u00bboff\u00bb text_color=\u00bblight\u00bb module_bg_color=\u00bb#424242&#8243; _builder_version=\u00bb3.0.47&#8243; title_font=\u00bb|on||on|\u00bb custom_margin=\u00bb70px||0px|\u00bb custom_padding=\u00bb13px||0px|13px\u00bb][\/et_pb_post_title][\/et_pb_column][et_pb_column type=\u00bb1_2&#8243; _builder_version=\u00bb3.0.47&#8243; parallax=\u00bboff\u00bb parallax_method=\u00bbon\u00bb][\/et_pb_column][\/et_pb_row][\/et_pb_section][et_pb_section fb_built=\u00bb1&#8243; custom_padding=\u00bb30px||30px|\u00bb _builder_version=\u00bb3.0.47&#8243;][et_pb_row custom_padding=\u00bb0px||0px|20px\u00bb background_color=\u00bb#00cf9c\u00bb parallax_method_1=\u00bboff\u00bb parallax_method_2=\u00bboff\u00bb _builder_version=\u00bb3.0.47&#8243; background_size=\u00bbinitial\u00bb background_position=\u00bbtop_left\u00bb background_repeat=\u00bbrepeat\u00bb][et_pb_column type=\u00bb2_3&#8243; _builder_version=\u00bb3.0.47&#8243; parallax=\u00bboff\u00bb parallax_method=\u00bboff\u00bb][et_pb_text text_orientation=\u00bbjustified\u00bb _builder_version=\u00bb3.0.67&#8243; text_font_size=\u00bb16&#8243; text_text_color=\u00bb#ffffff\u00bb custom_margin=\u00bb20px||20px|\u00bb custom_padding=\u00bb0px||0px|\u00bb]<\/p>\n<p><strong>Julio &#8211; Agosto 2008<\/strong><\/p>\n<p>Instalaci\u00f3n de Marga Steinwasser.<\/p>\n<p>Pasteur 633. 18 de julio de 1994. 9:53 hs.<br \/>\nUna fuerte explosi\u00f3n, seguida por un gigantesco hongo de humo y polvo, destruy\u00f3 85 vidas, 85 historias, 85 familias.\u00a0En cuesti\u00f3n de segundos arras\u00f3 con la sede de la organizaci\u00f3n jud\u00eda m\u00e1s emblem\u00e1tica de la Argentina y todo lo que estaba a su alrededor.<br \/>\n85 v\u00edctimas fatales. M\u00e1s de 300 heridos. Un edificio con la historia jud\u00eda de la Argentina destruido. Una herida abierta que hasta el d\u00eda de hoy no cierra.<br \/>\nDice la artista de su obra: Mi trabajo gira en torno al se\u00f1alamiento de realidades sociales totalmente visibles, pero que por distintos motivos -indiferencia, desidia , quiz\u00e1s dolor&#8230;- corren peligro de tornarse invisibles y as\u00ed formar parte del paisaje cotidiano de nuestro pa\u00eds. Abordo esta tem\u00e1tica a trav\u00e9s de distintos lenguajes tales como instalaciones, intervenciones urbanas, grabados y trabajo de campo.\u201d<\/p>\n<p>[\/et_pb_text][\/et_pb_column][et_pb_column type=\u00bb1_3&#8243; _builder_version=\u00bb3.0.47&#8243; parallax=\u00bboff\u00bb parallax_method=\u00bboff\u00bb][et_pb_image src=\u00bbhttps:\/\/www.comisionporlamemoria.org\/museo-nuevo\/wp-content\/uploads\/sites\/18\/2017\/08\/85-ausencias.jpg\u00bb animation=\u00bboff\u00bb align=\u00bbcenter\u00bb force_fullwidth=\u00bbon\u00bb _builder_version=\u00bb3.0.67&#8243;][\/et_pb_image][et_pb_image src=\u00bbhttps:\/\/www.comisionporlamemoria.org\/museo-nuevo\/wp-content\/uploads\/sites\/18\/2017\/08\/85-ausencias-1.jpg\u00bb animation=\u00bboff\u00bb align=\u00bbcenter\u00bb force_fullwidth=\u00bbon\u00bb _builder_version=\u00bb3.0.67&#8243;][\/et_pb_image][\/et_pb_column][\/et_pb_row][\/et_pb_section][et_pb_section fb_built=\u00bb1&#8243; custom_padding=\u00bb0px||0px|\u00bb _builder_version=\u00bb3.0.47&#8243;][et_pb_row custom_padding=\u00bb0px||0px|\u00bb custom_margin=\u00bb0px||0px|\u00bb parallax_method_1=\u00bboff\u00bb _builder_version=\u00bb3.0.47&#8243; background_size=\u00bbinitial\u00bb background_position=\u00bbtop_left\u00bb background_repeat=\u00bbrepeat\u00bb][et_pb_column type=\u00bb4_4&#8243; _builder_version=\u00bb3.0.47&#8243; parallax=\u00bboff\u00bb parallax_method=\u00bboff\u00bb][et_pb_divider color=\u00bb#00cf9c\u00bb show_divider=\u00bbon\u00bb divider_style=\u00bbsolid\u00bb divider_position=\u00bbcenter\u00bb _builder_version=\u00bb3.0.47&#8243;][\/et_pb_divider][\/et_pb_column][\/et_pb_row][\/et_pb_section]<\/p>\n","protected":false},"excerpt":{"rendered":"<p>Julio &#8211; Agosto 2008 Instalaci\u00f3n de Marga Steinwasser. Pasteur 633. 18 de julio de 1994. 9:53 hs. Una fuerte explosi\u00f3n, seguida por un gigantesco hongo de humo y polvo, destruy\u00f3 85 vidas, 85 historias, 85 familias.\u00a0En cuesti\u00f3n de segundos arras\u00f3 con la sede de la organizaci\u00f3n jud\u00eda m\u00e1s emblem\u00e1tica de la Argentina y todo lo [&hellip;]<\/p>\n","protected":false},"author":32,"featured_media":31933,"comment_status":"open","ping_status":"closed","template":"","meta":{"_et_pb_use_builder":"on","_et_pb_old_content":"","_et_gb_content_width":"","jetpack_post_was_ever_published":false,"footnotes":""},"project_category":[18],"project_tag":[],"class_list":["post-31932","project","type-project","status-publish","has-post-thumbnail","hentry","project_category-18"],"jetpack_sharing_enabled":true,"_links":{"self":[{"href":"https:\/\/www.comisionporlamemoria.org\/museo\/wp-json\/wp\/v2\/project\/31932","targetHints":{"allow":["GET"]}}],"collection":[{"href":"https:\/\/www.comisionporlamemoria.org\/museo\/wp-json\/wp\/v2\/project"}],"about":[{"href":"https:\/\/www.comisionporlamemoria.org\/museo\/wp-json\/wp\/v2\/types\/project"}],"author":[{"embeddable":true,"href":"https:\/\/www.comisionporlamemoria.org\/museo\/wp-json\/wp\/v2\/users\/32"}],"replies":[{"embeddable":true,"href":"https:\/\/www.comisionporlamemoria.org\/museo\/wp-json\/wp\/v2\/comments?post=31932"}],"version-history":[{"count":0,"href":"https:\/\/www.comisionporlamemoria.org\/museo\/wp-json\/wp\/v2\/project\/31932\/revisions"}],"wp:featuredmedia":[{"embeddable":true,"href":"https:\/\/www.comisionporlamemoria.org\/museo\/wp-json\/wp\/v2\/media\/31933"}],"wp:attachment":[{"href":"https:\/\/www.comisionporlamemoria.org\/museo\/wp-json\/wp\/v2\/media?parent=31932"}],"wp:term":[{"taxonomy":"project_category","embeddable":true,"href":"https:\/\/www.comisionporlamemoria.org\/museo\/wp-json\/wp\/v2\/project_category?post=31932"},{"taxonomy":"project_tag","embeddable":true,"href":"https:\/\/www.comisionporlamemoria.org\/museo\/wp-json\/wp\/v2\/project_tag?post=31932"}],"curies":[{"name":"wp","href":"https:\/\/api.w.org\/{rel}","templated":true}]}}

<p>[et_pb_section fb_built=»1&#8243; custom_padding=»0px||0px|» admin_label=»section» _builder_version=»3.0.47&#8243; background_image=»https://www.comisionporlamemoria.org/museo-nuevo/wp-content/uploads/sites/18/2017/01/COLOURlovers.com-Thin_lines_2.png»][et_pb_row custom_padding=»0px||0px|» custom_margin=»0px||0px|» admin_label=»row» _builder_version=»3.0.47&#8243; background_size=»initial» background_position=»top_left» background_repeat=»repeat»][et_pb_column type=»1_2&#8243; _builder_version=»3.0.47&#8243; parallax=»off» parallax_method=»on»][et_pb_post_title meta=»off» featured_image=»off» text_color=»light» module_bg_color=»#424242&#8243; _builder_version=»3.0.47&#8243; title_font=»|on||on|» custom_margin=»70px||0px|» custom_padding=»13px||0px|13px»][/et_pb_post_title][/et_pb_column][et_pb_column type=»1_2&#8243; _builder_version=»3.0.47&#8243; parallax=»off» parallax_method=»on»][/et_pb_column][/et_pb_row][/et_pb_section][et_pb_section fb_built=»1&#8243; custom_padding=»30px||30px|» _builder_version=»3.0.47&#8243;][et_pb_row custom_padding=»0px||0px|20px» background_color=»#00cf9c» parallax_method_1=»off» parallax_method_2=»off» _builder_version=»3.0.47&#8243; background_size=»initial» background_position=»top_left» background_repeat=»repeat»][et_pb_column type=»2_3&#8243; _builder_version=»3.0.47&#8243; parallax=»off» parallax_method=»off»][et_pb_text text_orientation=»justified» _builder_version=»3.0.67&#8243; text_font_size=»16&#8243; text_text_color=»#ffffff» custom_margin=»20px||20px|» custom_padding=»0px||0px|»]</p>
<p><strong>Julio &#8211; Agosto 2008</strong></p>
<p>Instalación de Marga Steinwasser.</p>
<p>Pasteur 633. 18 de julio de 1994. 9:53 hs.<br />
Una fuerte explosión, seguida por un gigantesco hongo de humo y polvo, destruyó 85 vidas, 85 historias, 85 familias. En cuestión de segundos arrasó con la sede de la organización judía más emblemática de la Argentina y todo lo que estaba a su alrededor.<br />
85 víctimas fatales. Más de 300 heridos. Un edificio con la historia judía de la Argentina destruido. Una herida abierta que hasta el día de hoy no cierra.<br />
Dice la artista de su obra: Mi trabajo gira en torno al señalamiento de realidades sociales totalmente visibles, pero que por distintos motivos -indiferencia, desidia , quizás dolor&#8230;- corren peligro de tornarse invisibles y así formar parte del paisaje cotidiano de nuestro país. Abordo esta temática a través de distintos lenguajes tales como instalaciones, intervenciones urbanas, grabados y trabajo de campo.”</p>
<p>[/et_pb_text][/et_pb_column][et_pb_column type=»1_3&#8243; _builder_version=»3.0.47&#8243; parallax=»off» parallax_method=»off»][et_pb_image src=»https://www.comisionporlamemoria.org/museo-nuevo/wp-content/uploads/sites/18/2017/08/85-ausencias.jpg» animation=»off» align=»center» force_fullwidth=»on» _builder_version=»3.0.67&#8243;][/et_pb_image][et_pb_image src=»https://www.comisionporlamemoria.org/museo-nuevo/wp-content/uploads/sites/18/2017/08/85-ausencias-1.jpg» animation=»off» align=»center» force_fullwidth=»on» _builder_version=»3.0.67&#8243;][/et_pb_image][/et_pb_column][/et_pb_row][/et_pb_section][et_pb_section fb_built=»1&#8243; custom_padding=»0px||0px|» _builder_version=»3.0.47&#8243;][et_pb_row custom_padding=»0px||0px|» custom_margin=»0px||0px|» parallax_method_1=»off» _builder_version=»3.0.47&#8243; background_size=»initial» background_position=»top_left» background_repeat=»repeat»][et_pb_column type=»4_4&#8243; _builder_version=»3.0.47&#8243; parallax=»off» parallax_method=»off»][et_pb_divider color=»#00cf9c» show_divider=»on» divider_style=»solid» divider_position=»center» _builder_version=»3.0.47&#8243;][/et_pb_divider][/et_pb_column][/et_pb_row][/et_pb_section]</p>

<p>Julio &#8211; Agosto 2008 Instalación de Marga Steinwasser. Pasteur 633. 18 de julio de 1994. 9:53 hs. Una fuerte explosión, seguida por un gigantesco hongo de humo y polvo, destruyó 85 vidas, 85 historias, 85 familias. En cuestión de segundos arrasó con la sede de la organización judía más emblemática de la Argentina y todo lo [&hellip;]</p>
