{"id":32117,"date":"2017-08-16T12:07:15","date_gmt":"2017-08-16T12:07:15","guid":{"rendered":"http:\/\/www.comisionporlamemoria.org\/museo-nuevo\/?post_type=project&#038;p=32117"},"modified":"2017-08-16T12:14:04","modified_gmt":"2017-08-16T12:14:04","slug":"inundacion-y-despues","status":"publish","type":"project","link":"https:\/\/www.comisionporlamemoria.org\/museo\/project\/inundacion-y-despues\/","title":{"rendered":"\u00a0INUNDACI\u00d3N Y DESPU\u00c9S\u2026"},"content":{"rendered":"<p>[et_pb_section fb_built=\u00bb1&#8243; custom_padding=\u00bb0px||0px|\u00bb admin_label=\u00bbsection\u00bb _builder_version=\u00bb3.0.47&#8243; background_image=\u00bbhttps:\/\/www.comisionporlamemoria.org\/museo-nuevo\/wp-content\/uploads\/sites\/18\/2017\/01\/COLOURlovers.com-Thin_lines_2.png\u00bb][et_pb_row custom_padding=\u00bb0px||0px|\u00bb custom_margin=\u00bb0px||0px|\u00bb admin_label=\u00bbrow\u00bb _builder_version=\u00bb3.0.47&#8243; background_size=\u00bbinitial\u00bb background_position=\u00bbtop_left\u00bb background_repeat=\u00bbrepeat\u00bb][et_pb_column type=\u00bb1_2&#8243; _builder_version=\u00bb3.0.47&#8243; parallax=\u00bboff\u00bb parallax_method=\u00bbon\u00bb][et_pb_post_title meta=\u00bboff\u00bb featured_image=\u00bboff\u00bb text_color=\u00bblight\u00bb module_bg_color=\u00bb#424242&#8243; _builder_version=\u00bb3.0.47&#8243; title_font=\u00bb|on||on|\u00bb custom_margin=\u00bb70px||0px|\u00bb custom_padding=\u00bb13px||0px|13px\u00bb][\/et_pb_post_title][\/et_pb_column][et_pb_column type=\u00bb1_2&#8243; _builder_version=\u00bb3.0.47&#8243; parallax=\u00bboff\u00bb parallax_method=\u00bbon\u00bb][\/et_pb_column][\/et_pb_row][\/et_pb_section][et_pb_section fb_built=\u00bb1&#8243; custom_padding=\u00bb30px||30px|\u00bb _builder_version=\u00bb3.0.47&#8243;][et_pb_row custom_padding=\u00bb0px||0px|20px\u00bb background_color=\u00bb#00cf9c\u00bb parallax_method_1=\u00bboff\u00bb parallax_method_2=\u00bboff\u00bb _builder_version=\u00bb3.0.47&#8243; background_size=\u00bbinitial\u00bb background_position=\u00bbtop_left\u00bb background_repeat=\u00bbrepeat\u00bb][et_pb_column type=\u00bb2_3&#8243; _builder_version=\u00bb3.0.47&#8243; parallax=\u00bboff\u00bb parallax_method=\u00bboff\u00bb][et_pb_text text_orientation=\u00bbjustified\u00bb _builder_version=\u00bb3.0.67&#8243; text_font_size=\u00bb16&#8243; text_text_color=\u00bb#ffffff\u00bb background_size=\u00bbinitial\u00bb background_position=\u00bbtop_left\u00bb background_repeat=\u00bbrepeat\u00bb custom_margin=\u00bb20px||20px|\u00bb custom_padding=\u00bb0px||0px|\u00bb]<\/p>\n<p><strong>Abril &#8211; Mayo 2014<\/strong><\/p>\n<p>Una muestra que reflexiona sobre la tragedia de la inundaci\u00f3n del 2 de abril de 2013 en la ciudad de La Plata. En torno al tema varios colectivos art\u00edsticos, editoriales, reporteros gr\u00e1ficos, artistas pl\u00e1sticos, organizaciones sociales e instituciones fueron quienes armaron junto al equipo de la CPM los recorridos de esta muestra que se fue construyendo tambi\u00e9n con aportes de los vecinos de la ciudad que enviaron sus miradas, recuerdos y relatos. Una pluralidad que intent\u00f3 construir memorias\u00a0 y preguntas sobre lo sucedido.<\/p>\n<p>&nbsp;<\/p>\n<p>[\/et_pb_text][\/et_pb_column][et_pb_column type=\u00bb1_3&#8243; _builder_version=\u00bb3.0.47&#8243; parallax=\u00bboff\u00bb parallax_method=\u00bboff\u00bb][et_pb_image src=\u00bbhttps:\/\/www.comisionporlamemoria.org\/museo-nuevo\/wp-content\/uploads\/sites\/18\/2017\/08\/inundaci\u00f3n_y_despu\u00e9s.jpg\u00bb animation=\u00bboff\u00bb align=\u00bbcenter\u00bb force_fullwidth=\u00bbon\u00bb _builder_version=\u00bb3.0.67&#8243; custom_margin=\u00bb10px|||\u00bb][\/et_pb_image][\/et_pb_column][\/et_pb_row][\/et_pb_section][et_pb_section fb_built=\u00bb1&#8243; custom_padding=\u00bb0px|0px|0px|0px\u00bb _builder_version=\u00bb3.0.67&#8243; background_image=\u00bbhttps:\/\/www.comisionporlamemoria.org\/museo-nuevo\/wp-content\/uploads\/sites\/18\/2017\/01\/COLOURlovers.com-Thin_lines_2.png\u00bb][et_pb_row _builder_version=\u00bb3.0.47&#8243; background_size=\u00bbinitial\u00bb background_position=\u00bbtop_left\u00bb background_repeat=\u00bbrepeat\u00bb][et_pb_column type=\u00bb4_4&#8243; _builder_version=\u00bb3.0.47&#8243; parallax=\u00bboff\u00bb parallax_method=\u00bbon\u00bb][et_pb_image src=\u00bbhttps:\/\/www.comisionporlamemoria.org\/museo-nuevo\/wp-content\/uploads\/sites\/18\/2017\/08\/bg_inundaci\u00f3n_y_despu\u00e9s.jpg\u00bb _builder_version=\u00bb3.0.67&#8243;][\/et_pb_image][\/et_pb_column][\/et_pb_row][\/et_pb_section][et_pb_section fb_built=\u00bb1&#8243; custom_padding=\u00bb0px||0px|\u00bb _builder_version=\u00bb3.0.47&#8243;][et_pb_row custom_padding=\u00bb0px||0px|\u00bb custom_margin=\u00bb0px||0px|\u00bb parallax_method_1=\u00bboff\u00bb _builder_version=\u00bb3.0.47&#8243; background_size=\u00bbinitial\u00bb background_position=\u00bbtop_left\u00bb background_repeat=\u00bbrepeat\u00bb][et_pb_column type=\u00bb4_4&#8243; _builder_version=\u00bb3.0.47&#8243; parallax=\u00bboff\u00bb parallax_method=\u00bboff\u00bb][et_pb_divider color=\u00bb#00cf9c\u00bb show_divider=\u00bbon\u00bb divider_style=\u00bbsolid\u00bb divider_position=\u00bbcenter\u00bb _builder_version=\u00bb3.0.47&#8243;][\/et_pb_divider][\/et_pb_column][\/et_pb_row][\/et_pb_section]<\/p>\n","protected":false},"excerpt":{"rendered":"<p>Abril &#8211; Mayo 2014 Una muestra que reflexiona sobre la tragedia de la inundaci\u00f3n del 2 de abril de 2013 en la ciudad de La Plata. En torno al tema varios colectivos art\u00edsticos, editoriales, reporteros gr\u00e1ficos, artistas pl\u00e1sticos, organizaciones sociales e instituciones fueron quienes armaron junto al equipo de la CPM los recorridos de esta [&hellip;]<\/p>\n","protected":false},"author":32,"featured_media":32118,"comment_status":"open","ping_status":"closed","template":"","meta":{"_et_pb_use_builder":"on","_et_pb_old_content":"","_et_gb_content_width":"","jetpack_post_was_ever_published":false,"footnotes":""},"project_category":[24],"project_tag":[],"class_list":["post-32117","project","type-project","status-publish","has-post-thumbnail","hentry","project_category-24"],"jetpack_sharing_enabled":true,"_links":{"self":[{"href":"https:\/\/www.comisionporlamemoria.org\/museo\/wp-json\/wp\/v2\/project\/32117","targetHints":{"allow":["GET"]}}],"collection":[{"href":"https:\/\/www.comisionporlamemoria.org\/museo\/wp-json\/wp\/v2\/project"}],"about":[{"href":"https:\/\/www.comisionporlamemoria.org\/museo\/wp-json\/wp\/v2\/types\/project"}],"author":[{"embeddable":true,"href":"https:\/\/www.comisionporlamemoria.org\/museo\/wp-json\/wp\/v2\/users\/32"}],"replies":[{"embeddable":true,"href":"https:\/\/www.comisionporlamemoria.org\/museo\/wp-json\/wp\/v2\/comments?post=32117"}],"version-history":[{"count":0,"href":"https:\/\/www.comisionporlamemoria.org\/museo\/wp-json\/wp\/v2\/project\/32117\/revisions"}],"wp:featuredmedia":[{"embeddable":true,"href":"https:\/\/www.comisionporlamemoria.org\/museo\/wp-json\/wp\/v2\/media\/32118"}],"wp:attachment":[{"href":"https:\/\/www.comisionporlamemoria.org\/museo\/wp-json\/wp\/v2\/media?parent=32117"}],"wp:term":[{"taxonomy":"project_category","embeddable":true,"href":"https:\/\/www.comisionporlamemoria.org\/museo\/wp-json\/wp\/v2\/project_category?post=32117"},{"taxonomy":"project_tag","embeddable":true,"href":"https:\/\/www.comisionporlamemoria.org\/museo\/wp-json\/wp\/v2\/project_tag?post=32117"}],"curies":[{"name":"wp","href":"https:\/\/api.w.org\/{rel}","templated":true}]}}

INUNDACIÓN Y DESPUÉS…

<p>[et_pb_section fb_built=»1&#8243; custom_padding=»0px||0px|» admin_label=»section» _builder_version=»3.0.47&#8243; background_image=»https://www.comisionporlamemoria.org/museo-nuevo/wp-content/uploads/sites/18/2017/01/COLOURlovers.com-Thin_lines_2.png»][et_pb_row custom_padding=»0px||0px|» custom_margin=»0px||0px|» admin_label=»row» _builder_version=»3.0.47&#8243; background_size=»initial» background_position=»top_left» background_repeat=»repeat»][et_pb_column type=»1_2&#8243; _builder_version=»3.0.47&#8243; parallax=»off» parallax_method=»on»][et_pb_post_title meta=»off» featured_image=»off» text_color=»light» module_bg_color=»#424242&#8243; _builder_version=»3.0.47&#8243; title_font=»|on||on|» custom_margin=»70px||0px|» custom_padding=»13px||0px|13px»][/et_pb_post_title][/et_pb_column][et_pb_column type=»1_2&#8243; _builder_version=»3.0.47&#8243; parallax=»off» parallax_method=»on»][/et_pb_column][/et_pb_row][/et_pb_section][et_pb_section fb_built=»1&#8243; custom_padding=»30px||30px|» _builder_version=»3.0.47&#8243;][et_pb_row custom_padding=»0px||0px|20px» background_color=»#00cf9c» parallax_method_1=»off» parallax_method_2=»off» _builder_version=»3.0.47&#8243; background_size=»initial» background_position=»top_left» background_repeat=»repeat»][et_pb_column type=»2_3&#8243; _builder_version=»3.0.47&#8243; parallax=»off» parallax_method=»off»][et_pb_text text_orientation=»justified» _builder_version=»3.0.67&#8243; text_font_size=»16&#8243; text_text_color=»#ffffff» background_size=»initial» background_position=»top_left» background_repeat=»repeat» custom_margin=»20px||20px|» custom_padding=»0px||0px|»]</p>
<p><strong>Abril &#8211; Mayo 2014</strong></p>
<p>Una muestra que reflexiona sobre la tragedia de la inundación del 2 de abril de 2013 en la ciudad de La Plata. En torno al tema varios colectivos artísticos, editoriales, reporteros gráficos, artistas plásticos, organizaciones sociales e instituciones fueron quienes armaron junto al equipo de la CPM los recorridos de esta muestra que se fue construyendo también con aportes de los vecinos de la ciudad que enviaron sus miradas, recuerdos y relatos. Una pluralidad que intentó construir memorias  y preguntas sobre lo sucedido.</p>
<p>&nbsp;</p>
<p>[/et_pb_text][/et_pb_column][et_pb_column type=»1_3&#8243; _builder_version=»3.0.47&#8243; parallax=»off» parallax_method=»off»][et_pb_image src=»https://www.comisionporlamemoria.org/museo-nuevo/wp-content/uploads/sites/18/2017/08/inundación_y_después.jpg» animation=»off» align=»center» force_fullwidth=»on» _builder_version=»3.0.67&#8243; custom_margin=»10px|||»][/et_pb_image][/et_pb_column][/et_pb_row][/et_pb_section][et_pb_section fb_built=»1&#8243; custom_padding=»0px|0px|0px|0px» _builder_version=»3.0.67&#8243; background_image=»https://www.comisionporlamemoria.org/museo-nuevo/wp-content/uploads/sites/18/2017/01/COLOURlovers.com-Thin_lines_2.png»][et_pb_row _builder_version=»3.0.47&#8243; background_size=»initial» background_position=»top_left» background_repeat=»repeat»][et_pb_column type=»4_4&#8243; _builder_version=»3.0.47&#8243; parallax=»off» parallax_method=»on»][et_pb_image src=»https://www.comisionporlamemoria.org/museo-nuevo/wp-content/uploads/sites/18/2017/08/bg_inundación_y_después.jpg» _builder_version=»3.0.67&#8243;][/et_pb_image][/et_pb_column][/et_pb_row][/et_pb_section][et_pb_section fb_built=»1&#8243; custom_padding=»0px||0px|» _builder_version=»3.0.47&#8243;][et_pb_row custom_padding=»0px||0px|» custom_margin=»0px||0px|» parallax_method_1=»off» _builder_version=»3.0.47&#8243; background_size=»initial» background_position=»top_left» background_repeat=»repeat»][et_pb_column type=»4_4&#8243; _builder_version=»3.0.47&#8243; parallax=»off» parallax_method=»off»][et_pb_divider color=»#00cf9c» show_divider=»on» divider_style=»solid» divider_position=»center» _builder_version=»3.0.47&#8243;][/et_pb_divider][/et_pb_column][/et_pb_row][/et_pb_section]</p>

<p>Abril &#8211; Mayo 2014 Una muestra que reflexiona sobre la tragedia de la inundación del 2 de abril de 2013 en la ciudad de La Plata. En torno al tema varios colectivos artísticos, editoriales, reporteros gráficos, artistas plásticos, organizaciones sociales e instituciones fueron quienes armaron junto al equipo de la CPM los recorridos de esta [&hellip;]</p>
