{"id":49461,"date":"2025-05-12T17:49:40","date_gmt":"2025-05-12T17:49:40","guid":{"rendered":"https:\/\/www.comisionporlamemoria.org\/museo\/?post_type=project&#038;p=49461"},"modified":"2025-06-26T16:43:10","modified_gmt":"2025-06-26T16:43:10","slug":"adelina","status":"publish","type":"project","link":"https:\/\/www.comisionporlamemoria.org\/museo\/project\/adelina\/","title":{"rendered":"Adelina Dematti de Alaye"},"content":{"rendered":"<p>[et_pb_section fb_built=\u00bb1&#8243; _builder_version=\u00bb4.27.4&#8243; _module_preset=\u00bbdefault\u00bb custom_margin=\u00bb|0px||0px|false|false\u00bb custom_padding=\u00bb0px|5%|0px|5%|false|false\u00bb global_colors_info=\u00bb{}\u00bb][et_pb_row _builder_version=\u00bb4.27.4&#8243; _module_preset=\u00bbdefault\u00bb background_color=\u00bb#dfb758&#8243; width=\u00bb90%\u00bb max_width=\u00bb1280px\u00bb global_colors_info=\u00bb{}\u00bb][et_pb_column type=\u00bb4_4&#8243; _builder_version=\u00bb4.27.4&#8243; _module_preset=\u00bbdefault\u00bb global_colors_info=\u00bb{}\u00bb][et_pb_post_title meta=\u00bboff\u00bb featured_image=\u00bboff\u00bb _builder_version=\u00bb4.27.4&#8243; _module_preset=\u00bbdefault\u00bb title_text_align=\u00bbcenter\u00bb title_text_color=\u00bb#d00054&#8243; global_colors_info=\u00bb{}\u00bb][\/et_pb_post_title][et_pb_audio audio=\u00bbhttps:\/\/www.comisionporlamemoria.org\/museo\/wp-content\/uploads\/sites\/18\/2025\/03\/1-Alaye.mp3&#8243; disabled_on=\u00bboff|on|on\u00bb _builder_version=\u00bb4.27.4&#8243; _module_preset=\u00bbdefault\u00bb background_color=\u00bb#DFB758&#8243; custom_margin=\u00bb0px||0px||false|false\u00bb custom_padding=\u00bb||||false|false\u00bb locked=\u00bboff\u00bb global_colors_info=\u00bb{}\u00bb][\/et_pb_audio][\/et_pb_column][\/et_pb_row][et_pb_row column_structure=\u00bb1_3,2_3&#8243; make_equal=\u00bbon\u00bb _builder_version=\u00bb4.27.4&#8243; _module_preset=\u00bbdefault\u00bb background_enable_pattern_style=\u00bbon\u00bb background_pattern_style=\u00bbdiagonal-stripes-2&#8243; background_pattern_color=\u00bbrgba(0,0,0,0.1)\u00bb max_width=\u00bb1280px\u00bb global_colors_info=\u00bb{}\u00bb][et_pb_column type=\u00bb1_3&#8243; _builder_version=\u00bb4.27.4&#8243; _module_preset=\u00bbdefault\u00bb global_colors_info=\u00bb{}\u00bb][et_pb_image src=\u00bbhttps:\/\/www.comisionporlamemoria.org\/museo\/wp-content\/uploads\/sites\/18\/2025\/05\/1.jpg\u00bb title_text=\u00bb1&#8243; align=\u00bbcenter\u00bb _builder_version=\u00bb4.27.4&#8243; _module_preset=\u00bbdefault\u00bb global_colors_info=\u00bb{}\u00bb][\/et_pb_image][\/et_pb_column][et_pb_column type=\u00bb2_3&#8243; _builder_version=\u00bb4.27.4&#8243; _module_preset=\u00bbdefault\u00bb global_colors_info=\u00bb{}\u00bb][et_pb_tabs _builder_version=\u00bb4.27.4&#8243; _module_preset=\u00bbdefault\u00bb hover_enabled=\u00bb0&#8243; global_colors_info=\u00bb{}\u00bb custom_margin=\u00bb|2%|||false|false\u00bb sticky_enabled=\u00bb0&#8243;][et_pb_tab title=\u00bbESPA\u00d1OL\u00bb _builder_version=\u00bb4.27.4&#8243; _module_preset=\u00bbdefault\u00bb global_colors_info=\u00bb{}\u00bb]<\/p>\n<p style=\"text-align: justify;\"><span style=\"font-weight: 400;\">Adelina Ethel Dematti de Alaye\u00a0 naci\u00f3 en Chivilcoy el 5 de junio de 1927. Se recibi\u00f3 de maestra jardinera y ejerci\u00f3 la docencia en numerosos lugares de la provincia de Buenos Aires. Fue directora e inspectora. En 1952 se cas\u00f3 con Luis Mar\u00eda Alaye, con quien tuvo dos hijos,\u00a0 Carlos Esteban y Mar\u00eda del Carmen. <\/span><span style=\"font-weight: 400;\">La familia vivi\u00f3 en Azul hasta fines de los a\u00f1os 60.<\/span><\/p>\n<p style=\"text-align: justify;\"><span style=\"font-weight: 400;\">Cuando lo secuestran a su hijo Carlos Esteban el 5 de mayo de 1977, Adelina ten\u00eda 50 a\u00f1os.\u00a0<\/span><\/p>\n<p style=\"text-align: justify;\"><span style=\"font-weight: 400;\">Se integr\u00f3 muy tempranamente a las Madres de Plaza de Mayo y fue fundadora de la organizaci\u00f3n Madres de Plaza de Mayo de La Plata. Particip\u00f3 activamente en otras organizaciones de derechos humanos como la Asamblea permanente por los derechos humanos (APDH), y la Comisi\u00f3n por la Memoria (CPM) entre otras. Fue declarada ciudadana ilustre de Chivilcoy, de La Plata y de la Provincia de Buenos Aires.<\/span><\/p>\n<p style=\"text-align: justify;\"><span style=\"font-weight: 400;\">Se caracteriz\u00f3 por registrar minuciosamente con su c\u00e1mara fotogr\u00e1fica todas las actividades de las cuales participaba.\u00a0<\/span><\/p>\n<p style=\"text-align: justify;\"><span style=\"font-weight: 400;\">Adelina muri\u00f3 en La Plata el 24 de mayo de 2016.<\/span><\/p>\n<p>[\/et_pb_tab][et_pb_tab title=\u00bbENGLISH\u00bb _builder_version=\u00bb4.27.4&#8243; _module_preset=\u00bbdefault\u00bb global_colors_info=\u00bb{}\u00bb]<\/p>\n<p><span style=\"font-weight: 400;\">Adelina Ethel Dematti de Alaye was born in Chivilcoy on June 5, 1927. She trained as a kindergarten teacher and practiced teaching in numerous locations throughout the province of Buenos Aires. She was a director and inspector. In 1952, she married Luis Mar\u00eda Alaye, with whom she had two children, Carlos Esteban and Mar\u00eda del Carmen. The family lived in Azul until the late 1960s.<\/span><\/p>\n<p><span style=\"font-weight: 400;\">When her son Carlos Esteban was kidnapped on May 5, 1977, Adelina was 50 years old.<\/span><\/p>\n<p><span style=\"font-weight: 400;\">She became involved very early with the Mothers of Plaza de Mayo and was a founder of the organization Mothers of Plaza de Mayo of La Plata. She also actively participated in other human rights organizations such as the Permanent Assembly for Human Rights (APDH) and the Memory Commission (CPM), among others. She was declared an illustrious citizen of Chivilcoy, La Plata, and the Province of Buenos Aires.<\/span><\/p>\n<p><span style=\"font-weight: 400;\">She was known for meticulously recording all the activities she participated in with her camera.<\/span><\/p>\n<p><span style=\"font-weight: 400;\">Adelina died in La Plata on May 24, 2016.<\/span><\/p>\n<p>[\/et_pb_tab][\/et_pb_tabs][\/et_pb_column][\/et_pb_row][et_pb_row disabled_on=\u00bbon|off|off\u00bb _builder_version=\u00bb4.27.4&#8243; _module_preset=\u00bbdefault\u00bb max_width=\u00bb1280px\u00bb custom_padding=\u00bb0px||||false|false\u00bb global_colors_info=\u00bb{}\u00bb][et_pb_column type=\u00bb4_4&#8243; _builder_version=\u00bb4.27.4&#8243; _module_preset=\u00bbdefault\u00bb global_colors_info=\u00bb{}\u00bb][et_pb_audio audio=\u00bbhttps:\/\/www.comisionporlamemoria.org\/museo\/wp-content\/uploads\/sites\/18\/2025\/03\/1-Alaye.mp3&#8243; _builder_version=\u00bb4.27.4&#8243; _module_preset=\u00bbdefault\u00bb background_color=\u00bb#DFB758&#8243; custom_margin=\u00bb0px||0px||false|false\u00bb custom_padding=\u00bb||||false|false\u00bb locked=\u00bboff\u00bb global_colors_info=\u00bb{}\u00bb][\/et_pb_audio][\/et_pb_column][\/et_pb_row][\/et_pb_section]<\/p>\n","protected":false},"excerpt":{"rendered":"<p>Adelina Ethel Dematti de Alaye\u00a0 naci\u00f3 en Chivilcoy el 5 de junio de 1927. Se recibi\u00f3 de maestra jardinera y ejerci\u00f3 la docencia en numerosos lugares de la provincia de Buenos Aires. Fue directora e inspectora. En 1952 se cas\u00f3 con Luis Mar\u00eda Alaye, con quien tuvo dos hijos,\u00a0 Carlos Esteban y Mar\u00eda del Carmen. [&hellip;]<\/p>\n","protected":false},"author":40,"featured_media":0,"comment_status":"open","ping_status":"closed","template":"","meta":{"_et_pb_use_builder":"on","_et_pb_old_content":"","_et_gb_content_width":"","jetpack_post_was_ever_published":false,"footnotes":""},"project_category":[],"project_tag":[],"class_list":["post-49461","project","type-project","status-publish","hentry"],"jetpack_sharing_enabled":true,"_links":{"self":[{"href":"https:\/\/www.comisionporlamemoria.org\/museo\/wp-json\/wp\/v2\/project\/49461","targetHints":{"allow":["GET"]}}],"collection":[{"href":"https:\/\/www.comisionporlamemoria.org\/museo\/wp-json\/wp\/v2\/project"}],"about":[{"href":"https:\/\/www.comisionporlamemoria.org\/museo\/wp-json\/wp\/v2\/types\/project"}],"author":[{"embeddable":true,"href":"https:\/\/www.comisionporlamemoria.org\/museo\/wp-json\/wp\/v2\/users\/40"}],"replies":[{"embeddable":true,"href":"https:\/\/www.comisionporlamemoria.org\/museo\/wp-json\/wp\/v2\/comments?post=49461"}],"version-history":[{"count":0,"href":"https:\/\/www.comisionporlamemoria.org\/museo\/wp-json\/wp\/v2\/project\/49461\/revisions"}],"wp:attachment":[{"href":"https:\/\/www.comisionporlamemoria.org\/museo\/wp-json\/wp\/v2\/media?parent=49461"}],"wp:term":[{"taxonomy":"project_category","embeddable":true,"href":"https:\/\/www.comisionporlamemoria.org\/museo\/wp-json\/wp\/v2\/project_category?post=49461"},{"taxonomy":"project_tag","embeddable":true,"href":"https:\/\/www.comisionporlamemoria.org\/museo\/wp-json\/wp\/v2\/project_tag?post=49461"}],"curies":[{"name":"wp","href":"https:\/\/api.w.org\/{rel}","templated":true}]}}

<p>[et_pb_section fb_built=»1&#8243; _builder_version=»4.27.4&#8243; _module_preset=»default» custom_margin=»|0px||0px|false|false» custom_padding=»0px|5%|0px|5%|false|false» global_colors_info=»{}»][et_pb_row _builder_version=»4.27.4&#8243; _module_preset=»default» background_color=»#dfb758&#8243; width=»90%» max_width=»1280px» global_colors_info=»{}»][et_pb_column type=»4_4&#8243; _builder_version=»4.27.4&#8243; _module_preset=»default» global_colors_info=»{}»][et_pb_post_title meta=»off» featured_image=»off» _builder_version=»4.27.4&#8243; _module_preset=»default» title_text_align=»center» title_text_color=»#d00054&#8243; global_colors_info=»{}»][/et_pb_post_title][et_pb_audio audio=»https://www.comisionporlamemoria.org/museo/wp-content/uploads/sites/18/2025/03/1-Alaye.mp3&#8243; disabled_on=»off|on|on» _builder_version=»4.27.4&#8243; _module_preset=»default» background_color=»#DFB758&#8243; custom_margin=»0px||0px||false|false» custom_padding=»||||false|false» locked=»off» global_colors_info=»{}»][/et_pb_audio][/et_pb_column][/et_pb_row][et_pb_row column_structure=»1_3,2_3&#8243; make_equal=»on» _builder_version=»4.27.4&#8243; _module_preset=»default» background_enable_pattern_style=»on» background_pattern_style=»diagonal-stripes-2&#8243; background_pattern_color=»rgba(0,0,0,0.1)» max_width=»1280px» global_colors_info=»{}»][et_pb_column type=»1_3&#8243; _builder_version=»4.27.4&#8243; _module_preset=»default» global_colors_info=»{}»][et_pb_image src=»https://www.comisionporlamemoria.org/museo/wp-content/uploads/sites/18/2025/05/1.jpg» title_text=»1&#8243; align=»center» _builder_version=»4.27.4&#8243; _module_preset=»default» global_colors_info=»{}»][/et_pb_image][/et_pb_column][et_pb_column type=»2_3&#8243; _builder_version=»4.27.4&#8243; _module_preset=»default» global_colors_info=»{}»][et_pb_tabs _builder_version=»4.27.4&#8243; _module_preset=»default» hover_enabled=»0&#8243; global_colors_info=»{}» custom_margin=»|2%|||false|false» sticky_enabled=»0&#8243;][et_pb_tab title=»ESPAÑOL» _builder_version=»4.27.4&#8243; _module_preset=»default» global_colors_info=»{}»]</p>
<p style="text-align: justify;"><span style="font-weight: 400;">Adelina Ethel Dematti de Alaye  nació en Chivilcoy el 5 de junio de 1927. Se recibió de maestra jardinera y ejerció la docencia en numerosos lugares de la provincia de Buenos Aires. Fue directora e inspectora. En 1952 se casó con Luis María Alaye, con quien tuvo dos hijos,  Carlos Esteban y María del Carmen. </span><span style="font-weight: 400;">La familia vivió en Azul hasta fines de los años 60.</span></p>
<p style="text-align: justify;"><span style="font-weight: 400;">Cuando lo secuestran a su hijo Carlos Esteban el 5 de mayo de 1977, Adelina tenía 50 años. </span></p>
<p style="text-align: justify;"><span style="font-weight: 400;">Se integró muy tempranamente a las Madres de Plaza de Mayo y fue fundadora de la organización Madres de Plaza de Mayo de La Plata. Participó activamente en otras organizaciones de derechos humanos como la Asamblea permanente por los derechos humanos (APDH), y la Comisión por la Memoria (CPM) entre otras. Fue declarada ciudadana ilustre de Chivilcoy, de La Plata y de la Provincia de Buenos Aires.</span></p>
<p style="text-align: justify;"><span style="font-weight: 400;">Se caracterizó por registrar minuciosamente con su cámara fotográfica todas las actividades de las cuales participaba. </span></p>
<p style="text-align: justify;"><span style="font-weight: 400;">Adelina murió en La Plata el 24 de mayo de 2016.</span></p>
<p>[/et_pb_tab][et_pb_tab title=»ENGLISH» _builder_version=»4.27.4&#8243; _module_preset=»default» global_colors_info=»{}»]</p>
<p><span style="font-weight: 400;">Adelina Ethel Dematti de Alaye was born in Chivilcoy on June 5, 1927. She trained as a kindergarten teacher and practiced teaching in numerous locations throughout the province of Buenos Aires. She was a director and inspector. In 1952, she married Luis María Alaye, with whom she had two children, Carlos Esteban and María del Carmen. The family lived in Azul until the late 1960s.</span></p>
<p><span style="font-weight: 400;">When her son Carlos Esteban was kidnapped on May 5, 1977, Adelina was 50 years old.</span></p>
<p><span style="font-weight: 400;">She became involved very early with the Mothers of Plaza de Mayo and was a founder of the organization Mothers of Plaza de Mayo of La Plata. She also actively participated in other human rights organizations such as the Permanent Assembly for Human Rights (APDH) and the Memory Commission (CPM), among others. She was declared an illustrious citizen of Chivilcoy, La Plata, and the Province of Buenos Aires.</span></p>
<p><span style="font-weight: 400;">She was known for meticulously recording all the activities she participated in with her camera.</span></p>
<p><span style="font-weight: 400;">Adelina died in La Plata on May 24, 2016.</span></p>
<p>[/et_pb_tab][/et_pb_tabs][/et_pb_column][/et_pb_row][et_pb_row disabled_on=»on|off|off» _builder_version=»4.27.4&#8243; _module_preset=»default» max_width=»1280px» custom_padding=»0px||||false|false» global_colors_info=»{}»][et_pb_column type=»4_4&#8243; _builder_version=»4.27.4&#8243; _module_preset=»default» global_colors_info=»{}»][et_pb_audio audio=»https://www.comisionporlamemoria.org/museo/wp-content/uploads/sites/18/2025/03/1-Alaye.mp3&#8243; _builder_version=»4.27.4&#8243; _module_preset=»default» background_color=»#DFB758&#8243; custom_margin=»0px||0px||false|false» custom_padding=»||||false|false» locked=»off» global_colors_info=»{}»][/et_pb_audio][/et_pb_column][/et_pb_row][/et_pb_section]</p>

<p>Adelina Ethel Dematti de Alaye  nació en Chivilcoy el 5 de junio de 1927. Se recibió de maestra jardinera y ejerció la docencia en numerosos lugares de la provincia de Buenos Aires. Fue directora e inspectora. En 1952 se casó con Luis María Alaye, con quien tuvo dos hijos,  Carlos Esteban y María del Carmen. [&hellip;]</p>
