{"id":49472,"date":"2025-05-13T11:45:45","date_gmt":"2025-05-13T11:45:45","guid":{"rendered":"https:\/\/www.comisionporlamemoria.org\/museo\/?post_type=project&#038;p=49472"},"modified":"2025-06-26T16:42:29","modified_gmt":"2025-06-26T16:42:29","slug":"mabel","status":"publish","type":"project","link":"https:\/\/www.comisionporlamemoria.org\/museo\/project\/mabel\/","title":{"rendered":"Mabel Penette de Guti\u00e9rrez"},"content":{"rendered":"<p>[et_pb_section fb_built=\u00bb1&#8243; _builder_version=\u00bb4.27.4&#8243; _module_preset=\u00bbdefault\u00bb custom_margin=\u00bb|0px||0px|false|false\u00bb custom_padding=\u00bb0px|5%|0px|5%|false|false\u00bb global_colors_info=\u00bb{}\u00bb][et_pb_row _builder_version=\u00bb4.27.4&#8243; _module_preset=\u00bbdefault\u00bb background_color=\u00bb#dfb758&#8243; width=\u00bb90%\u00bb max_width=\u00bb1280px\u00bb global_colors_info=\u00bb{}\u00bb][et_pb_column type=\u00bb4_4&#8243; _builder_version=\u00bb4.27.4&#8243; _module_preset=\u00bbdefault\u00bb global_colors_info=\u00bb{}\u00bb][et_pb_post_title meta=\u00bboff\u00bb featured_image=\u00bboff\u00bb _builder_version=\u00bb4.27.4&#8243; _module_preset=\u00bbdefault\u00bb title_text_align=\u00bbcenter\u00bb title_text_color=\u00bb#d00054&#8243; global_colors_info=\u00bb{}\u00bb][\/et_pb_post_title][et_pb_audio audio=\u00bbhttps:\/\/www.comisionporlamemoria.org\/museo\/wp-content\/uploads\/sites\/18\/2025\/03\/2-Pennette.mp3&#8243; disabled_on=\u00bboff|on|on\u00bb _builder_version=\u00bb4.27.4&#8243; _module_preset=\u00bbdefault\u00bb background_color=\u00bb#DFB758&#8243; locked=\u00bboff\u00bb global_colors_info=\u00bb{}\u00bb][\/et_pb_audio][\/et_pb_column][\/et_pb_row][et_pb_row column_structure=\u00bb1_3,2_3&#8243; make_equal=\u00bbon\u00bb _builder_version=\u00bb4.27.4&#8243; _module_preset=\u00bbdefault\u00bb background_enable_pattern_style=\u00bbon\u00bb background_pattern_style=\u00bbdiagonal-stripes-2&#8243; background_pattern_color=\u00bbrgba(0,0,0,0.1)\u00bb max_width=\u00bb1280px\u00bb global_colors_info=\u00bb{}\u00bb][et_pb_column type=\u00bb1_3&#8243; _builder_version=\u00bb4.27.4&#8243; _module_preset=\u00bbdefault\u00bb global_colors_info=\u00bb{}\u00bb][et_pb_image src=\u00bbhttps:\/\/www.comisionporlamemoria.org\/museo\/wp-content\/uploads\/sites\/18\/2025\/05\/mabel.jpg\u00bb title_text=\u00bbmabel\u00bb align=\u00bbcenter\u00bb _builder_version=\u00bb4.27.4&#8243; _module_preset=\u00bbdefault\u00bb custom_margin=\u00bb|||3%|false|false\u00bb global_colors_info=\u00bb{}\u00bb][\/et_pb_image][\/et_pb_column][et_pb_column type=\u00bb2_3&#8243; _builder_version=\u00bb4.27.4&#8243; _module_preset=\u00bbdefault\u00bb global_colors_info=\u00bb{}\u00bb][et_pb_tabs _builder_version=\u00bb4.27.4&#8243; _module_preset=\u00bbdefault\u00bb hover_enabled=\u00bb0&#8243; sticky_enabled=\u00bb0&#8243; custom_margin=\u00bb|2%|||false|false\u00bb][et_pb_tab title=\u00bbESPA\u00d1OL\u00bb _builder_version=\u00bb4.27.4&#8243; _module_preset=\u00bbdefault\u00bb hover_enabled=\u00bb0&#8243; sticky_enabled=\u00bb0&#8243;]<\/p>\n<p style=\"text-align: justify;\"><span style=\"font-weight: 400;\">Mabel naci\u00f3 el 7 de octubre de 1931 en Saavedra. Estudi\u00f3 desde los 4 a\u00f1os piano, fue concertista. Vivi\u00f3 en varios pueblos de la provincia de Buenos Aires acompa\u00f1ando los traslados laborales de su pap\u00e1, hasta que, ya adolescente, se instal\u00f3 en Carlos Casares. All\u00ed se cas\u00f3 y tuvo cuatro hijxs, dos mujeres y dos varones.\u00a0<\/span><\/p>\n<p style=\"text-align: justify;\"><span style=\"font-weight: 400;\">Cuando comienzan a irse para iniciar estudios universitarios en la d\u00e9cada del 70, Mabel decidi\u00f3 mudarse tambi\u00e9n y empezar la carrera de Arquitectura y continuar los estudios de piano \u2013que hab\u00eda abandonado para casarse- en la Universidad Nacional de La Plata. Durante esos tres a\u00f1os de cursada en los pasillos universitarios, tiene sus primeras experiencias de militancia pol\u00edtica.<\/span><\/p>\n<p style=\"text-align: justify;\"><b>Toda su vida cambiar\u00eda el 24 de julio de 1978 cuando secuestran a Alejandro, el menor de los varones. Mabel ten\u00eda entonces 46 a\u00f1os.<\/b><\/p>\n<p style=\"text-align: justify;\"><span style=\"font-weight: 400;\">Para poder dedicarse enteramente a su b\u00fasqueda, se instala en Buenos Aires y se integra a Familiares de desaparecidos y detenidos por razones pol\u00edticas, organismo del que a\u00f1os m\u00e1s tarde es presidenta, y desde el cual luch\u00f3 toda su vida. Fue integrante de la Federaci\u00f3n latinoamericana de Familiares (FEDEFAM), y delegada ante Naciones Unidas y otros organismos.\u00a0<\/span><\/p>\n<p style=\"text-align: justify;\"><span style=\"font-weight: 400;\">Muri\u00f3 en el a\u00f1o 2009. Poco antes, escribi\u00f3: <\/span><i><span style=\"font-weight: 400;\">\u201cS\u00f3lo quiero resaltar el significado de la lucha. (\u2026) la satisfacci\u00f3n del deber cumplido (\u2026) la satisfacci\u00f3n y el placer de ver que lo que hacemos le sirve a alguien. La satisfacci\u00f3n de tener la convicci\u00f3n de que estamos haciendo lo que har\u00edan nuestros hijos. La satisfacci\u00f3n de preocuparnos por el pr\u00f3jimo\u201d.<\/span><\/i><\/p>\n<p>[\/et_pb_tab][et_pb_tab title=\u00bbENGLISH\u00bb _builder_version=\u00bb4.27.4&#8243; _module_preset=\u00bbdefault\u00bb hover_enabled=\u00bb0&#8243; sticky_enabled=\u00bb0&#8243;]<\/p>\n<p><span style=\"font-weight: 400;\">Mabel was born on October 7, 1931, in Saavedra. She studied piano from the age of 4 and was a concert pianist. She lived in various towns in the province of Buenos Aires, accompanying her father on work trips, until, as a teenager, she settled in Carlos Casares. There she married and had four children, two girls and two boys.<\/span><\/p>\n<p><span style=\"font-weight: 400;\">When they began to leave to begin university studies in the 1970s, Mabel decided to move as well and begin a degree in Architecture and continue her piano studies\u2014which she had abandoned to get married\u2014at the National University of La Plata. During those three years of study in the university halls, she had her first experiences of political activism.<\/span><\/p>\n<p><span style=\"font-weight: 400;\">Her life changed when, at 46 years old, on July 24, 1978, Alejandro, her youngest son, was kidnapped. To dedicate herself entirely to her search, she moved to Buenos Aires and joined the <\/span><i><span style=\"font-weight: 400;\">Relatives of the Disappeared and Detained for Political Reasons<\/span><\/i><span style=\"font-weight: 400;\">, an organization of which she later became president. She was also a member of the <\/span><i><span style=\"font-weight: 400;\">Latin American Federation of Relatives <\/span><\/i><span style=\"font-weight: 400;\">(FEDEFAM) and a delegate to the United Nations and other organizations.<\/span><\/p>\n<p><span style=\"font-weight: 400;\">She died in 2009. Shortly before, she wrote: \u201cI just want to emphasize the meaning of struggle\u2026 the satisfaction of a duty fulfilled\u2026 the satisfaction and pleasure of seeing that what we do is of use to someone. The satisfaction of having the conviction that we are doing what our children would do. The satisfaction of caring for our neighbors.\u201d<\/span><\/p>\n<p>[\/et_pb_tab][\/et_pb_tabs][\/et_pb_column][\/et_pb_row][et_pb_row disabled_on=\u00bbon|off|off\u00bb _builder_version=\u00bb4.27.4&#8243; _module_preset=\u00bbdefault\u00bb max_width=\u00bb1280px\u00bb custom_padding=\u00bb0px||||false|false\u00bb global_colors_info=\u00bb{}\u00bb][et_pb_column type=\u00bb4_4&#8243; _builder_version=\u00bb4.27.4&#8243; _module_preset=\u00bbdefault\u00bb global_colors_info=\u00bb{}\u00bb][et_pb_audio audio=\u00bbhttps:\/\/www.comisionporlamemoria.org\/museo\/wp-content\/uploads\/sites\/18\/2025\/03\/2-Pennette.mp3&#8243; _builder_version=\u00bb4.27.4&#8243; _module_preset=\u00bbdefault\u00bb background_color=\u00bb#DFB758&#8243; locked=\u00bboff\u00bb global_colors_info=\u00bb{}\u00bb][\/et_pb_audio][\/et_pb_column][\/et_pb_row][\/et_pb_section]<\/p>\n","protected":false},"excerpt":{"rendered":"<p>Mabel naci\u00f3 el 7 de octubre de 1931 en Saavedra. Estudi\u00f3 desde los 4 a\u00f1os piano, fue concertista. Vivi\u00f3 en varios pueblos de la provincia de Buenos Aires acompa\u00f1ando los traslados laborales de su pap\u00e1, hasta que, ya adolescente, se instal\u00f3 en Carlos Casares. All\u00ed se cas\u00f3 y tuvo cuatro hijxs, dos mujeres y dos [&hellip;]<\/p>\n","protected":false},"author":40,"featured_media":0,"comment_status":"open","ping_status":"closed","template":"","meta":{"_et_pb_use_builder":"on","_et_pb_old_content":"","_et_gb_content_width":"","jetpack_post_was_ever_published":false,"footnotes":""},"project_category":[],"project_tag":[],"class_list":["post-49472","project","type-project","status-publish","hentry"],"jetpack_sharing_enabled":true,"_links":{"self":[{"href":"https:\/\/www.comisionporlamemoria.org\/museo\/wp-json\/wp\/v2\/project\/49472","targetHints":{"allow":["GET"]}}],"collection":[{"href":"https:\/\/www.comisionporlamemoria.org\/museo\/wp-json\/wp\/v2\/project"}],"about":[{"href":"https:\/\/www.comisionporlamemoria.org\/museo\/wp-json\/wp\/v2\/types\/project"}],"author":[{"embeddable":true,"href":"https:\/\/www.comisionporlamemoria.org\/museo\/wp-json\/wp\/v2\/users\/40"}],"replies":[{"embeddable":true,"href":"https:\/\/www.comisionporlamemoria.org\/museo\/wp-json\/wp\/v2\/comments?post=49472"}],"version-history":[{"count":0,"href":"https:\/\/www.comisionporlamemoria.org\/museo\/wp-json\/wp\/v2\/project\/49472\/revisions"}],"wp:attachment":[{"href":"https:\/\/www.comisionporlamemoria.org\/museo\/wp-json\/wp\/v2\/media?parent=49472"}],"wp:term":[{"taxonomy":"project_category","embeddable":true,"href":"https:\/\/www.comisionporlamemoria.org\/museo\/wp-json\/wp\/v2\/project_category?post=49472"},{"taxonomy":"project_tag","embeddable":true,"href":"https:\/\/www.comisionporlamemoria.org\/museo\/wp-json\/wp\/v2\/project_tag?post=49472"}],"curies":[{"name":"wp","href":"https:\/\/api.w.org\/{rel}","templated":true}]}}

Mabel Penette de Gutiérrez

<p>[et_pb_section fb_built=»1&#8243; _builder_version=»4.27.4&#8243; _module_preset=»default» custom_margin=»|0px||0px|false|false» custom_padding=»0px|5%|0px|5%|false|false» global_colors_info=»{}»][et_pb_row _builder_version=»4.27.4&#8243; _module_preset=»default» background_color=»#dfb758&#8243; width=»90%» max_width=»1280px» global_colors_info=»{}»][et_pb_column type=»4_4&#8243; _builder_version=»4.27.4&#8243; _module_preset=»default» global_colors_info=»{}»][et_pb_post_title meta=»off» featured_image=»off» _builder_version=»4.27.4&#8243; _module_preset=»default» title_text_align=»center» title_text_color=»#d00054&#8243; global_colors_info=»{}»][/et_pb_post_title][et_pb_audio audio=»https://www.comisionporlamemoria.org/museo/wp-content/uploads/sites/18/2025/03/2-Pennette.mp3&#8243; disabled_on=»off|on|on» _builder_version=»4.27.4&#8243; _module_preset=»default» background_color=»#DFB758&#8243; locked=»off» global_colors_info=»{}»][/et_pb_audio][/et_pb_column][/et_pb_row][et_pb_row column_structure=»1_3,2_3&#8243; make_equal=»on» _builder_version=»4.27.4&#8243; _module_preset=»default» background_enable_pattern_style=»on» background_pattern_style=»diagonal-stripes-2&#8243; background_pattern_color=»rgba(0,0,0,0.1)» max_width=»1280px» global_colors_info=»{}»][et_pb_column type=»1_3&#8243; _builder_version=»4.27.4&#8243; _module_preset=»default» global_colors_info=»{}»][et_pb_image src=»https://www.comisionporlamemoria.org/museo/wp-content/uploads/sites/18/2025/05/mabel.jpg» title_text=»mabel» align=»center» _builder_version=»4.27.4&#8243; _module_preset=»default» custom_margin=»|||3%|false|false» global_colors_info=»{}»][/et_pb_image][/et_pb_column][et_pb_column type=»2_3&#8243; _builder_version=»4.27.4&#8243; _module_preset=»default» global_colors_info=»{}»][et_pb_tabs _builder_version=»4.27.4&#8243; _module_preset=»default» hover_enabled=»0&#8243; sticky_enabled=»0&#8243; custom_margin=»|2%|||false|false»][et_pb_tab title=»ESPAÑOL» _builder_version=»4.27.4&#8243; _module_preset=»default» hover_enabled=»0&#8243; sticky_enabled=»0&#8243;]</p>
<p style="text-align: justify;"><span style="font-weight: 400;">Mabel nació el 7 de octubre de 1931 en Saavedra. Estudió desde los 4 años piano, fue concertista. Vivió en varios pueblos de la provincia de Buenos Aires acompañando los traslados laborales de su papá, hasta que, ya adolescente, se instaló en Carlos Casares. Allí se casó y tuvo cuatro hijxs, dos mujeres y dos varones. </span></p>
<p style="text-align: justify;"><span style="font-weight: 400;">Cuando comienzan a irse para iniciar estudios universitarios en la década del 70, Mabel decidió mudarse también y empezar la carrera de Arquitectura y continuar los estudios de piano –que había abandonado para casarse- en la Universidad Nacional de La Plata. Durante esos tres años de cursada en los pasillos universitarios, tiene sus primeras experiencias de militancia política.</span></p>
<p style="text-align: justify;"><b>Toda su vida cambiaría el 24 de julio de 1978 cuando secuestran a Alejandro, el menor de los varones. Mabel tenía entonces 46 años.</b></p>
<p style="text-align: justify;"><span style="font-weight: 400;">Para poder dedicarse enteramente a su búsqueda, se instala en Buenos Aires y se integra a Familiares de desaparecidos y detenidos por razones políticas, organismo del que años más tarde es presidenta, y desde el cual luchó toda su vida. Fue integrante de la Federación latinoamericana de Familiares (FEDEFAM), y delegada ante Naciones Unidas y otros organismos. </span></p>
<p style="text-align: justify;"><span style="font-weight: 400;">Murió en el año 2009. Poco antes, escribió: </span><i><span style="font-weight: 400;">“Sólo quiero resaltar el significado de la lucha. (…) la satisfacción del deber cumplido (…) la satisfacción y el placer de ver que lo que hacemos le sirve a alguien. La satisfacción de tener la convicción de que estamos haciendo lo que harían nuestros hijos. La satisfacción de preocuparnos por el prójimo”.</span></i></p>
<p>[/et_pb_tab][et_pb_tab title=»ENGLISH» _builder_version=»4.27.4&#8243; _module_preset=»default» hover_enabled=»0&#8243; sticky_enabled=»0&#8243;]</p>
<p><span style="font-weight: 400;">Mabel was born on October 7, 1931, in Saavedra. She studied piano from the age of 4 and was a concert pianist. She lived in various towns in the province of Buenos Aires, accompanying her father on work trips, until, as a teenager, she settled in Carlos Casares. There she married and had four children, two girls and two boys.</span></p>
<p><span style="font-weight: 400;">When they began to leave to begin university studies in the 1970s, Mabel decided to move as well and begin a degree in Architecture and continue her piano studies—which she had abandoned to get married—at the National University of La Plata. During those three years of study in the university halls, she had her first experiences of political activism.</span></p>
<p><span style="font-weight: 400;">Her life changed when, at 46 years old, on July 24, 1978, Alejandro, her youngest son, was kidnapped. To dedicate herself entirely to her search, she moved to Buenos Aires and joined the </span><i><span style="font-weight: 400;">Relatives of the Disappeared and Detained for Political Reasons</span></i><span style="font-weight: 400;">, an organization of which she later became president. She was also a member of the </span><i><span style="font-weight: 400;">Latin American Federation of Relatives </span></i><span style="font-weight: 400;">(FEDEFAM) and a delegate to the United Nations and other organizations.</span></p>
<p><span style="font-weight: 400;">She died in 2009. Shortly before, she wrote: “I just want to emphasize the meaning of struggle… the satisfaction of a duty fulfilled… the satisfaction and pleasure of seeing that what we do is of use to someone. The satisfaction of having the conviction that we are doing what our children would do. The satisfaction of caring for our neighbors.”</span></p>
<p>[/et_pb_tab][/et_pb_tabs][/et_pb_column][/et_pb_row][et_pb_row disabled_on=»on|off|off» _builder_version=»4.27.4&#8243; _module_preset=»default» max_width=»1280px» custom_padding=»0px||||false|false» global_colors_info=»{}»][et_pb_column type=»4_4&#8243; _builder_version=»4.27.4&#8243; _module_preset=»default» global_colors_info=»{}»][et_pb_audio audio=»https://www.comisionporlamemoria.org/museo/wp-content/uploads/sites/18/2025/03/2-Pennette.mp3&#8243; _builder_version=»4.27.4&#8243; _module_preset=»default» background_color=»#DFB758&#8243; locked=»off» global_colors_info=»{}»][/et_pb_audio][/et_pb_column][/et_pb_row][/et_pb_section]</p>

<p>Mabel nació el 7 de octubre de 1931 en Saavedra. Estudió desde los 4 años piano, fue concertista. Vivió en varios pueblos de la provincia de Buenos Aires acompañando los traslados laborales de su papá, hasta que, ya adolescente, se instaló en Carlos Casares. Allí se casó y tuvo cuatro hijxs, dos mujeres y dos [&hellip;]</p>
