{"id":49477,"date":"2025-05-13T11:48:25","date_gmt":"2025-05-13T11:48:25","guid":{"rendered":"https:\/\/www.comisionporlamemoria.org\/museo\/?post_type=project&#038;p=49477"},"modified":"2025-06-26T16:47:07","modified_gmt":"2025-06-26T16:47:07","slug":"matilde","status":"publish","type":"project","link":"https:\/\/www.comisionporlamemoria.org\/museo\/project\/matilde\/","title":{"rendered":"Matilde \u201cSacha\u201d Artes Company"},"content":{"rendered":"<p>[et_pb_section fb_built=\u00bb1&#8243; _builder_version=\u00bb4.27.4&#8243; _module_preset=\u00bbdefault\u00bb custom_margin=\u00bb|0px||0px|false|false\u00bb custom_padding=\u00bb0px|5%|0px|5%|false|false\u00bb global_colors_info=\u00bb{}\u00bb][et_pb_row _builder_version=\u00bb4.27.4&#8243; _module_preset=\u00bbdefault\u00bb background_color=\u00bb#dfb758&#8243; width=\u00bb90%\u00bb max_width=\u00bb1280px\u00bb global_colors_info=\u00bb{}\u00bb][et_pb_column type=\u00bb4_4&#8243; _builder_version=\u00bb4.27.4&#8243; _module_preset=\u00bbdefault\u00bb global_colors_info=\u00bb{}\u00bb][et_pb_post_title meta=\u00bboff\u00bb featured_image=\u00bboff\u00bb _builder_version=\u00bb4.27.4&#8243; _module_preset=\u00bbdefault\u00bb title_text_align=\u00bbcenter\u00bb title_text_color=\u00bb#d00054&#8243; global_colors_info=\u00bb{}\u00bb][\/et_pb_post_title][et_pb_audio audio=\u00bbhttps:\/\/www.comisionporlamemoria.org\/museo\/wp-content\/uploads\/sites\/18\/2025\/03\/3-Sacha-Artes.mp3&#8243; disabled_on=\u00bboff|on|on\u00bb _builder_version=\u00bb4.27.4&#8243; _module_preset=\u00bbdefault\u00bb background_color=\u00bb#DFB758&#8243; locked=\u00bboff\u00bb global_colors_info=\u00bb{}\u00bb][\/et_pb_audio][\/et_pb_column][\/et_pb_row][et_pb_row column_structure=\u00bb1_3,2_3&#8243; make_equal=\u00bbon\u00bb _builder_version=\u00bb4.27.4&#8243; _module_preset=\u00bbdefault\u00bb background_enable_pattern_style=\u00bbon\u00bb background_pattern_style=\u00bbdiagonal-stripes-2&#8243; background_pattern_color=\u00bbrgba(0,0,0,0.1)\u00bb max_width=\u00bb1280px\u00bb global_colors_info=\u00bb{}\u00bb][et_pb_column type=\u00bb1_3&#8243; _builder_version=\u00bb4.27.4&#8243; _module_preset=\u00bbdefault\u00bb global_colors_info=\u00bb{}\u00bb][et_pb_image src=\u00bbhttps:\/\/www.comisionporlamemoria.org\/museo\/wp-content\/uploads\/sites\/18\/2025\/05\/sacha.jpg\u00bb title_text=\u00bbsacha\u00bb align=\u00bbcenter\u00bb _builder_version=\u00bb4.27.4&#8243; _module_preset=\u00bbdefault\u00bb custom_margin=\u00bb|||3%|false|false\u00bb global_colors_info=\u00bb{}\u00bb][\/et_pb_image][\/et_pb_column][et_pb_column type=\u00bb2_3&#8243; _builder_version=\u00bb4.27.4&#8243; _module_preset=\u00bbdefault\u00bb global_colors_info=\u00bb{}\u00bb][et_pb_tabs _builder_version=\u00bb4.27.4&#8243; _module_preset=\u00bbdefault\u00bb custom_margin=\u00bb|2%|||false|false\u00bb hover_enabled=\u00bb0&#8243; sticky_enabled=\u00bb0&#8243;][et_pb_tab title=\u00bbESPA\u00d1OL\u00bb _builder_version=\u00bb4.27.4&#8243; _module_preset=\u00bbdefault\u00bb hover_enabled=\u00bb0&#8243; sticky_enabled=\u00bb0&#8243;]<\/p>\n<p style=\"text-align: justify;\"><span style=\"font-weight: 400;\">Matilde Artes Company, conocida como Sacha, naci\u00f3 en Argentina en 1933. Actriz y activa militante pol\u00edtica, en los a\u00f1os 60 se fue a vivir a Bolivia donde dirigi\u00f3 programas culturales para televisi\u00f3n.\u00a0 Sacha fue perseguida por el gobierno del dictador Hugo Banzer\u00a0 y\u00a0 finalmente expulsada del pa\u00eds.<\/span><\/p>\n<p style=\"text-align: justify;\"><span style=\"font-weight: 400;\">El secuestro de su hija Graciela el 2 de abril de 1976\u00a0 en la localidad boliviana de Oruro, junto a su nieta Carla, de s\u00f3lo un a\u00f1o de edad, transformar\u00eda su vida definitivamente. Comienza entonces la b\u00fasqueda de su hija y\u00a0 su nieta junto a las Abuelas de Plaza de Mayo. Ten\u00eda en ese momento, 43 a\u00f1os.<\/span><\/p>\n<p style=\"text-align: justify;\"><span style=\"font-weight: 400;\">En 1983, Sacha y las Abuelas encontraron a Carla, y en 1985 la Justicia la restituy\u00f3 a su familia. Carla ya ten\u00eda 10 a\u00f1os, y hab\u00eda sufrido abusos y maltratos en la casa de sus apropiadores. En 1987 Sacha decidi\u00f3 que se fueran a vivir a Espa\u00f1a. Abuela y nieta reconstruyeron su vida all\u00ed. Carla se enamor\u00f3, tuvo hijos y form\u00f3 una familia.\u00a0<\/span><\/p>\n<p style=\"text-align: justify;\"><span style=\"font-weight: 400;\">Sacha conservaba recortes de peri\u00f3dicos, fotos, expedientes m\u00e9dicos, afiches, art\u00edculos, dibujos, poemas, documentos legales y cartas a personas e instituciones. Carla se hizo cargo de esos documentos cuando vuelve a vivir a la Argentina y va sumando otros de sus propias b\u00fasquedas.<\/span><\/p>\n<p style=\"text-align: justify;\"><span style=\"font-weight: 400;\">El 22 de febrero de 2017, Carla falleci\u00f3 de c\u00e1ncer. Los hijos de Carla viven en Espa\u00f1a con Sacha.<\/span><\/p>\n<p>[\/et_pb_tab][et_pb_tab title=\u00bbENGLISH\u00bb _builder_version=\u00bb4.27.4&#8243; _module_preset=\u00bbdefault\u00bb hover_enabled=\u00bb0&#8243; sticky_enabled=\u00bb0&#8243;]<\/p>\n<p><span style=\"font-weight: 400;\">Matilde Artes Company \u2013 also known as \u201cSacha\u201d \u2013 was born in Argentina in 1933. An actress and active political activist, she moved to Bolivia in the 1960s, where she directed cultural programs for television. Sacha was persecuted by the government of dictator Hugo Banzer and eventually expelled from the country.<\/span><\/p>\n<p><span style=\"font-weight: 400;\">The kidnapping of her daughter Graciela on April 2, 1976, in the Bolivian town of Oruro, along with her one-year-old granddaughter Carla, would forever change her life. At 43 years of age, she began searching for her daughter and granddaughter with the Grandmothers of the Plaza de Mayo.<\/span><\/p>\n<p><span style=\"font-weight: 400;\">In 1983, Sacha and the <\/span><i><span style=\"font-weight: 400;\">Grandmothers <\/span><\/i><span style=\"font-weight: 400;\">found Carla, and in 1985, justice returned her to her family. Carla was already 10 years old and had suffered abuse and mistreatment in the home of her captors. In 1987, Sacha decided to move to Spain, where both she and Carla rebuilt their lives. Carla fell in love, had children, and started a family.<\/span><\/p>\n<p><span style=\"font-weight: 400;\">Sacha kept newspaper clippings, photos, medical records, archives, articles, drawings, poems, legal documents, and letters to individuals and institutions. Carla took charge of these documents when she returned to Argentina and added others from her research.<\/span><\/p>\n<p><span style=\"font-weight: 400;\">On February 22, 2017, Carla died of cancer. Carla&#8217;s children live in Spain with Sacha.<\/span><\/p>\n<p>[\/et_pb_tab][\/et_pb_tabs][\/et_pb_column][\/et_pb_row][et_pb_row disabled_on=\u00bbon|off|off\u00bb _builder_version=\u00bb4.27.4&#8243; _module_preset=\u00bbdefault\u00bb max_width=\u00bb1280px\u00bb custom_padding=\u00bb0px||||false|false\u00bb global_colors_info=\u00bb{}\u00bb][et_pb_column type=\u00bb4_4&#8243; _builder_version=\u00bb4.27.4&#8243; _module_preset=\u00bbdefault\u00bb global_colors_info=\u00bb{}\u00bb][et_pb_audio audio=\u00bbhttps:\/\/www.comisionporlamemoria.org\/museo\/wp-content\/uploads\/sites\/18\/2025\/03\/3-Sacha-Artes.mp3&#8243; _builder_version=\u00bb4.27.4&#8243; _module_preset=\u00bbdefault\u00bb background_color=\u00bb#DFB758&#8243; locked=\u00bboff\u00bb global_colors_info=\u00bb{}\u00bb][\/et_pb_audio][\/et_pb_column][\/et_pb_row][\/et_pb_section]<\/p>\n","protected":false},"excerpt":{"rendered":"<p>Matilde Artes Company, conocida como Sacha, naci\u00f3 en Argentina en 1933. Actriz y activa militante pol\u00edtica, en los a\u00f1os 60 se fue a vivir a Bolivia donde dirigi\u00f3 programas culturales para televisi\u00f3n.\u00a0 Sacha fue perseguida por el gobierno del dictador Hugo Banzer\u00a0 y\u00a0 finalmente expulsada del pa\u00eds. El secuestro de su hija Graciela el 2 [&hellip;]<\/p>\n","protected":false},"author":40,"featured_media":0,"comment_status":"open","ping_status":"closed","template":"","meta":{"_et_pb_use_builder":"on","_et_pb_old_content":"","_et_gb_content_width":"","jetpack_post_was_ever_published":false,"footnotes":""},"project_category":[],"project_tag":[],"class_list":["post-49477","project","type-project","status-publish","hentry"],"jetpack_sharing_enabled":true,"_links":{"self":[{"href":"https:\/\/www.comisionporlamemoria.org\/museo\/wp-json\/wp\/v2\/project\/49477","targetHints":{"allow":["GET"]}}],"collection":[{"href":"https:\/\/www.comisionporlamemoria.org\/museo\/wp-json\/wp\/v2\/project"}],"about":[{"href":"https:\/\/www.comisionporlamemoria.org\/museo\/wp-json\/wp\/v2\/types\/project"}],"author":[{"embeddable":true,"href":"https:\/\/www.comisionporlamemoria.org\/museo\/wp-json\/wp\/v2\/users\/40"}],"replies":[{"embeddable":true,"href":"https:\/\/www.comisionporlamemoria.org\/museo\/wp-json\/wp\/v2\/comments?post=49477"}],"version-history":[{"count":0,"href":"https:\/\/www.comisionporlamemoria.org\/museo\/wp-json\/wp\/v2\/project\/49477\/revisions"}],"wp:attachment":[{"href":"https:\/\/www.comisionporlamemoria.org\/museo\/wp-json\/wp\/v2\/media?parent=49477"}],"wp:term":[{"taxonomy":"project_category","embeddable":true,"href":"https:\/\/www.comisionporlamemoria.org\/museo\/wp-json\/wp\/v2\/project_category?post=49477"},{"taxonomy":"project_tag","embeddable":true,"href":"https:\/\/www.comisionporlamemoria.org\/museo\/wp-json\/wp\/v2\/project_tag?post=49477"}],"curies":[{"name":"wp","href":"https:\/\/api.w.org\/{rel}","templated":true}]}}

<p>[et_pb_section fb_built=»1&#8243; _builder_version=»4.27.4&#8243; _module_preset=»default» custom_margin=»|0px||0px|false|false» custom_padding=»0px|5%|0px|5%|false|false» global_colors_info=»{}»][et_pb_row _builder_version=»4.27.4&#8243; _module_preset=»default» background_color=»#dfb758&#8243; width=»90%» max_width=»1280px» global_colors_info=»{}»][et_pb_column type=»4_4&#8243; _builder_version=»4.27.4&#8243; _module_preset=»default» global_colors_info=»{}»][et_pb_post_title meta=»off» featured_image=»off» _builder_version=»4.27.4&#8243; _module_preset=»default» title_text_align=»center» title_text_color=»#d00054&#8243; global_colors_info=»{}»][/et_pb_post_title][et_pb_audio audio=»https://www.comisionporlamemoria.org/museo/wp-content/uploads/sites/18/2025/03/3-Sacha-Artes.mp3&#8243; disabled_on=»off|on|on» _builder_version=»4.27.4&#8243; _module_preset=»default» background_color=»#DFB758&#8243; locked=»off» global_colors_info=»{}»][/et_pb_audio][/et_pb_column][/et_pb_row][et_pb_row column_structure=»1_3,2_3&#8243; make_equal=»on» _builder_version=»4.27.4&#8243; _module_preset=»default» background_enable_pattern_style=»on» background_pattern_style=»diagonal-stripes-2&#8243; background_pattern_color=»rgba(0,0,0,0.1)» max_width=»1280px» global_colors_info=»{}»][et_pb_column type=»1_3&#8243; _builder_version=»4.27.4&#8243; _module_preset=»default» global_colors_info=»{}»][et_pb_image src=»https://www.comisionporlamemoria.org/museo/wp-content/uploads/sites/18/2025/05/sacha.jpg» title_text=»sacha» align=»center» _builder_version=»4.27.4&#8243; _module_preset=»default» custom_margin=»|||3%|false|false» global_colors_info=»{}»][/et_pb_image][/et_pb_column][et_pb_column type=»2_3&#8243; _builder_version=»4.27.4&#8243; _module_preset=»default» global_colors_info=»{}»][et_pb_tabs _builder_version=»4.27.4&#8243; _module_preset=»default» custom_margin=»|2%|||false|false» hover_enabled=»0&#8243; sticky_enabled=»0&#8243;][et_pb_tab title=»ESPAÑOL» _builder_version=»4.27.4&#8243; _module_preset=»default» hover_enabled=»0&#8243; sticky_enabled=»0&#8243;]</p>
<p style="text-align: justify;"><span style="font-weight: 400;">Matilde Artes Company, conocida como Sacha, nació en Argentina en 1933. Actriz y activa militante política, en los años 60 se fue a vivir a Bolivia donde dirigió programas culturales para televisión.  Sacha fue perseguida por el gobierno del dictador Hugo Banzer  y  finalmente expulsada del país.</span></p>
<p style="text-align: justify;"><span style="font-weight: 400;">El secuestro de su hija Graciela el 2 de abril de 1976  en la localidad boliviana de Oruro, junto a su nieta Carla, de sólo un año de edad, transformaría su vida definitivamente. Comienza entonces la búsqueda de su hija y  su nieta junto a las Abuelas de Plaza de Mayo. Tenía en ese momento, 43 años.</span></p>
<p style="text-align: justify;"><span style="font-weight: 400;">En 1983, Sacha y las Abuelas encontraron a Carla, y en 1985 la Justicia la restituyó a su familia. Carla ya tenía 10 años, y había sufrido abusos y maltratos en la casa de sus apropiadores. En 1987 Sacha decidió que se fueran a vivir a España. Abuela y nieta reconstruyeron su vida allí. Carla se enamoró, tuvo hijos y formó una familia. </span></p>
<p style="text-align: justify;"><span style="font-weight: 400;">Sacha conservaba recortes de periódicos, fotos, expedientes médicos, afiches, artículos, dibujos, poemas, documentos legales y cartas a personas e instituciones. Carla se hizo cargo de esos documentos cuando vuelve a vivir a la Argentina y va sumando otros de sus propias búsquedas.</span></p>
<p style="text-align: justify;"><span style="font-weight: 400;">El 22 de febrero de 2017, Carla falleció de cáncer. Los hijos de Carla viven en España con Sacha.</span></p>
<p>[/et_pb_tab][et_pb_tab title=»ENGLISH» _builder_version=»4.27.4&#8243; _module_preset=»default» hover_enabled=»0&#8243; sticky_enabled=»0&#8243;]</p>
<p><span style="font-weight: 400;">Matilde Artes Company – also known as “Sacha” – was born in Argentina in 1933. An actress and active political activist, she moved to Bolivia in the 1960s, where she directed cultural programs for television. Sacha was persecuted by the government of dictator Hugo Banzer and eventually expelled from the country.</span></p>
<p><span style="font-weight: 400;">The kidnapping of her daughter Graciela on April 2, 1976, in the Bolivian town of Oruro, along with her one-year-old granddaughter Carla, would forever change her life. At 43 years of age, she began searching for her daughter and granddaughter with the Grandmothers of the Plaza de Mayo.</span></p>
<p><span style="font-weight: 400;">In 1983, Sacha and the </span><i><span style="font-weight: 400;">Grandmothers </span></i><span style="font-weight: 400;">found Carla, and in 1985, justice returned her to her family. Carla was already 10 years old and had suffered abuse and mistreatment in the home of her captors. In 1987, Sacha decided to move to Spain, where both she and Carla rebuilt their lives. Carla fell in love, had children, and started a family.</span></p>
<p><span style="font-weight: 400;">Sacha kept newspaper clippings, photos, medical records, archives, articles, drawings, poems, legal documents, and letters to individuals and institutions. Carla took charge of these documents when she returned to Argentina and added others from her research.</span></p>
<p><span style="font-weight: 400;">On February 22, 2017, Carla died of cancer. Carla&#8217;s children live in Spain with Sacha.</span></p>
<p>[/et_pb_tab][/et_pb_tabs][/et_pb_column][/et_pb_row][et_pb_row disabled_on=»on|off|off» _builder_version=»4.27.4&#8243; _module_preset=»default» max_width=»1280px» custom_padding=»0px||||false|false» global_colors_info=»{}»][et_pb_column type=»4_4&#8243; _builder_version=»4.27.4&#8243; _module_preset=»default» global_colors_info=»{}»][et_pb_audio audio=»https://www.comisionporlamemoria.org/museo/wp-content/uploads/sites/18/2025/03/3-Sacha-Artes.mp3&#8243; _builder_version=»4.27.4&#8243; _module_preset=»default» background_color=»#DFB758&#8243; locked=»off» global_colors_info=»{}»][/et_pb_audio][/et_pb_column][/et_pb_row][/et_pb_section]</p>

<p>Matilde Artes Company, conocida como Sacha, nació en Argentina en 1933. Actriz y activa militante política, en los años 60 se fue a vivir a Bolivia donde dirigió programas culturales para televisión.  Sacha fue perseguida por el gobierno del dictador Hugo Banzer  y  finalmente expulsada del país. El secuestro de su hija Graciela el 2 [&hellip;]</p>
