{"id":49482,"date":"2025-05-13T11:54:30","date_gmt":"2025-05-13T11:54:30","guid":{"rendered":"https:\/\/www.comisionporlamemoria.org\/museo\/?post_type=project&#038;p=49482"},"modified":"2025-06-26T16:49:52","modified_gmt":"2025-06-26T16:49:52","slug":"norita","status":"publish","type":"project","link":"https:\/\/www.comisionporlamemoria.org\/museo\/project\/norita\/","title":{"rendered":"Nora Morales de Corti\u00f1as"},"content":{"rendered":"<p>[et_pb_section fb_built=\u00bb1&#8243; _builder_version=\u00bb4.27.4&#8243; _module_preset=\u00bbdefault\u00bb custom_margin=\u00bb|0px||0px|false|false\u00bb custom_padding=\u00bb0px|5%|0px|5%|false|false\u00bb global_colors_info=\u00bb{}\u00bb][et_pb_row _builder_version=\u00bb4.27.4&#8243; _module_preset=\u00bbdefault\u00bb background_color=\u00bb#dfb758&#8243; width=\u00bb90%\u00bb max_width=\u00bb1280px\u00bb global_colors_info=\u00bb{}\u00bb][et_pb_column type=\u00bb4_4&#8243; _builder_version=\u00bb4.27.4&#8243; _module_preset=\u00bbdefault\u00bb global_colors_info=\u00bb{}\u00bb][et_pb_post_title meta=\u00bboff\u00bb featured_image=\u00bboff\u00bb _builder_version=\u00bb4.27.4&#8243; _module_preset=\u00bbdefault\u00bb title_text_align=\u00bbcenter\u00bb title_text_color=\u00bb#d00054&#8243; global_colors_info=\u00bb{}\u00bb][\/et_pb_post_title][et_pb_audio audio=\u00bbhttps:\/\/www.comisionporlamemoria.org\/museo\/wp-content\/uploads\/sites\/18\/2025\/03\/4-Cortinas.mp3&#8243; disabled_on=\u00bboff|on|on\u00bb _builder_version=\u00bb4.27.4&#8243; _module_preset=\u00bbdefault\u00bb background_color=\u00bb#DFB758&#8243; locked=\u00bboff\u00bb global_colors_info=\u00bb{}\u00bb][\/et_pb_audio][\/et_pb_column][\/et_pb_row][et_pb_row column_structure=\u00bb1_3,2_3&#8243; make_equal=\u00bbon\u00bb _builder_version=\u00bb4.27.4&#8243; _module_preset=\u00bbdefault\u00bb background_enable_pattern_style=\u00bbon\u00bb background_pattern_style=\u00bbdiagonal-stripes-2&#8243; background_pattern_color=\u00bbrgba(0,0,0,0.1)\u00bb max_width=\u00bb1280px\u00bb global_colors_info=\u00bb{}\u00bb][et_pb_column type=\u00bb1_3&#8243; _builder_version=\u00bb4.27.4&#8243; _module_preset=\u00bbdefault\u00bb global_colors_info=\u00bb{}\u00bb][et_pb_image src=\u00bbhttps:\/\/www.comisionporlamemoria.org\/museo\/wp-content\/uploads\/sites\/18\/2025\/05\/Sin-titulo-3-scaled.jpg\u00bb title_text=\u00bbSin t\u00edtulo-3&#8243; align=\u00bbcenter\u00bb _builder_version=\u00bb4.27.4&#8243; _module_preset=\u00bbdefault\u00bb custom_margin=\u00bb|||2%|false|false\u00bb global_colors_info=\u00bb{}\u00bb][\/et_pb_image][\/et_pb_column][et_pb_column type=\u00bb2_3&#8243; _builder_version=\u00bb4.27.4&#8243; _module_preset=\u00bbdefault\u00bb global_colors_info=\u00bb{}\u00bb][et_pb_tabs _builder_version=\u00bb4.27.4&#8243; _module_preset=\u00bbdefault\u00bb custom_margin=\u00bb|2%|||false|false\u00bb hover_enabled=\u00bb0&#8243; sticky_enabled=\u00bb0&#8243;][et_pb_tab title=\u00bbESPA\u00d1OL\u00bb _builder_version=\u00bb4.27.4&#8243; _module_preset=\u00bbdefault\u00bb hover_enabled=\u00bb0&#8243; sticky_enabled=\u00bb0&#8243;]<\/p>\n<p style=\"text-align: justify;\"><span style=\"font-weight: 400;\">Nora naci\u00f3 en 1930 en pleno centro de Buenos Aires. \u201cPorte\u00f1\u00edsima\u201d, seg\u00fan su propia definici\u00f3n, aunque en el a\u00f1o 1952 se mud\u00f3 con su marido a Castelar, en el partido de Mor\u00f3n, y vivi\u00f3 all\u00ed hasta su muerte.\u00a0<\/span><\/p>\n<p style=\"text-align: justify;\"><span style=\"font-weight: 400;\">De chica no pudo terminar el secundario porque junto a sus cuatro hermanas mujeres ayudaban en el negocio de su padre. M\u00e1s tarde estudi\u00f3 Alta Costura y muchos a\u00f1os despu\u00e9s, psicolog\u00eda social. Tuvo dos hijos, Carlos Gustavo y Marcelo.<\/span><\/p>\n<p style=\"text-align: justify;\"><span style=\"font-weight: 400;\">El 15 de abril de 1977 secuestraron a Carlos Gustavo. Nora ten\u00eda entonces 47 a\u00f1os y se sum\u00f3 a otras madres en la misma situaci\u00f3n con las que conform\u00f3 la organizaci\u00f3n Madres de Plaza de Mayo. En 1986, luego de la ruptura de la organizaci\u00f3n, fue parte de Madres de Plaza de Mayo L\u00ednea fundadora, de la que fue presidenta durante muchos a\u00f1os. Particip\u00f3 tambi\u00e9n de FEDEFAM y desde 2015 fue integrante de la Comisi\u00f3n Provincial por la Memoria.<\/span><\/p>\n<p style=\"text-align: justify;\"><span style=\"font-weight: 400;\">Luchadora incansable por la defensa de los derechos humanos, muri\u00f3 a los 94 a\u00f1os el 30 de mayo de 2024. <\/span><\/p>\n<p>[\/et_pb_tab][et_pb_tab title=\u00bbENGLISH\u00bb _builder_version=\u00bb4.27.4&#8243; _module_preset=\u00bbdefault\u00bb hover_enabled=\u00bb0&#8243; sticky_enabled=\u00bb0&#8243;]<\/p>\n<p><span style=\"font-weight: 400;\">Nora was born in 1930 in the heart of Buenos Aires. She called herself \u201cporte\u00f1\u00edsima\u201d, a description of someone extremely from the capital city, although in 1952 she moved with her husband to Castelar, in the Mor\u00f3n district, and lived there until her death.<\/span><\/p>\n<p><span style=\"font-weight: 400;\">As a child, she was unable to finish high school because she and her four sisters helped in her father&#8217;s business. Later, she studied high fashion design and, many years later, social psychology. She had two sons: Carlos Gustavo and Marcelo.<\/span><\/p>\n<p><span style=\"font-weight: 400;\">Nora was 47 years old when, on April 15, 1977, Carlos Gustavo was kidnapped. Nora joined other mothers in the same situation in forming the Mothers of the Plaza de Mayo organization. In 1986, after the organization&#8217;s dissolution, she joined the Founding Mothers of the Plaza de Mayo Line, of which she served as president for many years. She also participated in FEDEFAM and, since 2015, has been a member of the Provincial Commission for Memory.<\/span><\/p>\n<p><span style=\"font-weight: 400;\">A tireless fighter for human rights, she died at the age of 94 on May 30, 2024.<\/span><\/p>\n<p>[\/et_pb_tab][\/et_pb_tabs][\/et_pb_column][\/et_pb_row][et_pb_row disabled_on=\u00bbon|off|off\u00bb _builder_version=\u00bb4.27.4&#8243; _module_preset=\u00bbdefault\u00bb max_width=\u00bb1280px\u00bb custom_padding=\u00bb0px||||false|false\u00bb global_colors_info=\u00bb{}\u00bb][et_pb_column type=\u00bb4_4&#8243; _builder_version=\u00bb4.27.4&#8243; _module_preset=\u00bbdefault\u00bb global_colors_info=\u00bb{}\u00bb][et_pb_audio audio=\u00bbhttps:\/\/www.comisionporlamemoria.org\/museo\/wp-content\/uploads\/sites\/18\/2025\/03\/4-Cortinas.mp3&#8243; _builder_version=\u00bb4.27.4&#8243; _module_preset=\u00bbdefault\u00bb background_color=\u00bb#DFB758&#8243; locked=\u00bboff\u00bb global_colors_info=\u00bb{}\u00bb][\/et_pb_audio][\/et_pb_column][\/et_pb_row][\/et_pb_section]<\/p>\n","protected":false},"excerpt":{"rendered":"<p>Nora naci\u00f3 en 1930 en pleno centro de Buenos Aires. \u201cPorte\u00f1\u00edsima\u201d, seg\u00fan su propia definici\u00f3n, aunque en el a\u00f1o 1952 se mud\u00f3 con su marido a Castelar, en el partido de Mor\u00f3n, y vivi\u00f3 all\u00ed hasta su muerte.\u00a0 De chica no pudo terminar el secundario porque junto a sus cuatro hermanas mujeres ayudaban en el [&hellip;]<\/p>\n","protected":false},"author":40,"featured_media":0,"comment_status":"open","ping_status":"closed","template":"","meta":{"_et_pb_use_builder":"on","_et_pb_old_content":"","_et_gb_content_width":"","jetpack_post_was_ever_published":false,"footnotes":""},"project_category":[],"project_tag":[],"class_list":["post-49482","project","type-project","status-publish","hentry"],"jetpack_sharing_enabled":true,"_links":{"self":[{"href":"https:\/\/www.comisionporlamemoria.org\/museo\/wp-json\/wp\/v2\/project\/49482","targetHints":{"allow":["GET"]}}],"collection":[{"href":"https:\/\/www.comisionporlamemoria.org\/museo\/wp-json\/wp\/v2\/project"}],"about":[{"href":"https:\/\/www.comisionporlamemoria.org\/museo\/wp-json\/wp\/v2\/types\/project"}],"author":[{"embeddable":true,"href":"https:\/\/www.comisionporlamemoria.org\/museo\/wp-json\/wp\/v2\/users\/40"}],"replies":[{"embeddable":true,"href":"https:\/\/www.comisionporlamemoria.org\/museo\/wp-json\/wp\/v2\/comments?post=49482"}],"version-history":[{"count":0,"href":"https:\/\/www.comisionporlamemoria.org\/museo\/wp-json\/wp\/v2\/project\/49482\/revisions"}],"wp:attachment":[{"href":"https:\/\/www.comisionporlamemoria.org\/museo\/wp-json\/wp\/v2\/media?parent=49482"}],"wp:term":[{"taxonomy":"project_category","embeddable":true,"href":"https:\/\/www.comisionporlamemoria.org\/museo\/wp-json\/wp\/v2\/project_category?post=49482"},{"taxonomy":"project_tag","embeddable":true,"href":"https:\/\/www.comisionporlamemoria.org\/museo\/wp-json\/wp\/v2\/project_tag?post=49482"}],"curies":[{"name":"wp","href":"https:\/\/api.w.org\/{rel}","templated":true}]}}

Nora Morales de Cortiñas

<p>[et_pb_section fb_built=»1&#8243; _builder_version=»4.27.4&#8243; _module_preset=»default» custom_margin=»|0px||0px|false|false» custom_padding=»0px|5%|0px|5%|false|false» global_colors_info=»{}»][et_pb_row _builder_version=»4.27.4&#8243; _module_preset=»default» background_color=»#dfb758&#8243; width=»90%» max_width=»1280px» global_colors_info=»{}»][et_pb_column type=»4_4&#8243; _builder_version=»4.27.4&#8243; _module_preset=»default» global_colors_info=»{}»][et_pb_post_title meta=»off» featured_image=»off» _builder_version=»4.27.4&#8243; _module_preset=»default» title_text_align=»center» title_text_color=»#d00054&#8243; global_colors_info=»{}»][/et_pb_post_title][et_pb_audio audio=»https://www.comisionporlamemoria.org/museo/wp-content/uploads/sites/18/2025/03/4-Cortinas.mp3&#8243; disabled_on=»off|on|on» _builder_version=»4.27.4&#8243; _module_preset=»default» background_color=»#DFB758&#8243; locked=»off» global_colors_info=»{}»][/et_pb_audio][/et_pb_column][/et_pb_row][et_pb_row column_structure=»1_3,2_3&#8243; make_equal=»on» _builder_version=»4.27.4&#8243; _module_preset=»default» background_enable_pattern_style=»on» background_pattern_style=»diagonal-stripes-2&#8243; background_pattern_color=»rgba(0,0,0,0.1)» max_width=»1280px» global_colors_info=»{}»][et_pb_column type=»1_3&#8243; _builder_version=»4.27.4&#8243; _module_preset=»default» global_colors_info=»{}»][et_pb_image src=»https://www.comisionporlamemoria.org/museo/wp-content/uploads/sites/18/2025/05/Sin-titulo-3-scaled.jpg» title_text=»Sin título-3&#8243; align=»center» _builder_version=»4.27.4&#8243; _module_preset=»default» custom_margin=»|||2%|false|false» global_colors_info=»{}»][/et_pb_image][/et_pb_column][et_pb_column type=»2_3&#8243; _builder_version=»4.27.4&#8243; _module_preset=»default» global_colors_info=»{}»][et_pb_tabs _builder_version=»4.27.4&#8243; _module_preset=»default» custom_margin=»|2%|||false|false» hover_enabled=»0&#8243; sticky_enabled=»0&#8243;][et_pb_tab title=»ESPAÑOL» _builder_version=»4.27.4&#8243; _module_preset=»default» hover_enabled=»0&#8243; sticky_enabled=»0&#8243;]</p>
<p style="text-align: justify;"><span style="font-weight: 400;">Nora nació en 1930 en pleno centro de Buenos Aires. “Porteñísima”, según su propia definición, aunque en el año 1952 se mudó con su marido a Castelar, en el partido de Morón, y vivió allí hasta su muerte. </span></p>
<p style="text-align: justify;"><span style="font-weight: 400;">De chica no pudo terminar el secundario porque junto a sus cuatro hermanas mujeres ayudaban en el negocio de su padre. Más tarde estudió Alta Costura y muchos años después, psicología social. Tuvo dos hijos, Carlos Gustavo y Marcelo.</span></p>
<p style="text-align: justify;"><span style="font-weight: 400;">El 15 de abril de 1977 secuestraron a Carlos Gustavo. Nora tenía entonces 47 años y se sumó a otras madres en la misma situación con las que conformó la organización Madres de Plaza de Mayo. En 1986, luego de la ruptura de la organización, fue parte de Madres de Plaza de Mayo Línea fundadora, de la que fue presidenta durante muchos años. Participó también de FEDEFAM y desde 2015 fue integrante de la Comisión Provincial por la Memoria.</span></p>
<p style="text-align: justify;"><span style="font-weight: 400;">Luchadora incansable por la defensa de los derechos humanos, murió a los 94 años el 30 de mayo de 2024. </span></p>
<p>[/et_pb_tab][et_pb_tab title=»ENGLISH» _builder_version=»4.27.4&#8243; _module_preset=»default» hover_enabled=»0&#8243; sticky_enabled=»0&#8243;]</p>
<p><span style="font-weight: 400;">Nora was born in 1930 in the heart of Buenos Aires. She called herself “porteñísima”, a description of someone extremely from the capital city, although in 1952 she moved with her husband to Castelar, in the Morón district, and lived there until her death.</span></p>
<p><span style="font-weight: 400;">As a child, she was unable to finish high school because she and her four sisters helped in her father&#8217;s business. Later, she studied high fashion design and, many years later, social psychology. She had two sons: Carlos Gustavo and Marcelo.</span></p>
<p><span style="font-weight: 400;">Nora was 47 years old when, on April 15, 1977, Carlos Gustavo was kidnapped. Nora joined other mothers in the same situation in forming the Mothers of the Plaza de Mayo organization. In 1986, after the organization&#8217;s dissolution, she joined the Founding Mothers of the Plaza de Mayo Line, of which she served as president for many years. She also participated in FEDEFAM and, since 2015, has been a member of the Provincial Commission for Memory.</span></p>
<p><span style="font-weight: 400;">A tireless fighter for human rights, she died at the age of 94 on May 30, 2024.</span></p>
<p>[/et_pb_tab][/et_pb_tabs][/et_pb_column][/et_pb_row][et_pb_row disabled_on=»on|off|off» _builder_version=»4.27.4&#8243; _module_preset=»default» max_width=»1280px» custom_padding=»0px||||false|false» global_colors_info=»{}»][et_pb_column type=»4_4&#8243; _builder_version=»4.27.4&#8243; _module_preset=»default» global_colors_info=»{}»][et_pb_audio audio=»https://www.comisionporlamemoria.org/museo/wp-content/uploads/sites/18/2025/03/4-Cortinas.mp3&#8243; _builder_version=»4.27.4&#8243; _module_preset=»default» background_color=»#DFB758&#8243; locked=»off» global_colors_info=»{}»][/et_pb_audio][/et_pb_column][/et_pb_row][/et_pb_section]</p>

<p>Nora nació en 1930 en pleno centro de Buenos Aires. “Porteñísima”, según su propia definición, aunque en el año 1952 se mudó con su marido a Castelar, en el partido de Morón, y vivió allí hasta su muerte.  De chica no pudo terminar el secundario porque junto a sus cuatro hermanas mujeres ayudaban en el [&hellip;]</p>
