{"id":49488,"date":"2025-05-13T12:31:46","date_gmt":"2025-05-13T12:31:46","guid":{"rendered":"https:\/\/www.comisionporlamemoria.org\/museo\/?post_type=project&#038;p=49488"},"modified":"2025-06-26T16:51:21","modified_gmt":"2025-06-26T16:51:21","slug":"rosa","status":"publish","type":"project","link":"https:\/\/www.comisionporlamemoria.org\/museo\/project\/rosa\/","title":{"rendered":"Rosa Tarlovsky de Roisinblit"},"content":{"rendered":"<p>[et_pb_section fb_built=\u00bb1&#8243; _builder_version=\u00bb4.27.4&#8243; _module_preset=\u00bbdefault\u00bb custom_margin=\u00bb|0px||0px|false|false\u00bb custom_padding=\u00bb0px|5%|0px|5%|false|false\u00bb global_colors_info=\u00bb{}\u00bb][et_pb_row _builder_version=\u00bb4.27.4&#8243; _module_preset=\u00bbdefault\u00bb background_color=\u00bb#dfb758&#8243; width=\u00bb90%\u00bb max_width=\u00bb1280px\u00bb global_colors_info=\u00bb{}\u00bb][et_pb_column type=\u00bb4_4&#8243; _builder_version=\u00bb4.27.4&#8243; _module_preset=\u00bbdefault\u00bb global_colors_info=\u00bb{}\u00bb][et_pb_post_title meta=\u00bboff\u00bb featured_image=\u00bboff\u00bb _builder_version=\u00bb4.27.4&#8243; _module_preset=\u00bbdefault\u00bb title_text_align=\u00bbcenter\u00bb title_text_color=\u00bb#d00054&#8243; global_colors_info=\u00bb{}\u00bb][\/et_pb_post_title][et_pb_audio audio=\u00bbhttps:\/\/www.comisionporlamemoria.org\/museo\/wp-content\/uploads\/sites\/18\/2025\/03\/5-Roisinblit.mp3&#8243; disabled_on=\u00bboff|on|on\u00bb _builder_version=\u00bb4.27.4&#8243; _module_preset=\u00bbdefault\u00bb background_color=\u00bb#DFB758&#8243; locked=\u00bboff\u00bb global_colors_info=\u00bb{}\u00bb][\/et_pb_audio][\/et_pb_column][\/et_pb_row][et_pb_row column_structure=\u00bb1_3,2_3&#8243; make_equal=\u00bbon\u00bb _builder_version=\u00bb4.27.4&#8243; _module_preset=\u00bbdefault\u00bb background_enable_pattern_style=\u00bbon\u00bb background_pattern_style=\u00bbdiagonal-stripes-2&#8243; background_pattern_color=\u00bbrgba(0,0,0,0.1)\u00bb max_width=\u00bb1280px\u00bb global_colors_info=\u00bb{}\u00bb][et_pb_column type=\u00bb1_3&#8243; _builder_version=\u00bb4.27.4&#8243; _module_preset=\u00bbdefault\u00bb global_colors_info=\u00bb{}\u00bb][et_pb_image src=\u00bbhttps:\/\/www.comisionporlamemoria.org\/museo\/wp-content\/uploads\/sites\/18\/2025\/05\/Sin-titulo-5.jpg\u00bb title_text=\u00bbSin t\u00edtulo-5&#8243; align=\u00bbcenter\u00bb _builder_version=\u00bb4.27.4&#8243; _module_preset=\u00bbdefault\u00bb custom_margin=\u00bb|||3%|false|false\u00bb global_colors_info=\u00bb{}\u00bb][\/et_pb_image][\/et_pb_column][et_pb_column type=\u00bb2_3&#8243; _builder_version=\u00bb4.27.4&#8243; _module_preset=\u00bbdefault\u00bb global_colors_info=\u00bb{}\u00bb][et_pb_tabs _builder_version=\u00bb4.27.4&#8243; _module_preset=\u00bbdefault\u00bb custom_margin=\u00bb|2%|||false|false\u00bb hover_enabled=\u00bb0&#8243; sticky_enabled=\u00bb0&#8243;][et_pb_tab title=\u00bbESPA\u00d1OL\u00bb _builder_version=\u00bb4.27.4&#8243; _module_preset=\u00bbdefault\u00bb hover_enabled=\u00bb0&#8243; sticky_enabled=\u00bb0&#8243;]<\/p>\n<p style=\"text-align: justify;\"><span style=\"font-weight: 400;\">Nieta e hija de los primeros colonos jud\u00edos de Argentina que huyeron de los pogromos zaristas, naci\u00f3 en 1919 en Mois\u00e9s Ville, provincia de Santa Fe. En 1937 se recibi\u00f3 de obstetra y lleg\u00f3 a ocupar el cargo de Partera Jefa de la Maternidad Escuela de Obstetricia de Rosario. En 1951, ya en Buenos Aires, se cas\u00f3 con Benjam\u00edn Roisinblit \u2013contador y poeta- con quien tuvieron a su \u00fanica hija, Patricia Julia.\u00a0<\/span><\/p>\n<p style=\"text-align: justify;\"><span style=\"font-weight: 400;\">El 8 de marzo de 1978, a los 26 a\u00f1os y embarazada de 8 meses, Patricia fue secuestrada junto a su hija Mariana de s\u00f3lo 15 meses. Dos d\u00edas antes se hab\u00edan llevado del trabajo a su compa\u00f1ero Jos\u00e9 Manuel P\u00e9rez Rojo.\u00a0 Rosa ten\u00eda en ese entonces, 58 a\u00f1os.\u00a0<\/span><\/p>\n<p style=\"text-align: justify;\"><span style=\"font-weight: 400;\">Luego de la desaparici\u00f3n de su hija se integra a Abuelas de Plaza de Mayo en la b\u00fasqueda de su nieto nacido en cautiverio, quien es restituido en 2004. Dentro de la Asociaci\u00f3n se desempe\u00f1\u00f3 como tesorera desde 1981 hasta 1989, a\u00f1o en que asumi\u00f3 como vicepresidenta. En una entrevista que le hicieron en 2007, Rosa dec\u00eda: <\/span><i><span style=\"font-weight: 400;\">No estaba ac\u00e1 solamente para buscarlo a \u00e9l, sino a todos los que faltan<\/span><\/i><span style=\"font-weight: 400;\">.\u00a0<\/span><\/p>\n<p style=\"text-align: justify;\"><span style=\"font-weight: 400;\">El archivo personal est\u00e1 conformado por fotograf\u00edas familiares, libros de viajes, cartas y publicaciones entre otros documentos.\u00a0\u00a0\u00a0<\/span><\/p>\n<p style=\"text-align: justify;\"><span style=\"font-weight: 400;\">Rosa Tarlovsky de Roisimblit, hoy, a los 105 a\u00f1os, sigue peleando batallas<\/span><\/p>\n<p>[\/et_pb_tab][et_pb_tab title=\u00bbENGLISH\u00bb _builder_version=\u00bb4.27.4&#8243; _module_preset=\u00bbdefault\u00bb hover_enabled=\u00bb0&#8243; sticky_enabled=\u00bb0&#8243;]<\/p>\n<p><span style=\"font-weight: 400;\">The granddaughter and daughter of the first Jewish settlers in Argentina who fled the Tsarist pogroms, Rosa was born in 1919 in Mois\u00e9s Ville, Santa Fe province. In 1937, she graduated as an obstetrician and rose to the position of Chief Midwife at the Rosario Maternity School of Obstetrics. In 1951, already in Buenos Aires, she married Benjam\u00edn Roisinblit, an accountant and poet, with whom she had her only child, Patricia Julia.<\/span><\/p>\n<p><span style=\"font-weight: 400;\">On March 8, 1978, at the age of 26 and eight months pregnant, Patricia was kidnapped along with her 15-month-old daughter, Mariana. Two days earlier, her colleague, Jos\u00e9 Manuel P\u00e9rez Rojo, had been kidnapped while at work. Rosa was 58 years old at the time. After her daughter&#8217;s disappearance, she joined the Association of the Grandmothers of the Plaza de Mayo in the search for her grandson, born in captivity, who was returned to his family in 2004. She served as treasurer of the Grandmothers from 1981 to 1989, when she became vice president.\u00a0<\/span><\/p>\n<p><span style=\"font-weight: 400;\">Her personal archive consists of family photographs, travel books, letters, and publications, among other documents. In a 2007 interview, Rosa stated: \u00abI wasn&#8217;t here just to search for him, but for all those who are missing.\u00bb<\/span><\/p>\n<p><span style=\"font-weight: 400;\">Today, at 105, Rosa Tarlovsky de Roisimblit continues to fight battles.<\/span><\/p>\n<p>[\/et_pb_tab][\/et_pb_tabs][\/et_pb_column][\/et_pb_row][et_pb_row disabled_on=\u00bbon|off|off\u00bb _builder_version=\u00bb4.27.4&#8243; _module_preset=\u00bbdefault\u00bb max_width=\u00bb1280px\u00bb custom_padding=\u00bb0px||||false|false\u00bb global_colors_info=\u00bb{}\u00bb][et_pb_column type=\u00bb4_4&#8243; _builder_version=\u00bb4.27.4&#8243; _module_preset=\u00bbdefault\u00bb global_colors_info=\u00bb{}\u00bb][et_pb_audio audio=\u00bbhttps:\/\/www.comisionporlamemoria.org\/museo\/wp-content\/uploads\/sites\/18\/2025\/03\/5-Roisinblit.mp3&#8243; _builder_version=\u00bb4.27.4&#8243; _module_preset=\u00bbdefault\u00bb background_color=\u00bb#DFB758&#8243; locked=\u00bboff\u00bb global_colors_info=\u00bb{}\u00bb][\/et_pb_audio][\/et_pb_column][\/et_pb_row][\/et_pb_section]<\/p>\n","protected":false},"excerpt":{"rendered":"<p>Nieta e hija de los primeros colonos jud\u00edos de Argentina que huyeron de los pogromos zaristas, naci\u00f3 en 1919 en Mois\u00e9s Ville, provincia de Santa Fe. En 1937 se recibi\u00f3 de obstetra y lleg\u00f3 a ocupar el cargo de Partera Jefa de la Maternidad Escuela de Obstetricia de Rosario. En 1951, ya en Buenos Aires, [&hellip;]<\/p>\n","protected":false},"author":40,"featured_media":0,"comment_status":"open","ping_status":"closed","template":"","meta":{"_et_pb_use_builder":"on","_et_pb_old_content":"","_et_gb_content_width":"","jetpack_post_was_ever_published":false,"footnotes":""},"project_category":[],"project_tag":[],"class_list":["post-49488","project","type-project","status-publish","hentry"],"jetpack_sharing_enabled":true,"_links":{"self":[{"href":"https:\/\/www.comisionporlamemoria.org\/museo\/wp-json\/wp\/v2\/project\/49488","targetHints":{"allow":["GET"]}}],"collection":[{"href":"https:\/\/www.comisionporlamemoria.org\/museo\/wp-json\/wp\/v2\/project"}],"about":[{"href":"https:\/\/www.comisionporlamemoria.org\/museo\/wp-json\/wp\/v2\/types\/project"}],"author":[{"embeddable":true,"href":"https:\/\/www.comisionporlamemoria.org\/museo\/wp-json\/wp\/v2\/users\/40"}],"replies":[{"embeddable":true,"href":"https:\/\/www.comisionporlamemoria.org\/museo\/wp-json\/wp\/v2\/comments?post=49488"}],"version-history":[{"count":0,"href":"https:\/\/www.comisionporlamemoria.org\/museo\/wp-json\/wp\/v2\/project\/49488\/revisions"}],"wp:attachment":[{"href":"https:\/\/www.comisionporlamemoria.org\/museo\/wp-json\/wp\/v2\/media?parent=49488"}],"wp:term":[{"taxonomy":"project_category","embeddable":true,"href":"https:\/\/www.comisionporlamemoria.org\/museo\/wp-json\/wp\/v2\/project_category?post=49488"},{"taxonomy":"project_tag","embeddable":true,"href":"https:\/\/www.comisionporlamemoria.org\/museo\/wp-json\/wp\/v2\/project_tag?post=49488"}],"curies":[{"name":"wp","href":"https:\/\/api.w.org\/{rel}","templated":true}]}}

<p>[et_pb_section fb_built=»1&#8243; _builder_version=»4.27.4&#8243; _module_preset=»default» custom_margin=»|0px||0px|false|false» custom_padding=»0px|5%|0px|5%|false|false» global_colors_info=»{}»][et_pb_row _builder_version=»4.27.4&#8243; _module_preset=»default» background_color=»#dfb758&#8243; width=»90%» max_width=»1280px» global_colors_info=»{}»][et_pb_column type=»4_4&#8243; _builder_version=»4.27.4&#8243; _module_preset=»default» global_colors_info=»{}»][et_pb_post_title meta=»off» featured_image=»off» _builder_version=»4.27.4&#8243; _module_preset=»default» title_text_align=»center» title_text_color=»#d00054&#8243; global_colors_info=»{}»][/et_pb_post_title][et_pb_audio audio=»https://www.comisionporlamemoria.org/museo/wp-content/uploads/sites/18/2025/03/5-Roisinblit.mp3&#8243; disabled_on=»off|on|on» _builder_version=»4.27.4&#8243; _module_preset=»default» background_color=»#DFB758&#8243; locked=»off» global_colors_info=»{}»][/et_pb_audio][/et_pb_column][/et_pb_row][et_pb_row column_structure=»1_3,2_3&#8243; make_equal=»on» _builder_version=»4.27.4&#8243; _module_preset=»default» background_enable_pattern_style=»on» background_pattern_style=»diagonal-stripes-2&#8243; background_pattern_color=»rgba(0,0,0,0.1)» max_width=»1280px» global_colors_info=»{}»][et_pb_column type=»1_3&#8243; _builder_version=»4.27.4&#8243; _module_preset=»default» global_colors_info=»{}»][et_pb_image src=»https://www.comisionporlamemoria.org/museo/wp-content/uploads/sites/18/2025/05/Sin-titulo-5.jpg» title_text=»Sin título-5&#8243; align=»center» _builder_version=»4.27.4&#8243; _module_preset=»default» custom_margin=»|||3%|false|false» global_colors_info=»{}»][/et_pb_image][/et_pb_column][et_pb_column type=»2_3&#8243; _builder_version=»4.27.4&#8243; _module_preset=»default» global_colors_info=»{}»][et_pb_tabs _builder_version=»4.27.4&#8243; _module_preset=»default» custom_margin=»|2%|||false|false» hover_enabled=»0&#8243; sticky_enabled=»0&#8243;][et_pb_tab title=»ESPAÑOL» _builder_version=»4.27.4&#8243; _module_preset=»default» hover_enabled=»0&#8243; sticky_enabled=»0&#8243;]</p>
<p style="text-align: justify;"><span style="font-weight: 400;">Nieta e hija de los primeros colonos judíos de Argentina que huyeron de los pogromos zaristas, nació en 1919 en Moisés Ville, provincia de Santa Fe. En 1937 se recibió de obstetra y llegó a ocupar el cargo de Partera Jefa de la Maternidad Escuela de Obstetricia de Rosario. En 1951, ya en Buenos Aires, se casó con Benjamín Roisinblit –contador y poeta- con quien tuvieron a su única hija, Patricia Julia. </span></p>
<p style="text-align: justify;"><span style="font-weight: 400;">El 8 de marzo de 1978, a los 26 años y embarazada de 8 meses, Patricia fue secuestrada junto a su hija Mariana de sólo 15 meses. Dos días antes se habían llevado del trabajo a su compañero José Manuel Pérez Rojo.  Rosa tenía en ese entonces, 58 años. </span></p>
<p style="text-align: justify;"><span style="font-weight: 400;">Luego de la desaparición de su hija se integra a Abuelas de Plaza de Mayo en la búsqueda de su nieto nacido en cautiverio, quien es restituido en 2004. Dentro de la Asociación se desempeñó como tesorera desde 1981 hasta 1989, año en que asumió como vicepresidenta. En una entrevista que le hicieron en 2007, Rosa decía: </span><i><span style="font-weight: 400;">No estaba acá solamente para buscarlo a él, sino a todos los que faltan</span></i><span style="font-weight: 400;">. </span></p>
<p style="text-align: justify;"><span style="font-weight: 400;">El archivo personal está conformado por fotografías familiares, libros de viajes, cartas y publicaciones entre otros documentos.   </span></p>
<p style="text-align: justify;"><span style="font-weight: 400;">Rosa Tarlovsky de Roisimblit, hoy, a los 105 años, sigue peleando batallas</span></p>
<p>[/et_pb_tab][et_pb_tab title=»ENGLISH» _builder_version=»4.27.4&#8243; _module_preset=»default» hover_enabled=»0&#8243; sticky_enabled=»0&#8243;]</p>
<p><span style="font-weight: 400;">The granddaughter and daughter of the first Jewish settlers in Argentina who fled the Tsarist pogroms, Rosa was born in 1919 in Moisés Ville, Santa Fe province. In 1937, she graduated as an obstetrician and rose to the position of Chief Midwife at the Rosario Maternity School of Obstetrics. In 1951, already in Buenos Aires, she married Benjamín Roisinblit, an accountant and poet, with whom she had her only child, Patricia Julia.</span></p>
<p><span style="font-weight: 400;">On March 8, 1978, at the age of 26 and eight months pregnant, Patricia was kidnapped along with her 15-month-old daughter, Mariana. Two days earlier, her colleague, José Manuel Pérez Rojo, had been kidnapped while at work. Rosa was 58 years old at the time. After her daughter&#8217;s disappearance, she joined the Association of the Grandmothers of the Plaza de Mayo in the search for her grandson, born in captivity, who was returned to his family in 2004. She served as treasurer of the Grandmothers from 1981 to 1989, when she became vice president. </span></p>
<p><span style="font-weight: 400;">Her personal archive consists of family photographs, travel books, letters, and publications, among other documents. In a 2007 interview, Rosa stated: «I wasn&#8217;t here just to search for him, but for all those who are missing.»</span></p>
<p><span style="font-weight: 400;">Today, at 105, Rosa Tarlovsky de Roisimblit continues to fight battles.</span></p>
<p>[/et_pb_tab][/et_pb_tabs][/et_pb_column][/et_pb_row][et_pb_row disabled_on=»on|off|off» _builder_version=»4.27.4&#8243; _module_preset=»default» max_width=»1280px» custom_padding=»0px||||false|false» global_colors_info=»{}»][et_pb_column type=»4_4&#8243; _builder_version=»4.27.4&#8243; _module_preset=»default» global_colors_info=»{}»][et_pb_audio audio=»https://www.comisionporlamemoria.org/museo/wp-content/uploads/sites/18/2025/03/5-Roisinblit.mp3&#8243; _builder_version=»4.27.4&#8243; _module_preset=»default» background_color=»#DFB758&#8243; locked=»off» global_colors_info=»{}»][/et_pb_audio][/et_pb_column][/et_pb_row][/et_pb_section]</p>

<p>Nieta e hija de los primeros colonos judíos de Argentina que huyeron de los pogromos zaristas, nació en 1919 en Moisés Ville, provincia de Santa Fe. En 1937 se recibió de obstetra y llegó a ocupar el cargo de Partera Jefa de la Maternidad Escuela de Obstetricia de Rosario. En 1951, ya en Buenos Aires, [&hellip;]</p>
