{"id":49494,"date":"2025-05-13T12:38:14","date_gmt":"2025-05-13T12:38:14","guid":{"rendered":"https:\/\/www.comisionporlamemoria.org\/museo\/?post_type=project&#038;p=49494"},"modified":"2025-06-26T16:53:16","modified_gmt":"2025-06-26T16:53:16","slug":"chicha","status":"publish","type":"project","link":"https:\/\/www.comisionporlamemoria.org\/museo\/project\/chicha\/","title":{"rendered":"Isabel \u201cChicha\u201d Chorobik de Mariani"},"content":{"rendered":"<p>[et_pb_section fb_built=\u00bb1&#8243; _builder_version=\u00bb4.27.4&#8243; _module_preset=\u00bbdefault\u00bb custom_margin=\u00bb|0px||0px|false|false\u00bb custom_padding=\u00bb0px|5%|0px|5%|false|false\u00bb global_colors_info=\u00bb{}\u00bb][et_pb_row _builder_version=\u00bb4.27.4&#8243; _module_preset=\u00bbdefault\u00bb background_color=\u00bb#dfb758&#8243; width=\u00bb90%\u00bb max_width=\u00bb1280px\u00bb global_colors_info=\u00bb{}\u00bb][et_pb_column type=\u00bb4_4&#8243; _builder_version=\u00bb4.27.4&#8243; _module_preset=\u00bbdefault\u00bb global_colors_info=\u00bb{}\u00bb][et_pb_post_title meta=\u00bboff\u00bb featured_image=\u00bboff\u00bb _builder_version=\u00bb4.27.4&#8243; _module_preset=\u00bbdefault\u00bb title_text_align=\u00bbcenter\u00bb title_text_color=\u00bb#d00054&#8243; global_colors_info=\u00bb{}\u00bb][\/et_pb_post_title][et_pb_audio audio=\u00bbhttps:\/\/www.comisionporlamemoria.org\/museo\/wp-content\/uploads\/sites\/18\/2025\/03\/6-Mariani.mp3&#8243; disabled_on=\u00bboff|on|on\u00bb _builder_version=\u00bb4.27.4&#8243; _module_preset=\u00bbdefault\u00bb background_color=\u00bb#DFB758&#8243; locked=\u00bboff\u00bb global_colors_info=\u00bb{}\u00bb][\/et_pb_audio][\/et_pb_column][\/et_pb_row][et_pb_row column_structure=\u00bb1_3,2_3&#8243; make_equal=\u00bbon\u00bb _builder_version=\u00bb4.27.4&#8243; _module_preset=\u00bbdefault\u00bb background_enable_pattern_style=\u00bbon\u00bb background_pattern_style=\u00bbdiagonal-stripes-2&#8243; background_pattern_color=\u00bbrgba(0,0,0,0.1)\u00bb max_width=\u00bb1280px\u00bb global_colors_info=\u00bb{}\u00bb][et_pb_column type=\u00bb1_3&#8243; _builder_version=\u00bb4.27.4&#8243; _module_preset=\u00bbdefault\u00bb global_colors_info=\u00bb{}\u00bb][et_pb_image src=\u00bbhttps:\/\/www.comisionporlamemoria.org\/museo\/wp-content\/uploads\/sites\/18\/2025\/05\/CHICHA-AUTOR-Juan-Quiles.jpg\u00bb title_text=\u00bbCHICHA &#8211; AUTOR Juan Quiles\u00bb align=\u00bbcenter\u00bb _builder_version=\u00bb4.27.4&#8243; _module_preset=\u00bbdefault\u00bb custom_margin=\u00bb|||3%|false|false\u00bb global_colors_info=\u00bb{}\u00bb][\/et_pb_image][\/et_pb_column][et_pb_column type=\u00bb2_3&#8243; _builder_version=\u00bb4.27.4&#8243; _module_preset=\u00bbdefault\u00bb global_colors_info=\u00bb{}\u00bb][et_pb_tabs _builder_version=\u00bb4.27.4&#8243; _module_preset=\u00bbdefault\u00bb custom_margin=\u00bb|2%|||false|false\u00bb hover_enabled=\u00bb0&#8243; sticky_enabled=\u00bb0&#8243;][et_pb_tab title=\u00bbESPA\u00d1OL\u00bb _builder_version=\u00bb4.27.4&#8243; _module_preset=\u00bbdefault\u00bb hover_enabled=\u00bb0&#8243; sticky_enabled=\u00bb0&#8243;]<\/p>\n<p>Naci\u00f3 el 19 de noviembre de 1923 en Ca\u00f1ada Seca, San Rafael, Mendoza. Desde peque\u00f1a la apodaron Chicha. Entre 1943 y 1946 curs\u00f3 en la Academia de Artes Pl\u00e1sticas de la Universidad de Cuyo, y ejerci\u00f3 la docencia como profesora particular de dibujo y pintura.<\/p>\n<p>En La Plata se cas\u00f3 con el m\u00fasico y director de orquesta Enrique Mariani, y tuvieron un solo hijo, Daniel Enrique. All\u00ed Chicha retom\u00f3 los estudios y se recibi\u00f3 en la Escuela Superior de Bellas Artes de la UNLP. Como pintora, gan\u00f3 m\u00e1s de 200 premios en distintos concursos. En 1962 comenz\u00f3 a dar clases de Historia del Arte en el Liceo V\u00edctor Mercante, donde fue jefa del departamento de est\u00e9tica entre 1966 y 1977.<\/p>\n<p>Luego del asesinato de su nuera y el secuestro de su nieta el 24 de noviembre de 1976 y el asesinato de su hijo el 1 de agosto de 1977, Chicha dedic\u00f3 su vida a la b\u00fasqueda Clara Anah\u00ed. Ten\u00eda entonces 54 a\u00f1os.<\/p>\n<p>El 21 de noviembre de 1977 conform\u00f3 junto a otras abuelas la agrupaci\u00f3n Abuelas argentinas con nietitos desaparecidos, que luego se denominar\u00eda Abuelas de Plaza de Mayo. Fue su presidenta hasta 1989, cuando decidi\u00f3 irse de la organizaci\u00f3n. Algunos a\u00f1os despu\u00e9s, en 1996, fund\u00f3 la Asociaci\u00f3n Anah\u00ed. A partir de 2014 form\u00f3 parte de la Comisi\u00f3n Provincial por la Memoria como asesora acad\u00e9mica.<\/p>\n<p>Chicha muri\u00f3 en el a\u00f1o 2018, a los 94 a\u00f1os. La b\u00fasqueda de Clara\u00a0Anah\u00ed\u00a0contin\u00faa.<\/p>\n<p>[\/et_pb_tab][et_pb_tab title=\u00bbENGLISH\u00bb _builder_version=\u00bb4.27.4&#8243; _module_preset=\u00bbdefault\u00bb hover_enabled=\u00bb0&#8243; sticky_enabled=\u00bb0&#8243;]<\/p>\n<p><span style=\"font-weight: 400;\">Mar\u00eda Isabel \u2013 also known from a young age as \u201cChicha\u201d \u2013 was born on November 19, 1923, in Ca\u00f1ada Seca, San Rafael, Mendoza. Between 1943 and 1946, she attended the Academy of Fine Arts at the University of Cuyo and worked as a private teacher of drawing and painting.<\/span><\/p>\n<p><span style=\"font-weight: 400;\">In La Plata, she married the musician and orchestra conductor Enrique Mariani, and they had one child, Daniel Enrique. There, Chicha resumed her studies and graduated from the School of Fine Arts at the UNLP. As a painter, she won more than 200 awards in various competitions. In 1962, she began teaching art history at the V\u00edctor Mercante High School, where she was head of the aesthetics department from 1966 to 1977.<\/span><\/p>\n<p><span style=\"font-weight: 400;\">At 54 years of age, after the murder of her daughter-in-law and the kidnapping of her granddaughter on November 24th, 1976, and the murder of her son on August 1, 1977, Chicha dedicated her life to the search for Clara Anah\u00ed.\u00a0<\/span><\/p>\n<p><span style=\"font-weight: 400;\">On November 21, 1977, she and other grandmothers formed the group \u00abArgentine Grandmothers with Disappeared Grandchildren,\u00bb which would later be called \u00abGrandmothers of Plaza de Mayo.\u00bb She served as its president until 1989, when she decided to leave the organization. A few years later, in 1996, she founded the Anah\u00ed Association. In 2014, she began working as an academic advisor on the Provincial Commission for Memory. Chicha died in 2018, at the age of 94. The search for Clara Anah\u00ed continues.<\/span><\/p>\n<p>[\/et_pb_tab][\/et_pb_tabs][\/et_pb_column][\/et_pb_row][et_pb_row disabled_on=\u00bbon|off|off\u00bb _builder_version=\u00bb4.27.4&#8243; _module_preset=\u00bbdefault\u00bb max_width=\u00bb1280px\u00bb custom_padding=\u00bb0px||||false|false\u00bb global_colors_info=\u00bb{}\u00bb][et_pb_column type=\u00bb4_4&#8243; _builder_version=\u00bb4.27.4&#8243; _module_preset=\u00bbdefault\u00bb global_colors_info=\u00bb{}\u00bb][et_pb_audio audio=\u00bbhttps:\/\/www.comisionporlamemoria.org\/museo\/wp-content\/uploads\/sites\/18\/2025\/03\/6-Mariani.mp3&#8243; _builder_version=\u00bb4.27.4&#8243; _module_preset=\u00bbdefault\u00bb background_color=\u00bb#DFB758&#8243; locked=\u00bboff\u00bb global_colors_info=\u00bb{}\u00bb][\/et_pb_audio][\/et_pb_column][\/et_pb_row][\/et_pb_section]<\/p>\n","protected":false},"excerpt":{"rendered":"<p>Naci\u00f3 el 19 de noviembre de 1923 en Ca\u00f1ada Seca, San Rafael, Mendoza. Desde peque\u00f1a la apodaron Chicha. Entre 1943 y 1946 curs\u00f3 en la Academia de Artes Pl\u00e1sticas de la Universidad de Cuyo, y ejerci\u00f3 la docencia como profesora particular de dibujo y pintura. En La Plata se cas\u00f3 con el m\u00fasico y director [&hellip;]<\/p>\n","protected":false},"author":40,"featured_media":0,"comment_status":"open","ping_status":"closed","template":"","meta":{"_et_pb_use_builder":"on","_et_pb_old_content":"","_et_gb_content_width":"","jetpack_post_was_ever_published":false,"footnotes":""},"project_category":[],"project_tag":[],"class_list":["post-49494","project","type-project","status-publish","hentry"],"jetpack_sharing_enabled":true,"_links":{"self":[{"href":"https:\/\/www.comisionporlamemoria.org\/museo\/wp-json\/wp\/v2\/project\/49494","targetHints":{"allow":["GET"]}}],"collection":[{"href":"https:\/\/www.comisionporlamemoria.org\/museo\/wp-json\/wp\/v2\/project"}],"about":[{"href":"https:\/\/www.comisionporlamemoria.org\/museo\/wp-json\/wp\/v2\/types\/project"}],"author":[{"embeddable":true,"href":"https:\/\/www.comisionporlamemoria.org\/museo\/wp-json\/wp\/v2\/users\/40"}],"replies":[{"embeddable":true,"href":"https:\/\/www.comisionporlamemoria.org\/museo\/wp-json\/wp\/v2\/comments?post=49494"}],"version-history":[{"count":0,"href":"https:\/\/www.comisionporlamemoria.org\/museo\/wp-json\/wp\/v2\/project\/49494\/revisions"}],"wp:attachment":[{"href":"https:\/\/www.comisionporlamemoria.org\/museo\/wp-json\/wp\/v2\/media?parent=49494"}],"wp:term":[{"taxonomy":"project_category","embeddable":true,"href":"https:\/\/www.comisionporlamemoria.org\/museo\/wp-json\/wp\/v2\/project_category?post=49494"},{"taxonomy":"project_tag","embeddable":true,"href":"https:\/\/www.comisionporlamemoria.org\/museo\/wp-json\/wp\/v2\/project_tag?post=49494"}],"curies":[{"name":"wp","href":"https:\/\/api.w.org\/{rel}","templated":true}]}}

<p>[et_pb_section fb_built=»1&#8243; _builder_version=»4.27.4&#8243; _module_preset=»default» custom_margin=»|0px||0px|false|false» custom_padding=»0px|5%|0px|5%|false|false» global_colors_info=»{}»][et_pb_row _builder_version=»4.27.4&#8243; _module_preset=»default» background_color=»#dfb758&#8243; width=»90%» max_width=»1280px» global_colors_info=»{}»][et_pb_column type=»4_4&#8243; _builder_version=»4.27.4&#8243; _module_preset=»default» global_colors_info=»{}»][et_pb_post_title meta=»off» featured_image=»off» _builder_version=»4.27.4&#8243; _module_preset=»default» title_text_align=»center» title_text_color=»#d00054&#8243; global_colors_info=»{}»][/et_pb_post_title][et_pb_audio audio=»https://www.comisionporlamemoria.org/museo/wp-content/uploads/sites/18/2025/03/6-Mariani.mp3&#8243; disabled_on=»off|on|on» _builder_version=»4.27.4&#8243; _module_preset=»default» background_color=»#DFB758&#8243; locked=»off» global_colors_info=»{}»][/et_pb_audio][/et_pb_column][/et_pb_row][et_pb_row column_structure=»1_3,2_3&#8243; make_equal=»on» _builder_version=»4.27.4&#8243; _module_preset=»default» background_enable_pattern_style=»on» background_pattern_style=»diagonal-stripes-2&#8243; background_pattern_color=»rgba(0,0,0,0.1)» max_width=»1280px» global_colors_info=»{}»][et_pb_column type=»1_3&#8243; _builder_version=»4.27.4&#8243; _module_preset=»default» global_colors_info=»{}»][et_pb_image src=»https://www.comisionporlamemoria.org/museo/wp-content/uploads/sites/18/2025/05/CHICHA-AUTOR-Juan-Quiles.jpg» title_text=»CHICHA &#8211; AUTOR Juan Quiles» align=»center» _builder_version=»4.27.4&#8243; _module_preset=»default» custom_margin=»|||3%|false|false» global_colors_info=»{}»][/et_pb_image][/et_pb_column][et_pb_column type=»2_3&#8243; _builder_version=»4.27.4&#8243; _module_preset=»default» global_colors_info=»{}»][et_pb_tabs _builder_version=»4.27.4&#8243; _module_preset=»default» custom_margin=»|2%|||false|false» hover_enabled=»0&#8243; sticky_enabled=»0&#8243;][et_pb_tab title=»ESPAÑOL» _builder_version=»4.27.4&#8243; _module_preset=»default» hover_enabled=»0&#8243; sticky_enabled=»0&#8243;]</p>
<p>Nació el 19 de noviembre de 1923 en Cañada Seca, San Rafael, Mendoza. Desde pequeña la apodaron Chicha. Entre 1943 y 1946 cursó en la Academia de Artes Plásticas de la Universidad de Cuyo, y ejerció la docencia como profesora particular de dibujo y pintura.</p>
<p>En La Plata se casó con el músico y director de orquesta Enrique Mariani, y tuvieron un solo hijo, Daniel Enrique. Allí Chicha retomó los estudios y se recibió en la Escuela Superior de Bellas Artes de la UNLP. Como pintora, ganó más de 200 premios en distintos concursos. En 1962 comenzó a dar clases de Historia del Arte en el Liceo Víctor Mercante, donde fue jefa del departamento de estética entre 1966 y 1977.</p>
<p>Luego del asesinato de su nuera y el secuestro de su nieta el 24 de noviembre de 1976 y el asesinato de su hijo el 1 de agosto de 1977, Chicha dedicó su vida a la búsqueda Clara Anahí. Tenía entonces 54 años.</p>
<p>El 21 de noviembre de 1977 conformó junto a otras abuelas la agrupación Abuelas argentinas con nietitos desaparecidos, que luego se denominaría Abuelas de Plaza de Mayo. Fue su presidenta hasta 1989, cuando decidió irse de la organización. Algunos años después, en 1996, fundó la Asociación Anahí. A partir de 2014 formó parte de la Comisión Provincial por la Memoria como asesora académica.</p>
<p>Chicha murió en el año 2018, a los 94 años. La búsqueda de Clara Anahí continúa.</p>
<p>[/et_pb_tab][et_pb_tab title=»ENGLISH» _builder_version=»4.27.4&#8243; _module_preset=»default» hover_enabled=»0&#8243; sticky_enabled=»0&#8243;]</p>
<p><span style="font-weight: 400;">María Isabel – also known from a young age as “Chicha” – was born on November 19, 1923, in Cañada Seca, San Rafael, Mendoza. Between 1943 and 1946, she attended the Academy of Fine Arts at the University of Cuyo and worked as a private teacher of drawing and painting.</span></p>
<p><span style="font-weight: 400;">In La Plata, she married the musician and orchestra conductor Enrique Mariani, and they had one child, Daniel Enrique. There, Chicha resumed her studies and graduated from the School of Fine Arts at the UNLP. As a painter, she won more than 200 awards in various competitions. In 1962, she began teaching art history at the Víctor Mercante High School, where she was head of the aesthetics department from 1966 to 1977.</span></p>
<p><span style="font-weight: 400;">At 54 years of age, after the murder of her daughter-in-law and the kidnapping of her granddaughter on November 24th, 1976, and the murder of her son on August 1, 1977, Chicha dedicated her life to the search for Clara Anahí. </span></p>
<p><span style="font-weight: 400;">On November 21, 1977, she and other grandmothers formed the group «Argentine Grandmothers with Disappeared Grandchildren,» which would later be called «Grandmothers of Plaza de Mayo.» She served as its president until 1989, when she decided to leave the organization. A few years later, in 1996, she founded the Anahí Association. In 2014, she began working as an academic advisor on the Provincial Commission for Memory. Chicha died in 2018, at the age of 94. The search for Clara Anahí continues.</span></p>
<p>[/et_pb_tab][/et_pb_tabs][/et_pb_column][/et_pb_row][et_pb_row disabled_on=»on|off|off» _builder_version=»4.27.4&#8243; _module_preset=»default» max_width=»1280px» custom_padding=»0px||||false|false» global_colors_info=»{}»][et_pb_column type=»4_4&#8243; _builder_version=»4.27.4&#8243; _module_preset=»default» global_colors_info=»{}»][et_pb_audio audio=»https://www.comisionporlamemoria.org/museo/wp-content/uploads/sites/18/2025/03/6-Mariani.mp3&#8243; _builder_version=»4.27.4&#8243; _module_preset=»default» background_color=»#DFB758&#8243; locked=»off» global_colors_info=»{}»][/et_pb_audio][/et_pb_column][/et_pb_row][/et_pb_section]</p>

<p>Nació el 19 de noviembre de 1923 en Cañada Seca, San Rafael, Mendoza. Desde pequeña la apodaron Chicha. Entre 1943 y 1946 cursó en la Academia de Artes Plásticas de la Universidad de Cuyo, y ejerció la docencia como profesora particular de dibujo y pintura. En La Plata se casó con el músico y director [&hellip;]</p>
