{"id":20,"date":"2022-06-14T12:39:31","date_gmt":"2022-06-14T12:39:31","guid":{"rendered":"https:\/\/www.comisionporlamemoria.org\/vihsibles\/?page_id=20"},"modified":"2022-07-06T19:10:50","modified_gmt":"2022-07-06T19:10:50","slug":"la-nueva-ley-de-vih","status":"publish","type":"page","link":"https:\/\/www.comisionporlamemoria.org\/vihsibles\/la-nueva-ley-de-vih\/","title":{"rendered":"La nueva ley de VIH"},"content":{"rendered":"<p><div class=\"fusion-fullwidth fullwidth-box fusion-builder-row-1 fusion-flex-container nonhundred-percent-fullwidth non-hundred-percent-height-scrolling\" style=\"--awb-border-radius-top-left:0px;--awb-border-radius-top-right:0px;--awb-border-radius-bottom-right:0px;--awb-border-radius-bottom-left:0px;--awb-padding-right:5%;--awb-padding-left:5%;--awb-flex-wrap:wrap;\" ><div class=\"fusion-builder-row fusion-row fusion-flex-align-items-flex-start fusion-flex-content-wrap\" style=\"max-width:1248px;margin-left: calc(-4% \/ 2 );margin-right: calc(-4% \/ 2 );\"><div class=\"fusion-layout-column fusion_builder_column fusion-builder-column-0 fusion_builder_column_1_1 1_1 fusion-flex-column\" style=\"--awb-padding-right:5%;--awb-padding-left:5%;--awb-bg-size:cover;--awb-width-large:100%;--awb-margin-top-large:0px;--awb-spacing-right-large:1.92%;--awb-margin-bottom-large:20px;--awb-spacing-left-large:1.92%;--awb-width-medium:100%;--awb-order-medium:0;--awb-spacing-right-medium:1.92%;--awb-spacing-left-medium:1.92%;--awb-width-small:100%;--awb-order-small:0;--awb-spacing-right-small:1.92%;--awb-spacing-left-small:1.92%;\"><div class=\"fusion-column-wrapper fusion-column-has-shadow fusion-flex-justify-content-flex-start fusion-content-layout-column\"><div class=\"fusion-title title fusion-title-1 fusion-sep-none fusion-title-center fusion-title-text fusion-title-size-one\" style=\"--awb-margin-top-small:10px;--awb-margin-right-small:0px;--awb-margin-bottom-small:10px;--awb-margin-left-small:0px;\"><h1 class=\"fusion-title-heading title-heading-center awb-gradient-text\" style=\"margin:0;background-color:#c63531;background-image:linear-gradient(90deg, #c63531 0%,#e08847 100%);\"><strong><b>Sanci\u00f3n de la ley de respuesta integral al VIH, ITS, hepatitis virales y tuberculosis<\/b><\/strong><\/h1><\/div><\/div><\/div><\/div><\/div><div class=\"fusion-fullwidth fullwidth-box fusion-builder-row-2 fusion-flex-container nonhundred-percent-fullwidth non-hundred-percent-height-scrolling\" style=\"--awb-border-radius-top-left:0px;--awb-border-radius-top-right:0px;--awb-border-radius-bottom-right:0px;--awb-border-radius-bottom-left:0px;--awb-padding-right:5%;--awb-padding-left:5%;--awb-flex-wrap:wrap;\" ><div class=\"fusion-builder-row fusion-row fusion-flex-align-items-flex-start fusion-flex-content-wrap\" style=\"max-width:1248px;margin-left: calc(-4% \/ 2 );margin-right: calc(-4% \/ 2 );\"><div class=\"fusion-layout-column fusion_builder_column fusion-builder-column-1 fusion_builder_column_1_1 1_1 fusion-flex-column\" style=\"--awb-bg-size:cover;--awb-width-large:100%;--awb-margin-top-large:0px;--awb-spacing-right-large:1.92%;--awb-margin-bottom-large:20px;--awb-spacing-left-large:1.92%;--awb-width-medium:100%;--awb-order-medium:0;--awb-spacing-right-medium:1.92%;--awb-spacing-left-medium:1.92%;--awb-width-small:100%;--awb-order-small:0;--awb-spacing-right-small:1.92%;--awb-spacing-left-small:1.92%;\"><div class=\"fusion-column-wrapper fusion-column-has-shadow fusion-flex-justify-content-flex-start fusion-content-layout-column\"><div class=\"fusion-text fusion-text-1\" style=\"--awb-content-alignment:justify;\"><p>Desde hace m\u00e1s de una d\u00e9cada, Argentina est\u00e1 en una meseta, no logr\u00f3 disminuir la cantidad de casos y muertes. Cada a\u00f1o hay 4.800 casos nuevos y entre 1.300 y 1.400 personas mueren por enfermedades vinculadas al VIH.<\/p>\n<p>La Ley Nacional de Sida N\u00b0 23.798 que, en su momento fue una normativa de avanzada, hab\u00eda quedado obsoleta. Desde hace ocho a\u00f1os, todas las organizaciones de personas que viven con VIH ven\u00edan impulsando una nueva ley de abordaje integral que considere no s\u00f3lo el aspecto biom\u00e9dico sino tambi\u00e9n los determinantes sociales de la salud e incluya tambi\u00e9n a las hepatitis virales, la tuberculosis y las infecciones de transmisi\u00f3n sexual.<\/p>\n<p>La ley de respuesta integral al VIH, ITS, Hepatitis virales y Tuberculosis fue sancionada el 30 de junio de 2022, es el resultado de un camino de discusi\u00f3n federal que comenz\u00f3 en 2014 con la participaci\u00f3n de organizaciones de la sociedad civil, redes de personas que viven con VIH, el Ministerio de Salud y la comunidad acad\u00e9mica.<\/p>\n<p>Adem\u00e1s de mantener la atenci\u00f3n, tratamiento y suministro de medicaci\u00f3n de manera gratuita para todas y todos, la ley contempla otros derechos previsionales, laborales y sociales que apuntan, especialmente, a revertir esos condicionamientos socio-econ\u00f3micos que impiden sostener los tratamientos en el tiempo.<\/p>\n<p>Investigaci\u00f3n y desarrollo de tecnolog\u00edas locales para la producci\u00f3n de medicamentos e insumos que garanticen la sustentabilidad y la defensa de la soberan\u00eda sanitaria<\/p>\n<p>La participaci\u00f3n activa de las personas con VIH, Hepatitis Virales, otras ITS y Tuberculosis, en la elaboraci\u00f3n e implementaci\u00f3n de las pol\u00edticas p\u00fablicas.<\/p>\n<p>Asistencia integral, universal, gratuita, a las personas expuestas y\/o afectadas por el VIH, las Hepatitis Virales, otras ITS y la Tuberculosis en el sector p\u00fablico y privado.<\/p>\n<p>Derecho a recibir un trato digno y respetuoso, sin discriminaci\u00f3n de ning\u00fan tipo, en todos los \u00e1mbitos.<\/p>\n<p>Derecho al resguardo de la confidencialidad, privacidad e intimidad,<\/p>\n<p>Derecho a no declarar el diagn\u00f3stico y\/o estadio de su infecci\u00f3n.<\/p>\n<p>Derechos laborales, educativos, asistenciales, de seguridad social,  sin ning\u00fan tipo de discriminaci\u00f3n o restricciones en el acceso.<\/p>\n<p>Que todo\/a hijo\/a nacido de una mujer y\/o persona con capacidad de gestar con VIH pueda acceder de manera gratuita a la leche de f\u00f3rmula y al tratamiento de inhibici\u00f3n de la lactancia durante los primeros dieciocho (18) meses.<\/p>\n<p>Que la prueba sea voluntaria,  gratuita,   confidencial y  universal, para todas personas que la soliciten, con  asesoramiento y vinculaci\u00f3n de la persona diagnosticada con el sistema de salud.<\/p>\n<p>Pol\u00edticas p\u00fablicas que den respuesta a situaciones de vulnerabilidad social que afecten el  acceso a la alimentaci\u00f3n, la salud, el trabajo, la educaci\u00f3n y la vivienda de las personas con VIH.<\/p>\n<p>Adaptaci\u00f3n de los programas y servicios en funci\u00f3n del respeto de la diversidad cultural, de la interculturalidad, de los pueblos y comunidades ind\u00edgenas y que se garantice su participaci\u00f3n.<\/p>\n<p>Un r\u00e9gimen de Jubilaci\u00f3n especial para las personas con VIH y\/o Hepatitis B y\/o C.<\/p>\n<p>Pensi\u00f3n No Contributiva para personas con VIH y\/o Hepatitis B y\/o C.<\/p>\n<\/div><div ><a class=\"fusion-button button-flat fusion-button-default-size button-default fusion-button-default button-1 fusion-button-default-span fusion-button-default-type\" target=\"_blank\" rel=\"noopener noreferrer\" href=\"https:\/\/www.comisionporlamemoria.org\/vihsibles\/wp-content\/uploads\/sites\/16\/sites\/36\/2022\/06\/ley-vih.pdf\"><span class=\"fusion-button-text awb-button__text awb-button__text--default\">Descargar Texto Completo de la Ley<\/span><\/a><\/div><\/div><\/div><\/div><\/div><\/p>\n","protected":false},"excerpt":{"rendered":"","protected":false},"author":40,"featured_media":0,"parent":0,"menu_order":0,"comment_status":"closed","ping_status":"closed","template":"","meta":{"footnotes":""},"class_list":["post-20","page","type-page","status-publish","hentry"],"jetpack_sharing_enabled":true,"_links":{"self":[{"href":"https:\/\/www.comisionporlamemoria.org\/vihsibles\/wp-json\/wp\/v2\/pages\/20","targetHints":{"allow":["GET"]}}],"collection":[{"href":"https:\/\/www.comisionporlamemoria.org\/vihsibles\/wp-json\/wp\/v2\/pages"}],"about":[{"href":"https:\/\/www.comisionporlamemoria.org\/vihsibles\/wp-json\/wp\/v2\/types\/page"}],"author":[{"embeddable":true,"href":"https:\/\/www.comisionporlamemoria.org\/vihsibles\/wp-json\/wp\/v2\/users\/40"}],"replies":[{"embeddable":true,"href":"https:\/\/www.comisionporlamemoria.org\/vihsibles\/wp-json\/wp\/v2\/comments?post=20"}],"version-history":[{"count":0,"href":"https:\/\/www.comisionporlamemoria.org\/vihsibles\/wp-json\/wp\/v2\/pages\/20\/revisions"}],"wp:attachment":[{"href":"https:\/\/www.comisionporlamemoria.org\/vihsibles\/wp-json\/wp\/v2\/media?parent=20"}],"curies":[{"name":"wp","href":"https:\/\/api.w.org\/{rel}","templated":true}]}}

<p><div class="fusion-fullwidth fullwidth-box fusion-builder-row-1 fusion-flex-container nonhundred-percent-fullwidth non-hundred-percent-height-scrolling" style="--awb-border-radius-top-left:0px;--awb-border-radius-top-right:0px;--awb-border-radius-bottom-right:0px;--awb-border-radius-bottom-left:0px;--awb-padding-right:5%;--awb-padding-left:5%;--awb-flex-wrap:wrap;" ><div class="fusion-builder-row fusion-row fusion-flex-align-items-flex-start fusion-flex-content-wrap" style="max-width:1248px;margin-left: calc(-4% / 2 );margin-right: calc(-4% / 2 );"><div class="fusion-layout-column fusion_builder_column fusion-builder-column-0 fusion_builder_column_1_1 1_1 fusion-flex-column" style="--awb-padding-right:5%;--awb-padding-left:5%;--awb-bg-size:cover;--awb-width-large:100%;--awb-margin-top-large:0px;--awb-spacing-right-large:1.92%;--awb-margin-bottom-large:20px;--awb-spacing-left-large:1.92%;--awb-width-medium:100%;--awb-order-medium:0;--awb-spacing-right-medium:1.92%;--awb-spacing-left-medium:1.92%;--awb-width-small:100%;--awb-order-small:0;--awb-spacing-right-small:1.92%;--awb-spacing-left-small:1.92%;"><div class="fusion-column-wrapper fusion-column-has-shadow fusion-flex-justify-content-flex-start fusion-content-layout-column"><div class="fusion-title title fusion-title-1 fusion-sep-none fusion-title-center fusion-title-text fusion-title-size-one" style="--awb-margin-top-small:10px;--awb-margin-right-small:0px;--awb-margin-bottom-small:10px;--awb-margin-left-small:0px;"><h1 class="fusion-title-heading title-heading-center awb-gradient-text" style="margin:0;background-color:#c63531;background-image:linear-gradient(90deg, #c63531 0%,#e08847 100%);"><strong><b>Sanción de la ley de respuesta integral al VIH, ITS, hepatitis virales y tuberculosis</b></strong></h1></div></div></div></div></div><div class="fusion-fullwidth fullwidth-box fusion-builder-row-2 fusion-flex-container nonhundred-percent-fullwidth non-hundred-percent-height-scrolling" style="--awb-border-radius-top-left:0px;--awb-border-radius-top-right:0px;--awb-border-radius-bottom-right:0px;--awb-border-radius-bottom-left:0px;--awb-padding-right:5%;--awb-padding-left:5%;--awb-flex-wrap:wrap;" ><div class="fusion-builder-row fusion-row fusion-flex-align-items-flex-start fusion-flex-content-wrap" style="max-width:1248px;margin-left: calc(-4% / 2 );margin-right: calc(-4% / 2 );"><div class="fusion-layout-column fusion_builder_column fusion-builder-column-1 fusion_builder_column_1_1 1_1 fusion-flex-column" style="--awb-bg-size:cover;--awb-width-large:100%;--awb-margin-top-large:0px;--awb-spacing-right-large:1.92%;--awb-margin-bottom-large:20px;--awb-spacing-left-large:1.92%;--awb-width-medium:100%;--awb-order-medium:0;--awb-spacing-right-medium:1.92%;--awb-spacing-left-medium:1.92%;--awb-width-small:100%;--awb-order-small:0;--awb-spacing-right-small:1.92%;--awb-spacing-left-small:1.92%;"><div class="fusion-column-wrapper fusion-column-has-shadow fusion-flex-justify-content-flex-start fusion-content-layout-column"><div class="fusion-text fusion-text-1" style="--awb-content-alignment:justify;"><p>Desde hace más de una década, Argentina está en una meseta, no logró disminuir la cantidad de casos y muertes. Cada año hay 4.800 casos nuevos y entre 1.300 y 1.400 personas mueren por enfermedades vinculadas al VIH.</p>
<p>La Ley Nacional de Sida N° 23.798 que, en su momento fue una normativa de avanzada, había quedado obsoleta. Desde hace ocho años, todas las organizaciones de personas que viven con VIH venían impulsando una nueva ley de abordaje integral que considere no sólo el aspecto biomédico sino también los determinantes sociales de la salud e incluya también a las hepatitis virales, la tuberculosis y las infecciones de transmisión sexual.</p>
<p>La ley de respuesta integral al VIH, ITS, Hepatitis virales y Tuberculosis fue sancionada el 30 de junio de 2022, es el resultado de un camino de discusión federal que comenzó en 2014 con la participación de organizaciones de la sociedad civil, redes de personas que viven con VIH, el Ministerio de Salud y la comunidad académica.</p>
<p>Además de mantener la atención, tratamiento y suministro de medicación de manera gratuita para todas y todos, la ley contempla otros derechos previsionales, laborales y sociales que apuntan, especialmente, a revertir esos condicionamientos socio-económicos que impiden sostener los tratamientos en el tiempo.</p>
<p>Investigación y desarrollo de tecnologías locales para la producción de medicamentos e insumos que garanticen la sustentabilidad y la defensa de la soberanía sanitaria</p>
<p>La participación activa de las personas con VIH, Hepatitis Virales, otras ITS y Tuberculosis, en la elaboración e implementación de las políticas públicas.</p>
<p>Asistencia integral, universal, gratuita, a las personas expuestas y/o afectadas por el VIH, las Hepatitis Virales, otras ITS y la Tuberculosis en el sector público y privado.</p>
<p>Derecho a recibir un trato digno y respetuoso, sin discriminación de ningún tipo, en todos los ámbitos.</p>
<p>Derecho al resguardo de la confidencialidad, privacidad e intimidad,</p>
<p>Derecho a no declarar el diagnóstico y/o estadio de su infección.</p>
<p>Derechos laborales, educativos, asistenciales, de seguridad social,  sin ningún tipo de discriminación o restricciones en el acceso.</p>
<p>Que todo/a hijo/a nacido de una mujer y/o persona con capacidad de gestar con VIH pueda acceder de manera gratuita a la leche de fórmula y al tratamiento de inhibición de la lactancia durante los primeros dieciocho (18) meses.</p>
<p>Que la prueba sea voluntaria,  gratuita,   confidencial y  universal, para todas personas que la soliciten, con  asesoramiento y vinculación de la persona diagnosticada con el sistema de salud.</p>
<p>Políticas públicas que den respuesta a situaciones de vulnerabilidad social que afecten el  acceso a la alimentación, la salud, el trabajo, la educación y la vivienda de las personas con VIH.</p>
<p>Adaptación de los programas y servicios en función del respeto de la diversidad cultural, de la interculturalidad, de los pueblos y comunidades indígenas y que se garantice su participación.</p>
<p>Un régimen de Jubilación especial para las personas con VIH y/o Hepatitis B y/o C.</p>
<p>Pensión No Contributiva para personas con VIH y/o Hepatitis B y/o C.</p>
</div><div ><a class="fusion-button button-flat fusion-button-default-size button-default fusion-button-default button-1 fusion-button-default-span fusion-button-default-type" target="_blank" rel="noopener noreferrer" href="https://www.comisionporlamemoria.org/vihsibles/wp-content/uploads/sites/16/sites/36/2022/06/ley-vih.pdf"><span class="fusion-button-text awb-button__text awb-button__text--default">Descargar Texto Completo de la Ley</span></a></div></div></div></div></div></p>
